{"id":22439,"date":"2025-07-22T20:01:11","date_gmt":"2025-07-22T18:01:11","guid":{"rendered":"https:\/\/uj.adatbank.ro\/lexikon\/termek\/szocs-sandor-3\/"},"modified":"2025-07-22T20:01:11","modified_gmt":"2025-07-22T18:01:11","slug":"szocs-sandor-3","status":"publish","type":"product","link":"https:\/\/uj.adatbank.ro\/lexikon\/termek\/szocs-sandor-3\/","title":{"rendered":"SZ\u0150CS S\u00e1ndor"},"content":{"rendered":"<p>Kolozsb\u00f3s, 1924. m\u00e1j. 31., \u2020 Mv., 1997. m\u00e1rc. 18.: rajztan\u00e1r, fest\u0151m\u0171v\u00e9sz. \u2013 Feles\u00e9ge M\u00e1rk Mel\u00e1nia tan\u00edt\u00f3n\u0151. B\u00e1nffyhunyadon (1931\u201334) \u00e9s Kv.-on (1934\u201335) j\u00e1rt elemi iskol\u00e1ba, Tord\u00e1n gimn\u00e1ziumba (1935\u201336), Nasz\u00f3don a G. Co\u015fbuc L\u00edc. (1936\u201339), Zilahon a Wessel\u00e9nyi Koll. (1940\u201342), Szil\u00e1gysomly\u00f3n az \u00c1ll. Gimn. tanul\u00f3ja volt (1942\u201344), majd mag\u00e1n\u00faton \u00e9retts\u00e9gizett (1945). A Dun\u00e1nt\u00falon katona (1944), Sz\u00e9kesfeh\u00e9rv\u00e1ron a k\u00f3rh\u00e1zban orosz hadifogoly (1945. \u00e1pr. 1. \u2013 szept.). Kv.-on a BTE k\u00e9mia szak\u00e1n hallgat\u00f3 (1946\u201347) \u00e9s a Ion Andreescu K\u00e9pz\u0151m\u0171v. F\u0151isk.-n szerzett oklevelet (1948\u201354), ahol tan\u00e1rai voltak K\u00e1d\u00e1r Tibor, Kov\u00e1cs Zolt\u00e1n, Mikl\u00f3ssy G\u00e1bor, Mohi S\u00e1ndor. Mv.-en \u00e1ltal\u00e1nos \u2013 ill. k\u00f6z\u00e9piskolai rajztan\u00e1r (1955\u201384); nyugd\u00edjas (1984\u2013). Mv.-en a tartom\u00e1nyi t\u00e1rlaton jelentkezett el\u0151sz\u00f6r alkot\u00e1saival (1955), majd egy\u00e9ni ki\u00e1ll\u00edt\u00e1sa volt (1955, 1969, 1974). A Rom. K\u00e9pz\u0151m\u0171v\u00e9szeti Sz\u00f6vets\u00e9g, \u00e9s a M. K\u00e9pz\u0151- \u00e9s Iparm\u0171v\u00e9szeti Sz\u00f6vets\u00e9g tagja (1958\u2013). Tartom\u00e1nyi ill. megyei \u00e9s orsz\u00e1gos t\u00e1rlatokon \u00e1ll\u00edtott ki (1955\u2013), csoportki\u00e1ll\u00edt\u00e1sokon vett r\u00e9szt a buk.-i Dalles teremben, Kov\u00e1szn\u00e1n. T\u00f6bb k\u00e9pe m\u00fazeumokban (Mv., Sz\u00e9kelykereszt\u00far, Zilah), int\u00e9zm\u00e9nyekben, mag\u00e1ngy\u0171jt\u0151kn\u00e9l (Mv.-en a David Gy. gy\u0171jtem\u00e9ny\u00e9ben), ill. k\u00fclf\u00f6ld\u00f6n: Karlsruhe (N\u00e9meto.), Olaszo., Sv\u00e1jc, Franciao., Mo., Brisbane (Ausztr\u00e1lia) stb. Tal\u00e1lhat\u00f3. \u2013 <strong>F. ki\u00e1ll.:<\/strong> egy\u00e9ni ki\u00e1ll.: Mv. (1955, 1969, 1974-az \u00daj \u00c9let Galeri\u00e1ban), Buk. (1970, 1974); Lugano (1995, 1996); csoportos ki\u00e1ll.: Kv., Buk. (1970); Lugano (1983); Mv. (1955, 1994); Bp. (1995, 2000). <br \/><strong>Irod.:<\/strong> Arck\u00e9pcsarnok (Igaz Sz\u00f3, 1972. 11. sz.); Banner; Barbosa, O.: Dic\u0163ionarul arti\u015ftilor rom\u00e2ni contemporani (Buc., 1976), Katona Szab\u00f3 Istv\u00e1n: Az \u00daj \u00c9let lexikona, 144. (\u00daj \u00c9let, 13. sz. 1976.); KKACs; Mikl\u00f3ssy G\u00e1bor n\u00f6vend\u00e9kei \/ Simon Endre (Bp., 2000); Moln\u00e1r; Nagy Mikl\u00f3s Kund: A sz\u00fcl\u0151f\u00f6ld meleg sz\u00ednei (V. Z., 1988. \u00e1pr. 16.); (nk): Csendben ment el (N\u00fa., M\u00fazsa, 288. sz., 1997. m\u00e1rc. 28.); RepM; RMKK; Szab\u00f3\u2013K\u00e1llai; Todea 2013.<\/br><\/p>\n","protected":false},"excerpt":{"rendered":"<p>Kolozsb\u00f3s, 1924. m\u00e1j. 31., \u2020 Mv., 1997. m\u00e1rc. 18.: rajztan\u00e1r, fest\u0151m\u0171v\u00e9sz. \u2013 Feles\u00e9ge M\u00e1rk Mel\u00e1nia tan\u00edt\u00f3n\u0151. B\u00e1nffyhunyadon (1931\u201334) \u00e9s Kv.-on (1934\u201335) j\u00e1rt elemi iskol\u00e1ba, Tord\u00e1n gimn\u00e1ziumba (1935\u201336), Nasz\u00f3don a G. Co\u015fbuc L\u00edc. (1936\u201339), Zilahon a Wessel\u00e9nyi Koll. (1940\u201342), Szil\u00e1gysomly\u00f3n az \u00c1ll. Gimn. tanul\u00f3ja volt (1942\u201344), majd mag\u00e1n\u00faton \u00e9retts\u00e9gizett (1945). A Dun\u00e1nt\u00falon katona (1944), Sz\u00e9kesfeh\u00e9rv\u00e1ron a [&hellip;]<\/p>\n","protected":false},"featured_media":0,"comment_status":"open","ping_status":"closed","template":"","meta":[],"product_brand":[],"product_cat":[137],"product_tag":[],"class_list":{"0":"post-22439","1":"product","2":"type-product","3":"status-publish","5":"product_cat-maros-megyei-eletrajzi-lexikon","7":"first","8":"instock","9":"shipping-taxable","10":"product-type-simple"},"_links":{"self":[{"href":"https:\/\/uj.adatbank.ro\/lexikon\/wp-json\/wp\/v2\/product\/22439","targetHints":{"allow":["GET"]}}],"collection":[{"href":"https:\/\/uj.adatbank.ro\/lexikon\/wp-json\/wp\/v2\/product"}],"about":[{"href":"https:\/\/uj.adatbank.ro\/lexikon\/wp-json\/wp\/v2\/types\/product"}],"replies":[{"embeddable":true,"href":"https:\/\/uj.adatbank.ro\/lexikon\/wp-json\/wp\/v2\/comments?post=22439"}],"wp:attachment":[{"href":"https:\/\/uj.adatbank.ro\/lexikon\/wp-json\/wp\/v2\/media?parent=22439"}],"wp:term":[{"taxonomy":"product_brand","embeddable":true,"href":"https:\/\/uj.adatbank.ro\/lexikon\/wp-json\/wp\/v2\/product_brand?post=22439"},{"taxonomy":"product_cat","embeddable":true,"href":"https:\/\/uj.adatbank.ro\/lexikon\/wp-json\/wp\/v2\/product_cat?post=22439"},{"taxonomy":"product_tag","embeddable":true,"href":"https:\/\/uj.adatbank.ro\/lexikon\/wp-json\/wp\/v2\/product_tag?post=22439"}],"curies":[{"name":"wp","href":"https:\/\/api.w.org\/{rel}","templated":true}]}}

SZŐCS Sándor

<p>Kolozsbós, 1924. máj. 31., † Mv., 1997. márc. 18.: rajztanár, festőművész. – Felesége Márk Melánia tanítónő. Bánffyhunyadon (1931–34) és Kv.-on (1934–35) járt elemi iskolába, Tordán gimnáziumba (1935–36), Naszódon a G. Coşbuc Líc. (1936–39), Zilahon a Wesselényi Koll. (1940–42), Szilágysomlyón az Áll. Gimn. tanulója volt (1942–44), majd magánúton érettségizett (1945). A Dunántúlon katona (1944), Székesfehérváron a kórházban orosz hadifogoly (1945. ápr. 1. – szept.). Kv.-on a BTE kémia szakán hallgató (1946–47) és a Ion Andreescu Képzőműv. Főisk.-n szerzett oklevelet (1948–54), ahol tanárai voltak Kádár Tibor, Kovács Zoltán, Miklóssy Gábor, Mohi Sándor. Mv.-en általános – ill. középiskolai rajztanár (1955–84); nyugdíjas (1984–). Mv.-en a tartományi tárlaton jelentkezett először alkotásaival (1955), majd egyéni kiállítása volt (1955, 1969, 1974). A Rom. Képzőművészeti Szövetség, és a M. Képző- és Iparművészeti Szövetség tagja (1958–). Tartományi ill. megyei és országos tárlatokon állított ki (1955–), csoportkiállításokon vett részt a buk.-i Dalles teremben, Kovásznán. Több képe múzeumokban (Mv., Székelykeresztúr, Zilah), intézményekben, magángyűjtőknél (Mv.-en a David Gy. gyűjteményében), ill. külföldön: Karlsruhe (Németo.), Olaszo., Svájc, Franciao., Mo., Brisbane (Ausztrália) stb. Található. – <strong>F. kiáll.:</strong> egyéni kiáll.: Mv. (1955, 1969, 1974-az Új Élet Galeriában), Buk. (1970, 1974); Lugano (1995, 1996); csoportos kiáll.: Kv., Buk. (1970); Lugano (1983); Mv. (1955, 1994); Bp. (1995, 2000). <br /><strong>Irod.:</strong> Arcképcsarnok (Igaz Szó, 1972. 11. sz.); Banner; Barbosa, O.: Dicţionarul artiştilor români contemporani (Buc., 1976), Katona Szabó István: Az Új Élet lexikona, 144. (Új Élet, 13. sz. 1976.); KKACs; Miklóssy Gábor növendékei / Simon Endre (Bp., 2000); Molnár; Nagy Miklós Kund: A szülőföld meleg színei (V. Z., 1988. ápr. 16.); (nk): Csendben ment el (Nú., Múzsa, 288. sz., 1997. márc. 28.); RepM; RMKK; Szabó–Kállai; Todea 2013.</br></p>

<p>Kolozsbós, 1924. máj. 31., † Mv., 1997. márc. 18.: rajztanár, festőművész. – Felesége Márk Melánia tanítónő. Bánffyhunyadon (1931–34) és Kv.-on (1934–35) járt elemi iskolába, Tordán gimnáziumba (1935–36), Naszódon a G. Coşbuc Líc. (1936–39), Zilahon a Wesselényi Koll. (1940–42), Szilágysomlyón az Áll. Gimn. tanulója volt (1942–44), majd magánúton érettségizett (1945). A Dunántúlon katona (1944), Székesfehérváron a [&hellip;]</p>
