{"id":22440,"date":"2025-07-22T20:01:13","date_gmt":"2025-07-22T18:01:13","guid":{"rendered":"https:\/\/uj.adatbank.ro\/lexikon\/termek\/szocs-sandorne-mark-melania\/"},"modified":"2025-07-22T20:01:13","modified_gmt":"2025-07-22T18:01:13","slug":"szocs-sandorne-mark-melania","status":"publish","type":"product","link":"https:\/\/uj.adatbank.ro\/lexikon\/termek\/szocs-sandorne-mark-melania\/","title":{"rendered":"SZ\u0150CS S\u00e1ndorn\u00e9, M\u00e1rk Mel\u00e1nia"},"content":{"rendered":"<p>Mv., 1928. j\u00fal. 17., \u2020? Cs\u00edkszered\u00e1ban: tan\u00edt\u00f3. \u2013 Meggyesfalv\u00e1n a ref. elemi iskola (1935\u201336), Mv.-en a Ref. Le\u00e1nygimn\u00e1zium (1936\u201344) \u00e9s a Tan\u00edt\u00f3k\u00e9pz\u0151 tanul\u00f3ja, a M\u0171v\u00e9szeti N\u00e9piskol\u00e1ban szabadk\u00e9zi rajzot tanult (1961\u201363). Tan\u00edtott Sz\u00e9plakon (1947\u201348), Kib\u00e9den (1948\u201350), helyettes tan\u00e1r Mv.-en az 1. sz. (1950\u201352), a 4. sz. \u00e1ltal\u00e1nos iskol\u00e1ban (1952\u201358) \u00e9s ism\u00e9t az 1. sz. iskol\u00e1ban (1958\u201383) rajzot \u00e9s k\u00e9zimunk\u00e1t tan\u00edtott. A megyei Tan\u00fcgyi Igazgat\u00f3s\u00e1g rendez\u00e9s\u00e9ben t\u00f6bbsz\u00f6r \u00e1ll\u00edtott ki k\u00e9zimunk\u00e1kat (1960\u2013). A K\u00e9pz\u0151m\u0171v\u00e9szeti Alap k\u00fcls\u0151 munkat\u00e1rsa volt (1972\u2013). <br \/><strong>Irod.:<\/strong> KKACs; Kusz\u00e1lik.<\/br><\/p>\n","protected":false},"excerpt":{"rendered":"<p>Mv., 1928. j\u00fal. 17., \u2020? Cs\u00edkszered\u00e1ban: tan\u00edt\u00f3. \u2013 Meggyesfalv\u00e1n a ref. elemi iskola (1935\u201336), Mv.-en a Ref. Le\u00e1nygimn\u00e1zium (1936\u201344) \u00e9s a Tan\u00edt\u00f3k\u00e9pz\u0151 tanul\u00f3ja, a M\u0171v\u00e9szeti N\u00e9piskol\u00e1ban szabadk\u00e9zi rajzot tanult (1961\u201363). Tan\u00edtott Sz\u00e9plakon (1947\u201348), Kib\u00e9den (1948\u201350), helyettes tan\u00e1r Mv.-en az 1. sz. (1950\u201352), a 4. sz. \u00e1ltal\u00e1nos iskol\u00e1ban (1952\u201358) \u00e9s ism\u00e9t az 1. sz. iskol\u00e1ban (1958\u201383) [&hellip;]<\/p>\n","protected":false},"featured_media":0,"comment_status":"open","ping_status":"closed","template":"","meta":[],"product_brand":[],"product_cat":[137],"product_tag":[],"class_list":{"0":"post-22440","1":"product","2":"type-product","3":"status-publish","5":"product_cat-maros-megyei-eletrajzi-lexikon","7":"first","8":"instock","9":"shipping-taxable","10":"product-type-simple"},"_links":{"self":[{"href":"https:\/\/uj.adatbank.ro\/lexikon\/wp-json\/wp\/v2\/product\/22440","targetHints":{"allow":["GET"]}}],"collection":[{"href":"https:\/\/uj.adatbank.ro\/lexikon\/wp-json\/wp\/v2\/product"}],"about":[{"href":"https:\/\/uj.adatbank.ro\/lexikon\/wp-json\/wp\/v2\/types\/product"}],"replies":[{"embeddable":true,"href":"https:\/\/uj.adatbank.ro\/lexikon\/wp-json\/wp\/v2\/comments?post=22440"}],"wp:attachment":[{"href":"https:\/\/uj.adatbank.ro\/lexikon\/wp-json\/wp\/v2\/media?parent=22440"}],"wp:term":[{"taxonomy":"product_brand","embeddable":true,"href":"https:\/\/uj.adatbank.ro\/lexikon\/wp-json\/wp\/v2\/product_brand?post=22440"},{"taxonomy":"product_cat","embeddable":true,"href":"https:\/\/uj.adatbank.ro\/lexikon\/wp-json\/wp\/v2\/product_cat?post=22440"},{"taxonomy":"product_tag","embeddable":true,"href":"https:\/\/uj.adatbank.ro\/lexikon\/wp-json\/wp\/v2\/product_tag?post=22440"}],"curies":[{"name":"wp","href":"https:\/\/api.w.org\/{rel}","templated":true}]}}

SZŐCS Sándorné, Márk Melánia

<p>Mv., 1928. júl. 17., †? Csíkszeredában: tanító. – Meggyesfalván a ref. elemi iskola (1935–36), Mv.-en a Ref. Leánygimnázium (1936–44) és a Tanítóképző tanulója, a Művészeti Népiskolában szabadkézi rajzot tanult (1961–63). Tanított Széplakon (1947–48), Kibéden (1948–50), helyettes tanár Mv.-en az 1. sz. (1950–52), a 4. sz. általános iskolában (1952–58) és ismét az 1. sz. iskolában (1958–83) rajzot és kézimunkát tanított. A megyei Tanügyi Igazgatóság rendezésében többször állított ki kézimunkákat (1960–). A Képzőművészeti Alap külső munkatársa volt (1972–). <br /><strong>Irod.:</strong> KKACs; Kuszálik.</br></p>

<p>Mv., 1928. júl. 17., †? Csíkszeredában: tanító. – Meggyesfalván a ref. elemi iskola (1935–36), Mv.-en a Ref. Leánygimnázium (1936–44) és a Tanítóképző tanulója, a Művészeti Népiskolában szabadkézi rajzot tanult (1961–63). Tanított Széplakon (1947–48), Kibéden (1948–50), helyettes tanár Mv.-en az 1. sz. (1950–52), a 4. sz. általános iskolában (1952–58) és ismét az 1. sz. iskolában (1958–83) [&hellip;]</p>
