{"id":22442,"date":"2025-07-22T20:01:18","date_gmt":"2025-07-22T18:01:18","guid":{"rendered":"https:\/\/uj.adatbank.ro\/lexikon\/termek\/szocs-zsigmond-szucs\/"},"modified":"2025-07-22T20:01:18","modified_gmt":"2025-07-22T18:01:18","slug":"szocs-zsigmond-szucs","status":"publish","type":"product","link":"https:\/\/uj.adatbank.ro\/lexikon\/termek\/szocs-zsigmond-szucs\/","title":{"rendered":"SZ\u0150CS Zsigmond, Sz\u0171cs"},"content":{"rendered":"<p>? \u2020?: sz\u0171cs, f\u0151b\u00edr\u00f3. \u2013 A Sz\u0171cs c\u00e9h tagja (1657), Mv.-en esk\u00fcdt polg\u00e1r (1647, 1651, 1654, 1657, 1667), f\u0151b\u00edr\u00f3 (1672). <br \/><strong>Irod.:<\/strong> Id\u0151t\u00e1r 1; Marossz\u00e9ki kr\u00f3nik\u00e1k 1; P\u00e1l-Antal 2006; Sebesty\u00e9n Mih\u00e1ly 1995.<\/br><\/p>\n","protected":false},"excerpt":{"rendered":"<p>? \u2020?: sz\u0171cs, f\u0151b\u00edr\u00f3. \u2013 A Sz\u0171cs c\u00e9h tagja (1657), Mv.-en esk\u00fcdt polg\u00e1r (1647, 1651, 1654, 1657, 1667), f\u0151b\u00edr\u00f3 (1672). Irod.: Id\u0151t\u00e1r 1; Marossz\u00e9ki kr\u00f3nik\u00e1k 1; P\u00e1l-Antal 2006; Sebesty\u00e9n Mih\u00e1ly 1995.<\/p>\n","protected":false},"featured_media":0,"comment_status":"open","ping_status":"closed","template":"","meta":[],"product_brand":[],"product_cat":[137],"product_tag":[],"class_list":{"0":"post-22442","1":"product","2":"type-product","3":"status-publish","5":"product_cat-maros-megyei-eletrajzi-lexikon","7":"first","8":"instock","9":"shipping-taxable","10":"product-type-simple"},"_links":{"self":[{"href":"https:\/\/uj.adatbank.ro\/lexikon\/wp-json\/wp\/v2\/product\/22442","targetHints":{"allow":["GET"]}}],"collection":[{"href":"https:\/\/uj.adatbank.ro\/lexikon\/wp-json\/wp\/v2\/product"}],"about":[{"href":"https:\/\/uj.adatbank.ro\/lexikon\/wp-json\/wp\/v2\/types\/product"}],"replies":[{"embeddable":true,"href":"https:\/\/uj.adatbank.ro\/lexikon\/wp-json\/wp\/v2\/comments?post=22442"}],"wp:attachment":[{"href":"https:\/\/uj.adatbank.ro\/lexikon\/wp-json\/wp\/v2\/media?parent=22442"}],"wp:term":[{"taxonomy":"product_brand","embeddable":true,"href":"https:\/\/uj.adatbank.ro\/lexikon\/wp-json\/wp\/v2\/product_brand?post=22442"},{"taxonomy":"product_cat","embeddable":true,"href":"https:\/\/uj.adatbank.ro\/lexikon\/wp-json\/wp\/v2\/product_cat?post=22442"},{"taxonomy":"product_tag","embeddable":true,"href":"https:\/\/uj.adatbank.ro\/lexikon\/wp-json\/wp\/v2\/product_tag?post=22442"}],"curies":[{"name":"wp","href":"https:\/\/api.w.org\/{rel}","templated":true}]}}