{"id":22443,"date":"2025-07-22T20:01:20","date_gmt":"2025-07-22T18:01:20","guid":{"rendered":"https:\/\/uj.adatbank.ro\/lexikon\/termek\/szofer-mano-menachem-%c2%a7\/"},"modified":"2025-07-22T20:01:20","modified_gmt":"2025-07-22T18:01:20","slug":"szofer-mano-menachem-%c2%a7","status":"publish","type":"product","link":"https:\/\/uj.adatbank.ro\/lexikon\/termek\/szofer-mano-menachem-%c2%a7\/","title":{"rendered":"SZ\u00d3FER Man\u00f3-Men\u00e1chem, \u00a7"},"content":{"rendered":"<p>1880., \u2020?: rabbi. \u2013 Fia: Sz\u00f3fer S\u00e1muel, k\u00e9t le\u00e1nya is volt. \u2013 A mv.-i ortodox hitk\u00f6zs\u00e9g utols\u00f3 f\u0151rabbija (1918\u201344). Az ort. Talmud-Tora Iskola igazgat\u00f3ja (1921) megszervezte a gyermekek tan\u00edt\u00e1s\u00e1nak \u00faj rendj\u00e9t, fejl\u0151d\u00e9snek indult a talmudisztikus nevel\u00e9s. Szorgalmazta a Kn\u00f6pfler Vilmos utcai ortodox zsid\u00f3 templom \u00e9p\u00edt\u00e9s\u00e9t (1927\u201328). A mv.-i zsid\u00f3tan\u00e1cs tagja (1944). Mv.-r\u0151l a feles\u00e9g\u00e9vel (1890\u2013) egy\u00fctt deport\u00e1lt\u00e1k (1944. m\u00e1j. 29.). <br \/><strong>Irod.:<\/strong> Id\u0151t\u00e1r 2; Id\u0151t\u00e1r 3; Mv. zsid\u00f3s\u00e1ga; Sebesty\u00e9n Mih\u00e1ly 2000; Sebesty\u00e9n Mih\u00e1ly \u2013 Diamanstein Gy\u00f6rgy: Egy els\u00fcllyedt vil\u00e1g \u00e9breszt\u00e9se = Eml\u00e9kk. Szab\u00f3 Mikl\u00f3s.<\/br><\/p>\n","protected":false},"excerpt":{"rendered":"<p>1880., \u2020?: rabbi. \u2013 Fia: Sz\u00f3fer S\u00e1muel, k\u00e9t le\u00e1nya is volt. \u2013 A mv.-i ortodox hitk\u00f6zs\u00e9g utols\u00f3 f\u0151rabbija (1918\u201344). Az ort. Talmud-Tora Iskola igazgat\u00f3ja (1921) megszervezte a gyermekek tan\u00edt\u00e1s\u00e1nak \u00faj rendj\u00e9t, fejl\u0151d\u00e9snek indult a talmudisztikus nevel\u00e9s. Szorgalmazta a Kn\u00f6pfler Vilmos utcai ortodox zsid\u00f3 templom \u00e9p\u00edt\u00e9s\u00e9t (1927\u201328). A mv.-i zsid\u00f3tan\u00e1cs tagja (1944). Mv.-r\u0151l a feles\u00e9g\u00e9vel (1890\u2013) [&hellip;]<\/p>\n","protected":false},"featured_media":0,"comment_status":"open","ping_status":"closed","template":"","meta":[],"product_brand":[],"product_cat":[137],"product_tag":[],"class_list":{"0":"post-22443","1":"product","2":"type-product","3":"status-publish","5":"product_cat-maros-megyei-eletrajzi-lexikon","7":"first","8":"instock","9":"shipping-taxable","10":"product-type-simple"},"_links":{"self":[{"href":"https:\/\/uj.adatbank.ro\/lexikon\/wp-json\/wp\/v2\/product\/22443","targetHints":{"allow":["GET"]}}],"collection":[{"href":"https:\/\/uj.adatbank.ro\/lexikon\/wp-json\/wp\/v2\/product"}],"about":[{"href":"https:\/\/uj.adatbank.ro\/lexikon\/wp-json\/wp\/v2\/types\/product"}],"replies":[{"embeddable":true,"href":"https:\/\/uj.adatbank.ro\/lexikon\/wp-json\/wp\/v2\/comments?post=22443"}],"wp:attachment":[{"href":"https:\/\/uj.adatbank.ro\/lexikon\/wp-json\/wp\/v2\/media?parent=22443"}],"wp:term":[{"taxonomy":"product_brand","embeddable":true,"href":"https:\/\/uj.adatbank.ro\/lexikon\/wp-json\/wp\/v2\/product_brand?post=22443"},{"taxonomy":"product_cat","embeddable":true,"href":"https:\/\/uj.adatbank.ro\/lexikon\/wp-json\/wp\/v2\/product_cat?post=22443"},{"taxonomy":"product_tag","embeddable":true,"href":"https:\/\/uj.adatbank.ro\/lexikon\/wp-json\/wp\/v2\/product_tag?post=22443"}],"curies":[{"name":"wp","href":"https:\/\/api.w.org\/{rel}","templated":true}]}}

SZÓFER Manó-Menáchem, §

<p>1880., †?: rabbi. – Fia: Szófer Sámuel, két leánya is volt. – A mv.-i ortodox hitközség utolsó főrabbija (1918–44). Az ort. Talmud-Tora Iskola igazgatója (1921) megszervezte a gyermekek tanításának új rendjét, fejlődésnek indult a talmudisztikus nevelés. Szorgalmazta a Knöpfler Vilmos utcai ortodox zsidó templom építését (1927–28). A mv.-i zsidótanács tagja (1944). Mv.-ről a feleségével (1890–) együtt deportálták (1944. máj. 29.). <br /><strong>Irod.:</strong> Időtár 2; Időtár 3; Mv. zsidósága; Sebestyén Mihály 2000; Sebestyén Mihály – Diamanstein György: Egy elsüllyedt világ ébresztése = Emlékk. Szabó Miklós.</br></p>

<p>1880., †?: rabbi. – Fia: Szófer Sámuel, két leánya is volt. – A mv.-i ortodox hitközség utolsó főrabbija (1918–44). Az ort. Talmud-Tora Iskola igazgatója (1921) megszervezte a gyermekek tanításának új rendjét, fejlődésnek indult a talmudisztikus nevelés. Szorgalmazta a Knöpfler Vilmos utcai ortodox zsidó templom építését (1927–28). A mv.-i zsidótanács tagja (1944). Mv.-ről a feleségével (1890–) [&hellip;]</p>
