{"id":22450,"date":"2025-07-22T20:01:36","date_gmt":"2025-07-22T18:01:36","guid":{"rendered":"https:\/\/uj.adatbank.ro\/lexikon\/termek\/szoke-jozsef-%c2%a7-magyarosi-magyarosi-szoke-jozsef\/"},"modified":"2025-07-22T20:01:36","modified_gmt":"2025-07-22T18:01:36","slug":"szoke-jozsef-%c2%a7-magyarosi-magyarosi-szoke-jozsef","status":"publish","type":"product","link":"https:\/\/uj.adatbank.ro\/lexikon\/termek\/szoke-jozsef-%c2%a7-magyarosi-magyarosi-szoke-jozsef\/","title":{"rendered":"SZ\u0150KE J\u00f3zsef, \u00a7 magyar\u00f3si, Magyar\u00f3si Sz\u0151ke J\u00f3zsef"},"content":{"rendered":"<p>Csejd, 1793. \u00e1pr. 19., \u2020 Sz\u00e9kelyudvarhely, 1866. szept. 29.: tan\u00e1r. \u2013 Tanulm\u00e1nyait a mv.-i Ref. Koll.-ban (1802\u2013) v\u00e9gezte, k\u00e9t \u00e9vet a marburgi egyetemen b\u00f6lcseleti \u00e9s teol\u00f3giai tanulm\u00e1nyokat v\u00e9gzett (1819\u201320). Kisb\u00fanon gr. Bethlen S\u00e1ndorn\u00e1l h\u00e1zi nevel\u0151, majd ugyanott pap lett. Onnan h\u00edvt\u00e1k tan\u00e1rnak Sz\u00e9kelyudvarhelyre a Ref. Koll.-ba (1832\u201366), ahol b\u00f6lcseletet, l\u00e9lektant, anat\u00f3mi\u00e1t, r\u00e9g\u00e9szetet, latin \u00e9s g\u00f6r\u00f6g nyelvet tan\u00edtott, rektor is volt (1836\u201338, 1840\u201348). Az iskolai t\u00f6rv\u00e9nyeket, ut\u00f3dai haszn\u00e1lat\u00e1ra, k\u00f6nyvbe foglalta; az ifj\u00fas\u00e1gi zenekart \u00fajb\u00f3l fel\u00e1ll\u00edtotta s a zenetan\u00edt\u00f3 fizet\u00e9s\u00e9re alap\u00edtv\u00e1nyt tett. \u00c1ldozatk\u00e9szs\u00e9g\u00e9t a kebli tan\u00e1ri nyugd\u00edj-alap l\u00e9trehoz\u00e1sa bizony\u00edtja. \u00cdr\u00f3i munk\u00e1i: versek, \u00f3d\u00e1k, lantos \u00e9nekek, dr\u00e1maford\u00edt\u00e1sok, saj\u00e1t sz\u00ednm\u0171vek. Vagyon\u00e1t (egy tan\u00e1ri lakhelyet, a koll\u00e9giumi Magyarosi kertet, mely t\u00f6bb mint 8\u201310 ezer frtot k\u00e9pviselt), a Sz\u00e9kelyudvarhelyi ref. iskol\u00e1nak hagyta; k\u00f6nyveit pedig a mv.-i ref. f\u0151iskol\u00e1nak adom\u00e1nyozta. A sz\u00e9kelyudvarhelyi iskolai el\u00f6lj\u00e1r\u00f3s\u00e1g eml\u00e9k\u00e9re (1888), az \u00e1ltala hagyom\u00e1nyozott koll.-kert k\u00f6zep\u00e9n egy trachit oszlopot \u00e1ll\u00edttatott fel, az \u00e1llamos\u00edt\u00e1s ut\u00e1n (1948) elt\u0171nt az eml\u00e9koszlop. \u2013 F.m: Lujza. A m\u00e9g \u00e1rtatlanul, de melegen \u00e9rz\u0151 ifjak \u00e9s le\u00e1nyok sz\u00e1m\u00e1ra. (Maros-V\u00e1s\u00e1rhely, 1830.); Magyar\u00f3si Sz\u0151ke J\u00f3zsef po\u00e9tai munk\u00e1i (Mv., 1830); \u00d3d\u00e1k. (Mv., 1830.); Magyarok. Lantos-hist\u00f3riai \u00e9nekek. (Mv., 1830.); Iba \u00e9s Szelima. Szomor\u00faj\u00e1t\u00e9k 5 felv. (Mv., 1831.); T\u00e1nczvigalom \u00e9s hang\u00e1szat. K\u00f6ltem\u00e9ny III czikben. (Mv., 1847.) (A kollegiumi zenekar \u00fajra alakul\u00e1sa alkalm\u00e1b\u00f3l); Lantos k\u00f6ltem\u00e9nyek. (Brass\u00f3, 1865.); K\u00f6lt\u0151i levelek. (Sz\u00e9kely-Udvarhely, 1871.); <strong>K\u00e9ziratban:<\/strong> Theokritos 11-ik Idilliuma. Kyklops. Ford. (1848.); B\u00e1l\u00e1mber, szomor\u00faj\u00e1t\u00e9k 5 felv. (1849), Egyh\u00e1zi versk\u00f6ltem\u00e9nyek (A sz\u00e9kelyudvarhelyi koll. K\u00f6nyvt\u00e1rban). <br \/><strong>Irod.:<\/strong> Csejd \u2013T\u00f3falva; Farkas Wellmann \u00c9va: \u201eNemzeti anyanyelv\u00fcnknek e k\u00f3rb\u00f3l v\u00f3lt \u00e1ll\u00e1s\u00e1r\u00f3l\u201d: Egy k\u00e9ziratban maradt dr\u00e1ma. M. Sz. J.: B\u00e1l\u00e1mber = Marosszentgy\u00f6rg; Id\u0151t\u00e1r 1; Kr\u00f3n. F\u00fcz. (1939,4\/ 7); Nemes Gyula: 145 \u00e9ve hunyt el Magyar\u00f3si Sz. J. (\u00d6r\u00f6ks\u00e9g\u00fcnk, 3. sz., 2011.); Nemes Gyula: Magyarosi Sz. J. (1793\u20131866) eml\u00e9k\u00e9re (N\u00fa., Sz\u00ednes Vil\u00e1g, 2011. aug. 27.); \u00d6tv\u00f6s; Szinnyei.<\/br><\/p>\n","protected":false},"excerpt":{"rendered":"<p>Csejd, 1793. \u00e1pr. 19., \u2020 Sz\u00e9kelyudvarhely, 1866. szept. 29.: tan\u00e1r. \u2013 Tanulm\u00e1nyait a mv.-i Ref. Koll.-ban (1802\u2013) v\u00e9gezte, k\u00e9t \u00e9vet a marburgi egyetemen b\u00f6lcseleti \u00e9s teol\u00f3giai tanulm\u00e1nyokat v\u00e9gzett (1819\u201320). Kisb\u00fanon gr. Bethlen S\u00e1ndorn\u00e1l h\u00e1zi nevel\u0151, majd ugyanott pap lett. Onnan h\u00edvt\u00e1k tan\u00e1rnak Sz\u00e9kelyudvarhelyre a Ref. Koll.-ba (1832\u201366), ahol b\u00f6lcseletet, l\u00e9lektant, anat\u00f3mi\u00e1t, r\u00e9g\u00e9szetet, latin \u00e9s g\u00f6r\u00f6g [&hellip;]<\/p>\n","protected":false},"featured_media":0,"comment_status":"open","ping_status":"closed","template":"","meta":[],"product_brand":[],"product_cat":[137],"product_tag":[],"class_list":{"0":"post-22450","1":"product","2":"type-product","3":"status-publish","5":"product_cat-maros-megyei-eletrajzi-lexikon","7":"first","8":"instock","9":"shipping-taxable","10":"product-type-simple"},"_links":{"self":[{"href":"https:\/\/uj.adatbank.ro\/lexikon\/wp-json\/wp\/v2\/product\/22450","targetHints":{"allow":["GET"]}}],"collection":[{"href":"https:\/\/uj.adatbank.ro\/lexikon\/wp-json\/wp\/v2\/product"}],"about":[{"href":"https:\/\/uj.adatbank.ro\/lexikon\/wp-json\/wp\/v2\/types\/product"}],"replies":[{"embeddable":true,"href":"https:\/\/uj.adatbank.ro\/lexikon\/wp-json\/wp\/v2\/comments?post=22450"}],"wp:attachment":[{"href":"https:\/\/uj.adatbank.ro\/lexikon\/wp-json\/wp\/v2\/media?parent=22450"}],"wp:term":[{"taxonomy":"product_brand","embeddable":true,"href":"https:\/\/uj.adatbank.ro\/lexikon\/wp-json\/wp\/v2\/product_brand?post=22450"},{"taxonomy":"product_cat","embeddable":true,"href":"https:\/\/uj.adatbank.ro\/lexikon\/wp-json\/wp\/v2\/product_cat?post=22450"},{"taxonomy":"product_tag","embeddable":true,"href":"https:\/\/uj.adatbank.ro\/lexikon\/wp-json\/wp\/v2\/product_tag?post=22450"}],"curies":[{"name":"wp","href":"https:\/\/api.w.org\/{rel}","templated":true}]}}

SZŐKE József, § magyarósi, Magyarósi Szőke József

<p>Csejd, 1793. ápr. 19., † Székelyudvarhely, 1866. szept. 29.: tanár. – Tanulmányait a mv.-i Ref. Koll.-ban (1802–) végezte, két évet a marburgi egyetemen bölcseleti és teológiai tanulmányokat végzett (1819–20). Kisbúnon gr. Bethlen Sándornál házi nevelő, majd ugyanott pap lett. Onnan hívták tanárnak Székelyudvarhelyre a Ref. Koll.-ba (1832–66), ahol bölcseletet, lélektant, anatómiát, régészetet, latin és görög nyelvet tanított, rektor is volt (1836–38, 1840–48). Az iskolai törvényeket, utódai használatára, könyvbe foglalta; az ifjúsági zenekart újból felállította s a zenetanító fizetésére alapítványt tett. Áldozatkészségét a kebli tanári nyugdíj-alap létrehozása bizonyítja. Írói munkái: versek, ódák, lantos énekek, drámafordítások, saját színművek. Vagyonát (egy tanári lakhelyet, a kollégiumi Magyarosi kertet, mely több mint 8–10 ezer frtot képviselt), a Székelyudvarhelyi ref. iskolának hagyta; könyveit pedig a mv.-i ref. főiskolának adományozta. A székelyudvarhelyi iskolai elöljáróság emlékére (1888), az általa hagyományozott koll.-kert közepén egy trachit oszlopot állíttatott fel, az államosítás után (1948) eltűnt az emlékoszlop. – F.m: Lujza. A még ártatlanul, de melegen érző ifjak és leányok számára. (Maros-Vásárhely, 1830.); Magyarósi Szőke József poétai munkái (Mv., 1830); Ódák. (Mv., 1830.); Magyarok. Lantos-históriai énekek. (Mv., 1830.); Iba és Szelima. Szomorújáték 5 felv. (Mv., 1831.); Tánczvigalom és hangászat. Költemény III czikben. (Mv., 1847.) (A kollegiumi zenekar újra alakulása alkalmából); Lantos költemények. (Brassó, 1865.); Költői levelek. (Székely-Udvarhely, 1871.); <strong>Kéziratban:</strong> Theokritos 11-ik Idilliuma. Kyklops. Ford. (1848.); Bálámber, szomorújáték 5 felv. (1849), Egyházi versköltemények (A székelyudvarhelyi koll. Könyvtárban). <br /><strong>Irod.:</strong> Csejd –Tófalva; Farkas Wellmann Éva: „Nemzeti anyanyelvünknek e kórból vólt állásáról”: Egy kéziratban maradt dráma. M. Sz. J.: Bálámber = Marosszentgyörg; Időtár 1; Krón. Füz. (1939,4/ 7); Nemes Gyula: 145 éve hunyt el Magyarósi Sz. J. (Örökségünk, 3. sz., 2011.); Nemes Gyula: Magyarosi Sz. J. (1793–1866) emlékére (Nú., Színes Világ, 2011. aug. 27.); Ötvös; Szinnyei.</br></p>

<p>Csejd, 1793. ápr. 19., † Székelyudvarhely, 1866. szept. 29.: tanár. – Tanulmányait a mv.-i Ref. Koll.-ban (1802–) végezte, két évet a marburgi egyetemen bölcseleti és teológiai tanulmányokat végzett (1819–20). Kisbúnon gr. Bethlen Sándornál házi nevelő, majd ugyanott pap lett. Onnan hívták tanárnak Székelyudvarhelyre a Ref. Koll.-ba (1832–66), ahol bölcseletet, lélektant, anatómiát, régészetet, latin és görög [&hellip;]</p>
