{"id":22451,"date":"2025-07-22T20:01:38","date_gmt":"2025-07-22T18:01:38","guid":{"rendered":"https:\/\/uj.adatbank.ro\/lexikon\/termek\/szoke-karoly-magyarosi\/"},"modified":"2025-07-22T20:01:38","modified_gmt":"2025-07-22T18:01:38","slug":"szoke-karoly-magyarosi","status":"publish","type":"product","link":"https:\/\/uj.adatbank.ro\/lexikon\/termek\/szoke-karoly-magyarosi\/","title":{"rendered":"SZ\u0150KE K\u00e1roly, magyarosi"},"content":{"rendered":"<p>1835., \u2020\u00a0Mv., 1861. dec. 11.: tan\u00edt\u00f3. \u2013 Apja: magyar\u00f3si Sz. S\u00e1muel. Testv\u00e9rei: J\u00f3zsef, K\u00e1rolina, Katalin, Domokos. A mv.-i ref. f\u0151tanoda oszt\u00e1lytan\u00edt\u00f3ja, papjel\u00f6lt. <br \/><strong>Irod.:<\/strong> Gy\u00e1szjelent\u0151.<\/br><\/p>\n","protected":false},"excerpt":{"rendered":"<p>1835., \u2020\u00a0Mv., 1861. dec. 11.: tan\u00edt\u00f3. \u2013 Apja: magyar\u00f3si Sz. S\u00e1muel. Testv\u00e9rei: J\u00f3zsef, K\u00e1rolina, Katalin, Domokos. A mv.-i ref. f\u0151tanoda oszt\u00e1lytan\u00edt\u00f3ja, papjel\u00f6lt. Irod.: Gy\u00e1szjelent\u0151.<\/p>\n","protected":false},"featured_media":0,"comment_status":"open","ping_status":"closed","template":"","meta":[],"product_brand":[],"product_cat":[137],"product_tag":[],"class_list":{"0":"post-22451","1":"product","2":"type-product","3":"status-publish","5":"product_cat-maros-megyei-eletrajzi-lexikon","7":"first","8":"instock","9":"shipping-taxable","10":"product-type-simple"},"_links":{"self":[{"href":"https:\/\/uj.adatbank.ro\/lexikon\/wp-json\/wp\/v2\/product\/22451","targetHints":{"allow":["GET"]}}],"collection":[{"href":"https:\/\/uj.adatbank.ro\/lexikon\/wp-json\/wp\/v2\/product"}],"about":[{"href":"https:\/\/uj.adatbank.ro\/lexikon\/wp-json\/wp\/v2\/types\/product"}],"replies":[{"embeddable":true,"href":"https:\/\/uj.adatbank.ro\/lexikon\/wp-json\/wp\/v2\/comments?post=22451"}],"wp:attachment":[{"href":"https:\/\/uj.adatbank.ro\/lexikon\/wp-json\/wp\/v2\/media?parent=22451"}],"wp:term":[{"taxonomy":"product_brand","embeddable":true,"href":"https:\/\/uj.adatbank.ro\/lexikon\/wp-json\/wp\/v2\/product_brand?post=22451"},{"taxonomy":"product_cat","embeddable":true,"href":"https:\/\/uj.adatbank.ro\/lexikon\/wp-json\/wp\/v2\/product_cat?post=22451"},{"taxonomy":"product_tag","embeddable":true,"href":"https:\/\/uj.adatbank.ro\/lexikon\/wp-json\/wp\/v2\/product_tag?post=22451"}],"curies":[{"name":"wp","href":"https:\/\/api.w.org\/{rel}","templated":true}]}}