{"id":22452,"date":"2025-07-22T20:01:40","date_gmt":"2025-07-22T18:01:40","guid":{"rendered":"https:\/\/uj.adatbank.ro\/lexikon\/termek\/szoke-laszlo\/"},"modified":"2025-07-22T20:01:40","modified_gmt":"2025-07-22T18:01:40","slug":"szoke-laszlo","status":"publish","type":"product","link":"https:\/\/uj.adatbank.ro\/lexikon\/termek\/szoke-laszlo\/","title":{"rendered":"SZ\u0150KE L\u00e1szl\u00f3"},"content":{"rendered":"<p>Mv., 1924. nov. 23., \u2020 Mv., 1997. dec. 21.: ref. lelk\u00e9sz. \u2013 Teol\u00f3gi\u00e1t v\u00e9gzett, \u00e9s ref. lelk\u00e9sz Ludv\u00e9gen. Letart\u00f3ztatt\u00e1k mint evangelist\u00e1t azaz laikus igehirdet\u0151t (1958. m\u00e1j. 29.), azzal v\u00e1dolt\u00e1k, hogy a CE-sz\u00f6vets\u00e9g tagja. 15 \u00e9v b\u00f6rt\u00f6nb\u00fcntet\u00e9sre, k\u00e9nyszermunk\u00e1ra \u00edt\u00e9lt\u00e9k (1958. aug. 5.). Mv.-r\u0151l Szamos\u00fajv\u00e1rra, 1960-t\u00f3l a Br\u0103ilai Nagyszigetre, Stroene\u0219ti, Salcia, Luciu-Giurgeni k\u00e9nyszermunkat\u00e1boraiba ker\u00fclt, hast\u00edfusszal a konstancai k\u00f3rh\u00e1zban kezelt\u00e9k, majd \u00fajra Szamos\u00fajv\u00e1ron volt, a b\u00f6rt\u00f6nh\u00f6z tartoz\u00f3 b\u00fatorgy\u00e1r k\u00e1rpitos r\u00e9szleg\u00e9n dolgozott. Innen kiengedt\u00e9k (1964. j\u00fal. 29.). Gy\u00e1ri munk\u00e1s Mv.-en, k\u00e1rpitos, f\u00e9mforg\u00e1csol\u00f3. K\u00e9s\u0151bb lelk\u00e9sz Hagym\u00e1sbodonban, majd \u00c1d\u00e1moson (1970 \u2013 nyugd\u00edjaz\u00e1s\u00e1ig), k\u00f6zben b\u00f6rt\u00f6nlelk\u00e9sz, majd K\u00e1rp\u00e1talj\u00e1n is szolg\u00e1lt. <br \/><strong>Irod.:<\/strong> 1956 Erd\u00e9lyben; \u00c1ldozatok; Bottoni 2006; [Nekrol\u00f3g] (N\u00fa., 1997. dec. 23); P\u00e1l-Antal 2013.<\/br><\/p>\n","protected":false},"excerpt":{"rendered":"<p>Mv., 1924. nov. 23., \u2020 Mv., 1997. dec. 21.: ref. lelk\u00e9sz. \u2013 Teol\u00f3gi\u00e1t v\u00e9gzett, \u00e9s ref. lelk\u00e9sz Ludv\u00e9gen. Letart\u00f3ztatt\u00e1k mint evangelist\u00e1t azaz laikus igehirdet\u0151t (1958. m\u00e1j. 29.), azzal v\u00e1dolt\u00e1k, hogy a CE-sz\u00f6vets\u00e9g tagja. 15 \u00e9v b\u00f6rt\u00f6nb\u00fcntet\u00e9sre, k\u00e9nyszermunk\u00e1ra \u00edt\u00e9lt\u00e9k (1958. aug. 5.). Mv.-r\u0151l Szamos\u00fajv\u00e1rra, 1960-t\u00f3l a Br\u0103ilai Nagyszigetre, Stroene\u0219ti, Salcia, Luciu-Giurgeni k\u00e9nyszermunkat\u00e1boraiba ker\u00fclt, hast\u00edfusszal a konstancai [&hellip;]<\/p>\n","protected":false},"featured_media":0,"comment_status":"open","ping_status":"closed","template":"","meta":[],"product_brand":[],"product_cat":[137],"product_tag":[],"class_list":{"0":"post-22452","1":"product","2":"type-product","3":"status-publish","5":"product_cat-maros-megyei-eletrajzi-lexikon","7":"first","8":"instock","9":"shipping-taxable","10":"product-type-simple"},"_links":{"self":[{"href":"https:\/\/uj.adatbank.ro\/lexikon\/wp-json\/wp\/v2\/product\/22452","targetHints":{"allow":["GET"]}}],"collection":[{"href":"https:\/\/uj.adatbank.ro\/lexikon\/wp-json\/wp\/v2\/product"}],"about":[{"href":"https:\/\/uj.adatbank.ro\/lexikon\/wp-json\/wp\/v2\/types\/product"}],"replies":[{"embeddable":true,"href":"https:\/\/uj.adatbank.ro\/lexikon\/wp-json\/wp\/v2\/comments?post=22452"}],"wp:attachment":[{"href":"https:\/\/uj.adatbank.ro\/lexikon\/wp-json\/wp\/v2\/media?parent=22452"}],"wp:term":[{"taxonomy":"product_brand","embeddable":true,"href":"https:\/\/uj.adatbank.ro\/lexikon\/wp-json\/wp\/v2\/product_brand?post=22452"},{"taxonomy":"product_cat","embeddable":true,"href":"https:\/\/uj.adatbank.ro\/lexikon\/wp-json\/wp\/v2\/product_cat?post=22452"},{"taxonomy":"product_tag","embeddable":true,"href":"https:\/\/uj.adatbank.ro\/lexikon\/wp-json\/wp\/v2\/product_tag?post=22452"}],"curies":[{"name":"wp","href":"https:\/\/api.w.org\/{rel}","templated":true}]}}

SZŐKE László

<p>Mv., 1924. nov. 23., † Mv., 1997. dec. 21.: ref. lelkész. – Teológiát végzett, és ref. lelkész Ludvégen. Letartóztatták mint evangelistát azaz laikus igehirdetőt (1958. máj. 29.), azzal vádolták, hogy a CE-szövetség tagja. 15 év börtönbüntetésre, kényszermunkára ítélték (1958. aug. 5.). Mv.-ről Szamosújvárra, 1960-tól a Brăilai Nagyszigetre, Stroenești, Salcia, Luciu-Giurgeni kényszermunkatáboraiba került, hastífusszal a konstancai kórházban kezelték, majd újra Szamosújváron volt, a börtönhöz tartozó bútorgyár kárpitos részlegén dolgozott. Innen kiengedték (1964. júl. 29.). Gyári munkás Mv.-en, kárpitos, fémforgácsoló. Később lelkész Hagymásbodonban, majd Ádámoson (1970 – nyugdíjazásáig), közben börtönlelkész, majd Kárpátalján is szolgált. <br /><strong>Irod.:</strong> 1956 Erdélyben; Áldozatok; Bottoni 2006; [Nekrológ] (Nú., 1997. dec. 23); Pál-Antal 2013.</br></p>

<p>Mv., 1924. nov. 23., † Mv., 1997. dec. 21.: ref. lelkész. – Teológiát végzett, és ref. lelkész Ludvégen. Letartóztatták mint evangelistát azaz laikus igehirdetőt (1958. máj. 29.), azzal vádolták, hogy a CE-szövetség tagja. 15 év börtönbüntetésre, kényszermunkára ítélték (1958. aug. 5.). Mv.-ről Szamosújvárra, 1960-tól a Brăilai Nagyszigetre, Stroenești, Salcia, Luciu-Giurgeni kényszermunkatáboraiba került, hastífusszal a konstancai [&hellip;]</p>
