{"id":22471,"date":"2025-07-22T20:02:21","date_gmt":"2025-07-22T18:02:21","guid":{"rendered":"https:\/\/uj.adatbank.ro\/lexikon\/termek\/szollosi-arpad-2\/"},"modified":"2025-07-22T20:02:21","modified_gmt":"2025-07-22T18:02:21","slug":"szollosi-arpad-2","status":"publish","type":"product","link":"https:\/\/uj.adatbank.ro\/lexikon\/termek\/szollosi-arpad-2\/","title":{"rendered":"SZ\u00d6LL\u0150SI \u00c1rp\u00e1d"},"content":{"rendered":"<p>Maross\u00e1rpatak, 1924. dec. 18., \u2020?: orvos. \u2013 Feles\u00e9ge: P\u00e1pay Zsuzs\u00e1nna, k\u00f6nyvt\u00e1ros. \u2013 A k\u00f6z\u00e9piskol\u00e1t Mv.-en a Bolyai Farkas L\u00edc.-ban (1950), az egyetemet a MOGYI-n (1956) v\u00e9gezte \u00c1ltal\u00e1nos orvosi szakon; doktor\u00e1lt (1972). Orvosi p\u00e1ly\u00e1j\u00e1t Mv.-en kezdte (1956\u201357), majd Vulcan-ra ker\u00fclt (1957\u201360); a MOGYI-n gyakornok (1960\u201364), tan\u00e1rseg\u00e9d a K\u00f6zeg\u00e9szs\u00e9g\u00fcgyi Tansz\u00e9ken (1964\u201385); f\u0151orvos, inframikrobiol\u00f3gus a Maros megyei Betegs\u00e9gmegel\u0151z\u0151 \u00e9s J\u00e1rv\u00e1ny\u00fcgyi \u00c1llom\u00e1son (1985\u201393). Kutat\u00e1si ter\u00fclete: leveg\u0151 \u00e9s v\u00edzszennyezetts\u00e9g, bakt\u00e9riumok. Tagja a Kereszt\u00e9ny Orvosok Sz\u00f6vets\u00e9ge \u00e9s az EME-nek. Sz\u00e1mos hazai \u00e9s nemzetk\u00f6zi \u00e9rtekezleten vett r\u00e9szt, 115 tudom\u00e1nyos dolgozata jelent meg szakfoly\u00f3iratokban: Hidrotehnica, Revista Med., Hygiene Medicine Preventive et Siciale, Term\u00e9szet, ember, tudom\u00e1ny, technika. Tagja a International Federation for Hygiene and Preventive Medicine, USSM \u2013 nek \u2013 <strong>F. m.<\/strong>: \u00cendreptar de lucr\u0103ri practice de igien\u0103 general\u0103. Vol. 1. (Tg..M., 1966), Lucr\u0103ri practice de igiena mediului (Tg. M., 1978); A Mv.-i Orvosi \u00e9s Gy\u00f3gyszer\u00e9szeti Egyetem 1945\u201395 (Mv., 1995); <strong>t\u00e1rssz.:<\/strong> \u00c1ltal\u00e1nos k\u00f6zeg\u00e9szs\u00e9gtan (Mv., 1983); K\u00f6zeg\u00e9szs\u00e9gtan: Jegyzet fogorvostanhallgat\u00f3k sz\u00e1m\u00e1ra (Mv., 1984); Igiena general\u0103 \u015fi comunal\u0103 (Tg. M., 1986); Viharban (Mv., 1994); 1000 \u00e9ves a magyar iskola: Az erd\u00e9lyi magyar fels\u0151oktat\u00e1s \u00e9vsz\u00e1zadai: Eml\u00e9kk\u00f6nyv (Bp., 1996); P\u00f3ka: Egy mez\u0151s\u00e9gi falu a t\u00f6rt\u00e9nelem sodr\u00e1s\u00e1ban. 1323\u20132000. (Kv., 2000); A marosv\u00e1s\u00e1rhelyi Orvosi \u00e9s Gy\u00f3gyszer\u00e9szeti Egyetem, 1945\u20132005.2., jav\u00edtott \u00e9s b\u0151v\u00edtett kiad\u00e1s. <br \/><strong>Irod.:<\/strong> EMKK; Genersich; KKACs; K\u00f6nyves h\u00e1z (6\/1. sz); N\u00fa. (2006. febr. 11.); P\u00e9ter; RMKK; Viharban.<\/br><\/p>\n","protected":false},"excerpt":{"rendered":"<p>Maross\u00e1rpatak, 1924. dec. 18., \u2020?: orvos. \u2013 Feles\u00e9ge: P\u00e1pay Zsuzs\u00e1nna, k\u00f6nyvt\u00e1ros. \u2013 A k\u00f6z\u00e9piskol\u00e1t Mv.-en a Bolyai Farkas L\u00edc.-ban (1950), az egyetemet a MOGYI-n (1956) v\u00e9gezte \u00c1ltal\u00e1nos orvosi szakon; doktor\u00e1lt (1972). Orvosi p\u00e1ly\u00e1j\u00e1t Mv.-en kezdte (1956\u201357), majd Vulcan-ra ker\u00fclt (1957\u201360); a MOGYI-n gyakornok (1960\u201364), tan\u00e1rseg\u00e9d a K\u00f6zeg\u00e9szs\u00e9g\u00fcgyi Tansz\u00e9ken (1964\u201385); f\u0151orvos, inframikrobiol\u00f3gus a Maros megyei Betegs\u00e9gmegel\u0151z\u0151 [&hellip;]<\/p>\n","protected":false},"featured_media":0,"comment_status":"open","ping_status":"closed","template":"","meta":[],"product_brand":[],"product_cat":[137],"product_tag":[],"class_list":{"0":"post-22471","1":"product","2":"type-product","3":"status-publish","5":"product_cat-maros-megyei-eletrajzi-lexikon","7":"first","8":"instock","9":"shipping-taxable","10":"product-type-simple"},"_links":{"self":[{"href":"https:\/\/uj.adatbank.ro\/lexikon\/wp-json\/wp\/v2\/product\/22471","targetHints":{"allow":["GET"]}}],"collection":[{"href":"https:\/\/uj.adatbank.ro\/lexikon\/wp-json\/wp\/v2\/product"}],"about":[{"href":"https:\/\/uj.adatbank.ro\/lexikon\/wp-json\/wp\/v2\/types\/product"}],"replies":[{"embeddable":true,"href":"https:\/\/uj.adatbank.ro\/lexikon\/wp-json\/wp\/v2\/comments?post=22471"}],"wp:attachment":[{"href":"https:\/\/uj.adatbank.ro\/lexikon\/wp-json\/wp\/v2\/media?parent=22471"}],"wp:term":[{"taxonomy":"product_brand","embeddable":true,"href":"https:\/\/uj.adatbank.ro\/lexikon\/wp-json\/wp\/v2\/product_brand?post=22471"},{"taxonomy":"product_cat","embeddable":true,"href":"https:\/\/uj.adatbank.ro\/lexikon\/wp-json\/wp\/v2\/product_cat?post=22471"},{"taxonomy":"product_tag","embeddable":true,"href":"https:\/\/uj.adatbank.ro\/lexikon\/wp-json\/wp\/v2\/product_tag?post=22471"}],"curies":[{"name":"wp","href":"https:\/\/api.w.org\/{rel}","templated":true}]}}

SZÖLLŐSI Árpád

<p>Marossárpatak, 1924. dec. 18., †?: orvos. – Felesége: Pápay Zsuzsánna, könyvtáros. – A középiskolát Mv.-en a Bolyai Farkas Líc.-ban (1950), az egyetemet a MOGYI-n (1956) végezte Általános orvosi szakon; doktorált (1972). Orvosi pályáját Mv.-en kezdte (1956–57), majd Vulcan-ra került (1957–60); a MOGYI-n gyakornok (1960–64), tanársegéd a Közegészségügyi Tanszéken (1964–85); főorvos, inframikrobiológus a Maros megyei Betegségmegelőző és Járványügyi Állomáson (1985–93). Kutatási területe: levegő és vízszennyezettség, baktériumok. Tagja a Keresztény Orvosok Szövetsége és az EME-nek. Számos hazai és nemzetközi értekezleten vett részt, 115 tudományos dolgozata jelent meg szakfolyóiratokban: Hidrotehnica, Revista Med., Hygiene Medicine Preventive et Siciale, Természet, ember, tudomány, technika. Tagja a International Federation for Hygiene and Preventive Medicine, USSM – nek – <strong>F. m.</strong>: Îndreptar de lucrări practice de igienă generală. Vol. 1. (Tg..M., 1966), Lucrări practice de igiena mediului (Tg. M., 1978); A Mv.-i Orvosi és Gyógyszerészeti Egyetem 1945–95 (Mv., 1995); <strong>társsz.:</strong> Általános közegészségtan (Mv., 1983); Közegészségtan: Jegyzet fogorvostanhallgatók számára (Mv., 1984); Igiena generală şi comunală (Tg. M., 1986); Viharban (Mv., 1994); 1000 éves a magyar iskola: Az erdélyi magyar felsőoktatás évszázadai: Emlékkönyv (Bp., 1996); Póka: Egy mezőségi falu a történelem sodrásában. 1323–2000. (Kv., 2000); A marosvásárhelyi Orvosi és Gyógyszerészeti Egyetem, 1945–2005.2., javított és bővített kiadás. <br /><strong>Irod.:</strong> EMKK; Genersich; KKACs; Könyves ház (6/1. sz); Nú. (2006. febr. 11.); Péter; RMKK; Viharban.</br></p>

<p>Marossárpatak, 1924. dec. 18., †?: orvos. – Felesége: Pápay Zsuzsánna, könyvtáros. – A középiskolát Mv.-en a Bolyai Farkas Líc.-ban (1950), az egyetemet a MOGYI-n (1956) végezte Általános orvosi szakon; doktorált (1972). Orvosi pályáját Mv.-en kezdte (1956–57), majd Vulcan-ra került (1957–60); a MOGYI-n gyakornok (1960–64), tanársegéd a Közegészségügyi Tanszéken (1964–85); főorvos, inframikrobiológus a Maros megyei Betegségmegelőző [&hellip;]</p>
