{"id":2248,"date":"2025-06-28T12:08:12","date_gmt":"2025-06-28T10:08:12","guid":{"rendered":"https:\/\/uj.adatbank.ro\/lexikon\/termek\/banyai-szekely-gyorgy-nagybanyai\/"},"modified":"2025-06-28T12:08:12","modified_gmt":"2025-06-28T10:08:12","slug":"banyai-szekely-gyorgy-nagybanyai","status":"publish","type":"product","link":"https:\/\/uj.adatbank.ro\/lexikon\/termek\/banyai-szekely-gyorgy-nagybanyai\/","title":{"rendered":"B\u00c1NYAI SZ\u00c9KELY Gy\u00f6rgy, nagyb\u00e1nyai"},"content":{"rendered":"<p>Nagyb\u00e1nya, ? \u2020\u00a0Mv., 1786. k.: v\u00e1rosi n\u00f3t\u00e1rius, szen\u00e1tor. \u2013 A gyulafeh\u00e9rv\u00e1ri Ref. Koll. bujdos\u00f3 di\u00e1kjaival ker\u00fclt Mv.-re (1715), itt folytatta tanulm\u00e1nyait, a logik\u00e1ban praeses \u00e9s az oratorik\u00e1ban praeceptor volt. Tanulm\u00e1nyai bev\u00e9gz\u00e9se ut\u00e1n a v\u00e1ros szolg\u00e1lat\u00e1ba l\u00e9pett. Not\u00e1rius (1730). Tagja a v\u00e1rosi tan\u00e1csnak (1758, 1759, 1760, 1761, 1762, 1764) \u00e9s ott minden sz\u00e1mottev\u0151 tiszts\u00e9gett megszerzett. M\u0171k\u00f6d\u00f6tt mint perceptor, not\u00e1rius, pol. director \u00e9s \u00e1ltal\u00e1ban ref.-sok r\u00e9szr\u0151l k\u00e9pviselte a polg\u00e1rs\u00e1got. A Farkas Borb\u00e1la elleni nevezetes boszork\u00e1nyperben (1752. \u00e1pr. 12.) a v\u00e1dat k\u00e9pviselte. A Ref. Koll. el\u0171z\u00e9s\u00e9t Gyulafeh\u00e9rv\u00e1rr\u00f3l \u00e9s annak Mv.-re j\u00f6vetel\u00e9t \u00e9s leteleped\u00e9s\u00e9nek t\u00f6rt\u00e9net\u00e9t, mint szemtan\u00fa jegyzetekben \u00f6r\u00f6k\u00edtette meg. <br \/><strong>Irod.:<\/strong> Id\u0151t\u00e1r 1; Kr\u00f3n. F\u00fcz. (1940. 4\/10; P\u00e1l-Antal 2006; P\u00e1l-Antal 2009<\/br><\/p>\n","protected":false},"excerpt":{"rendered":"<p>Nagyb\u00e1nya, ? \u2020\u00a0Mv., 1786. k.: v\u00e1rosi n\u00f3t\u00e1rius, szen\u00e1tor. \u2013 A gyulafeh\u00e9rv\u00e1ri Ref. Koll. bujdos\u00f3 di\u00e1kjaival ker\u00fclt Mv.-re (1715), itt folytatta tanulm\u00e1nyait, a logik\u00e1ban praeses \u00e9s az oratorik\u00e1ban praeceptor volt. Tanulm\u00e1nyai bev\u00e9gz\u00e9se ut\u00e1n a v\u00e1ros szolg\u00e1lat\u00e1ba l\u00e9pett. Not\u00e1rius (1730). Tagja a v\u00e1rosi tan\u00e1csnak (1758, 1759, 1760, 1761, 1762, 1764) \u00e9s ott minden sz\u00e1mottev\u0151 tiszts\u00e9gett megszerzett. M\u0171k\u00f6d\u00f6tt [&hellip;]<\/p>\n","protected":false},"featured_media":0,"comment_status":"open","ping_status":"closed","template":"","meta":[],"product_brand":[],"product_cat":[137],"product_tag":[],"class_list":{"0":"post-2248","1":"product","2":"type-product","3":"status-publish","5":"product_cat-maros-megyei-eletrajzi-lexikon","7":"first","8":"instock","9":"shipping-taxable","10":"product-type-simple"},"_links":{"self":[{"href":"https:\/\/uj.adatbank.ro\/lexikon\/wp-json\/wp\/v2\/product\/2248","targetHints":{"allow":["GET"]}}],"collection":[{"href":"https:\/\/uj.adatbank.ro\/lexikon\/wp-json\/wp\/v2\/product"}],"about":[{"href":"https:\/\/uj.adatbank.ro\/lexikon\/wp-json\/wp\/v2\/types\/product"}],"replies":[{"embeddable":true,"href":"https:\/\/uj.adatbank.ro\/lexikon\/wp-json\/wp\/v2\/comments?post=2248"}],"wp:attachment":[{"href":"https:\/\/uj.adatbank.ro\/lexikon\/wp-json\/wp\/v2\/media?parent=2248"}],"wp:term":[{"taxonomy":"product_brand","embeddable":true,"href":"https:\/\/uj.adatbank.ro\/lexikon\/wp-json\/wp\/v2\/product_brand?post=2248"},{"taxonomy":"product_cat","embeddable":true,"href":"https:\/\/uj.adatbank.ro\/lexikon\/wp-json\/wp\/v2\/product_cat?post=2248"},{"taxonomy":"product_tag","embeddable":true,"href":"https:\/\/uj.adatbank.ro\/lexikon\/wp-json\/wp\/v2\/product_tag?post=2248"}],"curies":[{"name":"wp","href":"https:\/\/api.w.org\/{rel}","templated":true}]}}

BÁNYAI SZÉKELY György, nagybányai

<p>Nagybánya, ? † Mv., 1786. k.: városi nótárius, szenátor. – A gyulafehérvári Ref. Koll. bujdosó diákjaival került Mv.-re (1715), itt folytatta tanulmányait, a logikában praeses és az oratorikában praeceptor volt. Tanulmányai bevégzése után a város szolgálatába lépett. Notárius (1730). Tagja a városi tanácsnak (1758, 1759, 1760, 1761, 1762, 1764) és ott minden számottevő tisztségett megszerzett. Működött mint perceptor, notárius, pol. director és általában ref.-sok részről képviselte a polgárságot. A Farkas Borbála elleni nevezetes boszorkányperben (1752. ápr. 12.) a vádat képviselte. A Ref. Koll. elűzését Gyulafehérvárról és annak Mv.-re jövetelét és letelepedésének történetét, mint szemtanú jegyzetekben örökítette meg. <br /><strong>Irod.:</strong> Időtár 1; Krón. Füz. (1940. 4/10; Pál-Antal 2006; Pál-Antal 2009</br></p>

<p>Nagybánya, ? † Mv., 1786. k.: városi nótárius, szenátor. – A gyulafehérvári Ref. Koll. bujdosó diákjaival került Mv.-re (1715), itt folytatta tanulmányait, a logikában praeses és az oratorikában praeceptor volt. Tanulmányai bevégzése után a város szolgálatába lépett. Notárius (1730). Tagja a városi tanácsnak (1758, 1759, 1760, 1761, 1762, 1764) és ott minden számottevő tisztségett megszerzett. Működött [&hellip;]</p>
