{"id":22480,"date":"2025-07-22T20:02:42","date_gmt":"2025-07-22T18:02:42","guid":{"rendered":"https:\/\/uj.adatbank.ro\/lexikon\/termek\/szollosi-lajos-mate\/"},"modified":"2025-07-22T20:02:42","modified_gmt":"2025-07-22T18:02:42","slug":"szollosi-lajos-mate","status":"publish","type":"product","link":"https:\/\/uj.adatbank.ro\/lexikon\/termek\/szollosi-lajos-mate\/","title":{"rendered":"SZ\u00d6LL\u00d6SI Lajos M\u00e1t\u00e9"},"content":{"rendered":"<p>Kor\u00f3dszentm\u00e1rton, 1936., \u2020?: tan\u00e1r, k\u00e9pz\u0151m\u0171v\u00e9sz. \u2013 T\u00f6rt\u00e9nelem\u2013irod. szakos tan\u00e1r. a maga erej\u00e9b\u0151l \u00e9s avatott mesterek ir\u00e1ny\u00edt\u00e1s\u00e1val (Csorv\u00e1ssy Istv\u00e1n, Bandi Dezs\u0151) tal\u00e1lt \u00f6nmag\u00e1ra. Vezetett farag\u00f3k\u00f6rt, tan\u00edtott rajzot, m\u00edg egy hangszalagm\u0171t\u00e9t k\u00f6vetkezt\u00e9ben k\u00e9nytelen volt megv\u00e1lni a pedag\u00f3gusi p\u00e1ly\u00e1t\u00f3l. Nyugd\u00edjask\u00e9nt t\u00e1rult igaz\u00e1n ki sz\u00e1m\u00e1ra a vil\u00e1g. Munk\u00e1i v\u00e9gre eljuthattak a sz\u00e9lesebb k\u00f6z\u00f6ns\u00e9g el\u00e9 is, mind idehaza, mind az anyaorsz\u00e1gban. Rajzolni csak\u00fagy szeret, mint f\u00e1t m\u00f3dolni, szobrai azonban azt mutatj\u00e1k, hogy a fa az igazi anyaga, m\u00e9g a v\u00edzben tal\u00e1lt gy\u00f6k\u00e9rben is rejlik valami; ha lefejti r\u00f3la f\u00f6l\u00f6s r\u00e9teg\u00e9t a v\u00e9s\u0151, sz\u00e9ps\u00e9g bomlik ki bel\u0151le. Rajz \u00e9s fafaragv\u00e1ny ki\u00e1ll.-a volt a mv.-i unit\u00e1rius egyh\u00e1z tan\u00e1csterm\u00e9ben (1996); Ki\u00e1ll\u00edt\u00e1sa volt Mv.-en (2000. szept.). <br \/><strong>Irod.:<\/strong> (N\u00fa., M\u00fazsa, 226. sz., 1996. febr. 23.); N\u00fa (2000. szept. 16).<\/br><\/p>\n","protected":false},"excerpt":{"rendered":"<p>Kor\u00f3dszentm\u00e1rton, 1936., \u2020?: tan\u00e1r, k\u00e9pz\u0151m\u0171v\u00e9sz. \u2013 T\u00f6rt\u00e9nelem\u2013irod. szakos tan\u00e1r. a maga erej\u00e9b\u0151l \u00e9s avatott mesterek ir\u00e1ny\u00edt\u00e1s\u00e1val (Csorv\u00e1ssy Istv\u00e1n, Bandi Dezs\u0151) tal\u00e1lt \u00f6nmag\u00e1ra. Vezetett farag\u00f3k\u00f6rt, tan\u00edtott rajzot, m\u00edg egy hangszalagm\u0171t\u00e9t k\u00f6vetkezt\u00e9ben k\u00e9nytelen volt megv\u00e1lni a pedag\u00f3gusi p\u00e1ly\u00e1t\u00f3l. Nyugd\u00edjask\u00e9nt t\u00e1rult igaz\u00e1n ki sz\u00e1m\u00e1ra a vil\u00e1g. Munk\u00e1i v\u00e9gre eljuthattak a sz\u00e9lesebb k\u00f6z\u00f6ns\u00e9g el\u00e9 is, mind idehaza, mind az [&hellip;]<\/p>\n","protected":false},"featured_media":0,"comment_status":"open","ping_status":"closed","template":"","meta":[],"product_brand":[],"product_cat":[137],"product_tag":[],"class_list":{"0":"post-22480","1":"product","2":"type-product","3":"status-publish","5":"product_cat-maros-megyei-eletrajzi-lexikon","7":"first","8":"instock","9":"shipping-taxable","10":"product-type-simple"},"_links":{"self":[{"href":"https:\/\/uj.adatbank.ro\/lexikon\/wp-json\/wp\/v2\/product\/22480","targetHints":{"allow":["GET"]}}],"collection":[{"href":"https:\/\/uj.adatbank.ro\/lexikon\/wp-json\/wp\/v2\/product"}],"about":[{"href":"https:\/\/uj.adatbank.ro\/lexikon\/wp-json\/wp\/v2\/types\/product"}],"replies":[{"embeddable":true,"href":"https:\/\/uj.adatbank.ro\/lexikon\/wp-json\/wp\/v2\/comments?post=22480"}],"wp:attachment":[{"href":"https:\/\/uj.adatbank.ro\/lexikon\/wp-json\/wp\/v2\/media?parent=22480"}],"wp:term":[{"taxonomy":"product_brand","embeddable":true,"href":"https:\/\/uj.adatbank.ro\/lexikon\/wp-json\/wp\/v2\/product_brand?post=22480"},{"taxonomy":"product_cat","embeddable":true,"href":"https:\/\/uj.adatbank.ro\/lexikon\/wp-json\/wp\/v2\/product_cat?post=22480"},{"taxonomy":"product_tag","embeddable":true,"href":"https:\/\/uj.adatbank.ro\/lexikon\/wp-json\/wp\/v2\/product_tag?post=22480"}],"curies":[{"name":"wp","href":"https:\/\/api.w.org\/{rel}","templated":true}]}}

SZÖLLÖSI Lajos Máté

<p>Koródszentmárton, 1936., †?: tanár, képzőművész. – Történelem–irod. szakos tanár. a maga erejéből és avatott mesterek irányításával (Csorvássy István, Bandi Dezső) talált önmagára. Vezetett faragókört, tanított rajzot, míg egy hangszalagműtét következtében kénytelen volt megválni a pedagógusi pályától. Nyugdíjasként tárult igazán ki számára a világ. Munkái végre eljuthattak a szélesebb közönség elé is, mind idehaza, mind az anyaországban. Rajzolni csakúgy szeret, mint fát módolni, szobrai azonban azt mutatják, hogy a fa az igazi anyaga, még a vízben talált gyökérben is rejlik valami; ha lefejti róla fölös rétegét a véső, szépség bomlik ki belőle. Rajz és fafaragvány kiáll.-a volt a mv.-i unitárius egyház tanácstermében (1996); Kiállítása volt Mv.-en (2000. szept.). <br /><strong>Irod.:</strong> (Nú., Múzsa, 226. sz., 1996. febr. 23.); Nú (2000. szept. 16).</br></p>

<p>Koródszentmárton, 1936., †?: tanár, képzőművész. – Történelem–irod. szakos tanár. a maga erejéből és avatott mesterek irányításával (Csorvássy István, Bandi Dezső) talált önmagára. Vezetett faragókört, tanított rajzot, míg egy hangszalagműtét következtében kénytelen volt megválni a pedagógusi pályától. Nyugdíjasként tárult igazán ki számára a világ. Munkái végre eljuthattak a szélesebb közönség elé is, mind idehaza, mind az [&hellip;]</p>
