{"id":22483,"date":"2025-07-22T20:02:48","date_gmt":"2025-07-22T18:02:48","guid":{"rendered":"https:\/\/uj.adatbank.ro\/lexikon\/termek\/szollossy-nagyszollosi-csalad\/"},"modified":"2025-07-22T20:02:48","modified_gmt":"2025-07-22T18:02:48","slug":"szollossy-nagyszollosi-csalad","status":"publish","type":"product","link":"https:\/\/uj.adatbank.ro\/lexikon\/termek\/szollossy-nagyszollosi-csalad\/","title":{"rendered":"SZ\u00d6LL\u0150SSY, nagysz\u00f6ll\u0151si csal\u00e1d"},"content":{"rendered":"<p>K\u00e9merr\u0151l val\u00f3, innen sz\u00e1rmazott \u00e1t Mv.-re. Az \u00e9l\u0151 nemzed\u00e9k lesz\u00e1rmaz\u00e1sa visszavezethet\u0151en k\u00e9meri sz\u00fclet\u00e9s\u0171 Sz. P\u00e9terig, akinek \u00f6zvegye, Csillag Zsuzs\u00e1nna k\u00e9relm\u00e9re a mv.-i t\u00e1bla 1848. febr. 10. \u00e1t\u00edrja a II. Ferdin\u00e1nd \u00e1ltal Nagysz\u0151ll\u0151si P\u00e9ter s fiai: P\u00e9ter, Ferenc \u00e9s S\u00e1muel r\u00e9sz\u00e9re 1636. m\u00e1rc. 13. kelt s 1638. nov. 25. Bihar m.-ben kihirdetett c\u00edmereslevelet. K\u00f6z\u00fcl\u00fck P\u00e9ter kincst. \u00fcgyv\u00e9d sz. 1771. I\/26. K\u00e9mer, \u2020 1848. I. 19. Marosv\u00e1s\u00e1rhelyt P\u00e9ter erd\u00e9lyi kir. t\u00e1blai \u00fcgyv\u00e9d (1848. el\u0151tt.); Fia Ferenc Biharban aljegyz\u0151 (1841-ig,), majd t\u00e1blab\u00edr\u00f3; J\u00f3zsef \u00fcgyv\u00e9d Kv.-on T\u00e1n ezekkel rokon J\u00e1nos, kinek neje D\u00e1vid Anna birtokos Torda megy\u00e9ben K. B\u00e1ny\u00e1n \u00e9s Kakov\u00e1n; E csal\u00e1db\u00f3l volt Ferenc, a t\u00f6r\u00f6k tolm\u00e1cs, (1838-ban) a \u201eNapkeleti k\u00e9pek\u201d \u00edr\u00f3ja. <br \/><strong>Irod.:<\/strong> Kempelen; Nagy Iv\u00e1n.<\/br><\/p>\n","protected":false},"excerpt":{"rendered":"<p>K\u00e9merr\u0151l val\u00f3, innen sz\u00e1rmazott \u00e1t Mv.-re. Az \u00e9l\u0151 nemzed\u00e9k lesz\u00e1rmaz\u00e1sa visszavezethet\u0151en k\u00e9meri sz\u00fclet\u00e9s\u0171 Sz. P\u00e9terig, akinek \u00f6zvegye, Csillag Zsuzs\u00e1nna k\u00e9relm\u00e9re a mv.-i t\u00e1bla 1848. febr. 10. \u00e1t\u00edrja a II. Ferdin\u00e1nd \u00e1ltal Nagysz\u0151ll\u0151si P\u00e9ter s fiai: P\u00e9ter, Ferenc \u00e9s S\u00e1muel r\u00e9sz\u00e9re 1636. m\u00e1rc. 13. kelt s 1638. nov. 25. Bihar m.-ben kihirdetett c\u00edmereslevelet. K\u00f6z\u00fcl\u00fck P\u00e9ter kincst. [&hellip;]<\/p>\n","protected":false},"featured_media":0,"comment_status":"open","ping_status":"closed","template":"","meta":[],"product_brand":[],"product_cat":[137],"product_tag":[],"class_list":{"0":"post-22483","1":"product","2":"type-product","3":"status-publish","5":"product_cat-maros-megyei-eletrajzi-lexikon","7":"first","8":"instock","9":"shipping-taxable","10":"product-type-simple"},"_links":{"self":[{"href":"https:\/\/uj.adatbank.ro\/lexikon\/wp-json\/wp\/v2\/product\/22483","targetHints":{"allow":["GET"]}}],"collection":[{"href":"https:\/\/uj.adatbank.ro\/lexikon\/wp-json\/wp\/v2\/product"}],"about":[{"href":"https:\/\/uj.adatbank.ro\/lexikon\/wp-json\/wp\/v2\/types\/product"}],"replies":[{"embeddable":true,"href":"https:\/\/uj.adatbank.ro\/lexikon\/wp-json\/wp\/v2\/comments?post=22483"}],"wp:attachment":[{"href":"https:\/\/uj.adatbank.ro\/lexikon\/wp-json\/wp\/v2\/media?parent=22483"}],"wp:term":[{"taxonomy":"product_brand","embeddable":true,"href":"https:\/\/uj.adatbank.ro\/lexikon\/wp-json\/wp\/v2\/product_brand?post=22483"},{"taxonomy":"product_cat","embeddable":true,"href":"https:\/\/uj.adatbank.ro\/lexikon\/wp-json\/wp\/v2\/product_cat?post=22483"},{"taxonomy":"product_tag","embeddable":true,"href":"https:\/\/uj.adatbank.ro\/lexikon\/wp-json\/wp\/v2\/product_tag?post=22483"}],"curies":[{"name":"wp","href":"https:\/\/api.w.org\/{rel}","templated":true}]}}

SZÖLLŐSSY, nagyszöllősi család

<p>Kémerről való, innen származott át Mv.-re. Az élő nemzedék leszármazása visszavezethetően kémeri születésű Sz. Péterig, akinek özvegye, Csillag Zsuzsánna kérelmére a mv.-i tábla 1848. febr. 10. átírja a II. Ferdinánd által Nagyszőllősi Péter s fiai: Péter, Ferenc és Sámuel részére 1636. márc. 13. kelt s 1638. nov. 25. Bihar m.-ben kihirdetett címereslevelet. Közülük Péter kincst. ügyvéd sz. 1771. I/26. Kémer, † 1848. I. 19. Marosvásárhelyt Péter erdélyi kir. táblai ügyvéd (1848. előtt.); Fia Ferenc Biharban aljegyző (1841-ig,), majd táblabíró; József ügyvéd Kv.-on Tán ezekkel rokon János, kinek neje Dávid Anna birtokos Torda megyében K. Bányán és Kakován; E családból volt Ferenc, a török tolmács, (1838-ban) a „Napkeleti képek” írója. <br /><strong>Irod.:</strong> Kempelen; Nagy Iván.</br></p>

<p>Kémerről való, innen származott át Mv.-re. Az élő nemzedék leszármazása visszavezethetően kémeri születésű Sz. Péterig, akinek özvegye, Csillag Zsuzsánna kérelmére a mv.-i tábla 1848. febr. 10. átírja a II. Ferdinánd által Nagyszőllősi Péter s fiai: Péter, Ferenc és Sámuel részére 1636. márc. 13. kelt s 1638. nov. 25. Bihar m.-ben kihirdetett címereslevelet. Közülük Péter kincst. [&hellip;]</p>
