{"id":22486,"date":"2025-07-22T20:02:57","date_gmt":"2025-07-22T18:02:57","guid":{"rendered":"https:\/\/uj.adatbank.ro\/lexikon\/termek\/szollosy-arpad-%c2%a7\/"},"modified":"2025-07-22T20:02:57","modified_gmt":"2025-07-22T18:02:57","slug":"szollosy-arpad-%c2%a7","status":"publish","type":"product","link":"https:\/\/uj.adatbank.ro\/lexikon\/termek\/szollosy-arpad-%c2%a7\/","title":{"rendered":"SZ\u00d6LL\u0150SY \u00c1rp\u00e1d, \u00a7"},"content":{"rendered":"<p>Mv., 1918. m\u00e1j. 19., \u2020 Fels\u0151\u0151rs, 2006. jan. 16.: jog\u00e1sz, egyes\u00fcletvezet\u0151. \u2013 Tanult a mv.-i Ref. Koll.-ban (1924\u201336); Kv.-on Kem\u00e9ny J\u00e1nos \u00e9s M\u00e1riaffy Lajos seg\u00edts\u00e9g\u00e9vel jogot hallgatott (1936\u201340), k\u00f6zben a mv.-i Lesz\u00e1m\u00edtol\u00f3 \u00e9s P\u00e9nzbankban dolgozott; jogi doktor\u00e1tust szerzett (1941); \u00e9l\u00e9nk k\u00f6z\u00e9leti tev\u00e9kenys\u00e9get folytatott: sportolt, l\u00e9trehozta a mv.-i F\u0151iskol\u00e1sok \u00e9s K\u00f6z\u00e9piskol\u00e1sok Egyes\u00fclet\u00e9t, r\u00e9szt vett a Mv.-i Tal\u00e1lkoz\u00f3n (1938); jogi fogalmaz\u00f3 a mv.-i j\u00e1r\u00e1sb\u00edr\u00f3s\u00e1gon, majd \u00fcgyv\u00e9di irod\u00e1ban dolgozott (1941\u2013). T\u00f6bb rendbeli katonai szolg\u00e1latot teljes\u00edtett; \u00fcgyv\u00e9di irod\u00e1t nyitott (1945); elhagyta Mv.-t (1947), Magyaro.-on telepedett le, el\u0151bb P\u00e9csett, majd Gy\u0151r\u00f6n nyitott \u00fcgyv\u00e9di irod\u00e1t; r\u00e9szt vett az 56-os gy\u0151ri forradalomban, a Gy\u0151ri Forradalmi Tan\u00e1cs \u00e9s a Dun\u00e1nt\u00fali Nemzeti Tan\u00e1cs titk\u00e1ra volt. A forradalom ut\u00e1n Nyugatra menek\u00fclt (1956. nov. 15); B\u00e1zelben telepedett le, ott bankban dolgozott, majd v\u00e1llalati igazgat\u00f3 lett; akt\u00edv k\u00f6z\u00e9leti tev\u00e9kenys\u00e9get folytatott: megalap\u00edtotta a Baseli Magyar Egyes\u00fcletet, a Sv\u00e1jci Magyar Egyes\u00fcletek Sz\u00f6vets\u00e9g\u00e9nek f\u0151titk\u00e1ra lett (1957); megkapta a sv\u00e1jci \u00e1llampolg\u00e1rs\u00e1got (1971). Egyik alap\u00edt\u00f3ja az Eur\u00f3pai Magyar Protest\u00e1ns Szabadegyetemnek (1969), bekapcsol\u00f3dott a Szabadegyetem munk\u00e1lataiba (1973), melynek eln\u00f6ke (1976\u201382), eln\u00f6ks\u00e9gi tagja (\u20131993), a p\u00e9nz\u00fcgyek vezet\u0151je; l\u00e9trehozta az EMPSZ K\u00f6nyvbar\u00e1ti k\u00f6r\u00e9t ezzel megteremtve a k\u00f6nyvkiad\u00e1s anyagi b\u00e1zis\u00e1t; kiadt\u00e1k t\u00f6bbek k\u00f6z\u00f6tt Bib\u00f3 Istv\u00e1n m\u0171veit, S\u00fct\u0151 Andr\u00e1s: Csillag a m\u00e1gly\u00e1n c. sz\u00ednm\u0171v\u00e9t n\u00e9met\u00fcl; a rendszerv\u00e1lt\u00e1s ut\u00e1n bekapcsol\u00f3dott a magyaro.-i gazdas\u00e1gi kultur\u00e1lis \u00e9letbe: tiszteletbeli b\u00e1zeli konzul (1991\u2013); a Teleki L\u00e1szl\u00f3 Alap\u00edtv\u00e1ny kurat\u00f3riumi tagja (1991\u201394); a Duna Telev\u00edzi\u00f3 K\u00f6zalap\u00edtv\u00e1ny eln\u00f6ke (1995\u20132002); v\u00e9gleg Mo.-ra telepedett Fels\u0151\u0151r\u00f6n lakott (1993); a Teleki T\u00e9k\u00e1\u00e9rt Alap\u00edtv\u00e1ny egyik kezdem\u00e9nyez\u0151je (1993); r\u00e9szt vett a szov\u00e1tai EMPSZ konferenci\u00e1n (1993), 46 \u00e9v ut\u00e1n el\u0151sz\u00f6r l\u00e1togatva sz\u00fcl\u0151f\u00f6ldj\u00e9re. \u2013 <strong>F. m.<\/strong>: Csillag\u00f3r\u00e1im: XX. sz\u00e1zadi tal\u00e1lkoz\u00e1sok (Veszpr\u00e9m-B\u00e1sel, 2005). <br \/><strong>Irod.:<\/strong> Borb\u00e1ndi; Borb\u00e1th; B\u00facs\u00fa egy eur\u00f3pai magyart\u00f3l (N\u00fa., M\u00fazsa, 725. sz., 2006. febr. 11.); Eml\u00e9kk\u00f6nyv (Veszpr\u00e9m, 1998); PIM; Encyc. Hung.; Sz\u00f6ll\u0151sy \u00c1rp\u00e1d: Csillag\u00f3r\u00e1im: XX. sz\u00e1zadi tal\u00e1lkoz\u00e1sok (Veszpr\u00e9m\u2013B\u00e1zel, 2005).<\/br><\/p>\n","protected":false},"excerpt":{"rendered":"<p>Mv., 1918. m\u00e1j. 19., \u2020 Fels\u0151\u0151rs, 2006. jan. 16.: jog\u00e1sz, egyes\u00fcletvezet\u0151. \u2013 Tanult a mv.-i Ref. Koll.-ban (1924\u201336); Kv.-on Kem\u00e9ny J\u00e1nos \u00e9s M\u00e1riaffy Lajos seg\u00edts\u00e9g\u00e9vel jogot hallgatott (1936\u201340), k\u00f6zben a mv.-i Lesz\u00e1m\u00edtol\u00f3 \u00e9s P\u00e9nzbankban dolgozott; jogi doktor\u00e1tust szerzett (1941); \u00e9l\u00e9nk k\u00f6z\u00e9leti tev\u00e9kenys\u00e9get folytatott: sportolt, l\u00e9trehozta a mv.-i F\u0151iskol\u00e1sok \u00e9s K\u00f6z\u00e9piskol\u00e1sok Egyes\u00fclet\u00e9t, r\u00e9szt vett a Mv.-i [&hellip;]<\/p>\n","protected":false},"featured_media":0,"comment_status":"open","ping_status":"closed","template":"","meta":[],"product_brand":[],"product_cat":[137],"product_tag":[],"class_list":{"0":"post-22486","1":"product","2":"type-product","3":"status-publish","5":"product_cat-maros-megyei-eletrajzi-lexikon","7":"first","8":"instock","9":"shipping-taxable","10":"product-type-simple"},"_links":{"self":[{"href":"https:\/\/uj.adatbank.ro\/lexikon\/wp-json\/wp\/v2\/product\/22486","targetHints":{"allow":["GET"]}}],"collection":[{"href":"https:\/\/uj.adatbank.ro\/lexikon\/wp-json\/wp\/v2\/product"}],"about":[{"href":"https:\/\/uj.adatbank.ro\/lexikon\/wp-json\/wp\/v2\/types\/product"}],"replies":[{"embeddable":true,"href":"https:\/\/uj.adatbank.ro\/lexikon\/wp-json\/wp\/v2\/comments?post=22486"}],"wp:attachment":[{"href":"https:\/\/uj.adatbank.ro\/lexikon\/wp-json\/wp\/v2\/media?parent=22486"}],"wp:term":[{"taxonomy":"product_brand","embeddable":true,"href":"https:\/\/uj.adatbank.ro\/lexikon\/wp-json\/wp\/v2\/product_brand?post=22486"},{"taxonomy":"product_cat","embeddable":true,"href":"https:\/\/uj.adatbank.ro\/lexikon\/wp-json\/wp\/v2\/product_cat?post=22486"},{"taxonomy":"product_tag","embeddable":true,"href":"https:\/\/uj.adatbank.ro\/lexikon\/wp-json\/wp\/v2\/product_tag?post=22486"}],"curies":[{"name":"wp","href":"https:\/\/api.w.org\/{rel}","templated":true}]}}

SZÖLLŐSY Árpád, §

<p>Mv., 1918. máj. 19., † Felsőőrs, 2006. jan. 16.: jogász, egyesületvezető. – Tanult a mv.-i Ref. Koll.-ban (1924–36); Kv.-on Kemény János és Máriaffy Lajos segítségével jogot hallgatott (1936–40), közben a mv.-i Leszámítoló és Pénzbankban dolgozott; jogi doktorátust szerzett (1941); élénk közéleti tevékenységet folytatott: sportolt, létrehozta a mv.-i Főiskolások és Középiskolások Egyesületét, részt vett a Mv.-i Találkozón (1938); jogi fogalmazó a mv.-i járásbíróságon, majd ügyvédi irodában dolgozott (1941–). Több rendbeli katonai szolgálatot teljesített; ügyvédi irodát nyitott (1945); elhagyta Mv.-t (1947), Magyaro.-on telepedett le, előbb Pécsett, majd Győrön nyitott ügyvédi irodát; részt vett az 56-os győri forradalomban, a Győri Forradalmi Tanács és a Dunántúli Nemzeti Tanács titkára volt. A forradalom után Nyugatra menekült (1956. nov. 15); Bázelben telepedett le, ott bankban dolgozott, majd vállalati igazgató lett; aktív közéleti tevékenységet folytatott: megalapította a Baseli Magyar Egyesületet, a Svájci Magyar Egyesületek Szövetségének főtitkára lett (1957); megkapta a svájci állampolgárságot (1971). Egyik alapítója az Európai Magyar Protestáns Szabadegyetemnek (1969), bekapcsolódott a Szabadegyetem munkálataiba (1973), melynek elnöke (1976–82), elnökségi tagja (–1993), a pénzügyek vezetője; létrehozta az EMPSZ Könyvbaráti körét ezzel megteremtve a könyvkiadás anyagi bázisát; kiadták többek között Bibó István műveit, Sütő András: Csillag a máglyán c. színművét németül; a rendszerváltás után bekapcsolódott a magyaro.-i gazdasági kulturális életbe: tiszteletbeli bázeli konzul (1991–); a Teleki László Alapítvány kuratóriumi tagja (1991–94); a Duna Televízió Közalapítvány elnöke (1995–2002); végleg Mo.-ra telepedett Felsőőrön lakott (1993); a Teleki Tékáért Alapítvány egyik kezdeményezője (1993); részt vett a szovátai EMPSZ konferencián (1993), 46 év után először látogatva szülőföldjére. – <strong>F. m.</strong>: Csillagóráim: XX. századi találkozások (Veszprém-Básel, 2005). <br /><strong>Irod.:</strong> Borbándi; Borbáth; Búcsú egy európai magyartól (Nú., Múzsa, 725. sz., 2006. febr. 11.); Emlékkönyv (Veszprém, 1998); PIM; Encyc. Hung.; Szöllősy Árpád: Csillagóráim: XX. századi találkozások (Veszprém–Bázel, 2005).</br></p>

<p>Mv., 1918. máj. 19., † Felsőőrs, 2006. jan. 16.: jogász, egyesületvezető. – Tanult a mv.-i Ref. Koll.-ban (1924–36); Kv.-on Kemény János és Máriaffy Lajos segítségével jogot hallgatott (1936–40), közben a mv.-i Leszámítoló és Pénzbankban dolgozott; jogi doktorátust szerzett (1941); élénk közéleti tevékenységet folytatott: sportolt, létrehozta a mv.-i Főiskolások és Középiskolások Egyesületét, részt vett a Mv.-i [&hellip;]</p>
