{"id":22487,"date":"2025-07-22T20:02:59","date_gmt":"2025-07-22T18:02:59","guid":{"rendered":"https:\/\/uj.adatbank.ro\/lexikon\/termek\/szollosy-istvan\/"},"modified":"2025-07-22T20:02:59","modified_gmt":"2025-07-22T18:02:59","slug":"szollosy-istvan","status":"publish","type":"product","link":"https:\/\/uj.adatbank.ro\/lexikon\/termek\/szollosy-istvan\/","title":{"rendered":"SZ\u00d6LL\u0150SY Istv\u00e1n"},"content":{"rendered":"<p>1830.,\u00a0\u2020 Mv., 1898: ref. lelk\u00e9sz. \u2013 Mv.-en a Ref. Koll. tanul\u00f3ja (1846\u2013).1848\/49 a f\u00fcggetlens\u00e9gi p\u00e1rt eln\u00f6ke. Jedden volt par\u00f3ki\u00e1ja, majd Sz\u00e9kesre ker\u00fclt (1857\u201366). Nev\u00e9hez f\u0171z\u0151dik a napjainkban is haszn\u00e1latban lev\u0151 papi lak \u00e9p\u00edt\u00e9se (1861\u201367). \u00d6zvegye, f\u00e9rje hal\u00e1la ut\u00e1n, annak hagyat\u00e9k\u00e1b\u00f3l, a Mv.-i Ref. Koll.-nak adom\u00e1nyozott 23 m\u0171vet 60 k\u00f6tetben \u00e9s \u00f6t k\u00e9ziratos pr\u00e9dik\u00e1ci\u00f3gy\u0171jtem\u00e9nyt (1902) <br \/><strong>Irod.:<\/strong> P\u00e1lmay J\u00f3zsef; Sebesty\u00e9n; Sz\u00e9kes.<\/br><\/p>\n","protected":false},"excerpt":{"rendered":"<p>1830.,\u00a0\u2020 Mv., 1898: ref. lelk\u00e9sz. \u2013 Mv.-en a Ref. Koll. tanul\u00f3ja (1846\u2013).1848\/49 a f\u00fcggetlens\u00e9gi p\u00e1rt eln\u00f6ke. Jedden volt par\u00f3ki\u00e1ja, majd Sz\u00e9kesre ker\u00fclt (1857\u201366). Nev\u00e9hez f\u0171z\u0151dik a napjainkban is haszn\u00e1latban lev\u0151 papi lak \u00e9p\u00edt\u00e9se (1861\u201367). \u00d6zvegye, f\u00e9rje hal\u00e1la ut\u00e1n, annak hagyat\u00e9k\u00e1b\u00f3l, a Mv.-i Ref. Koll.-nak adom\u00e1nyozott 23 m\u0171vet 60 k\u00f6tetben \u00e9s \u00f6t k\u00e9ziratos pr\u00e9dik\u00e1ci\u00f3gy\u0171jtem\u00e9nyt (1902) Irod.: [&hellip;]<\/p>\n","protected":false},"featured_media":0,"comment_status":"open","ping_status":"closed","template":"","meta":[],"product_brand":[],"product_cat":[137],"product_tag":[],"class_list":{"0":"post-22487","1":"product","2":"type-product","3":"status-publish","5":"product_cat-maros-megyei-eletrajzi-lexikon","7":"first","8":"instock","9":"shipping-taxable","10":"product-type-simple"},"_links":{"self":[{"href":"https:\/\/uj.adatbank.ro\/lexikon\/wp-json\/wp\/v2\/product\/22487","targetHints":{"allow":["GET"]}}],"collection":[{"href":"https:\/\/uj.adatbank.ro\/lexikon\/wp-json\/wp\/v2\/product"}],"about":[{"href":"https:\/\/uj.adatbank.ro\/lexikon\/wp-json\/wp\/v2\/types\/product"}],"replies":[{"embeddable":true,"href":"https:\/\/uj.adatbank.ro\/lexikon\/wp-json\/wp\/v2\/comments?post=22487"}],"wp:attachment":[{"href":"https:\/\/uj.adatbank.ro\/lexikon\/wp-json\/wp\/v2\/media?parent=22487"}],"wp:term":[{"taxonomy":"product_brand","embeddable":true,"href":"https:\/\/uj.adatbank.ro\/lexikon\/wp-json\/wp\/v2\/product_brand?post=22487"},{"taxonomy":"product_cat","embeddable":true,"href":"https:\/\/uj.adatbank.ro\/lexikon\/wp-json\/wp\/v2\/product_cat?post=22487"},{"taxonomy":"product_tag","embeddable":true,"href":"https:\/\/uj.adatbank.ro\/lexikon\/wp-json\/wp\/v2\/product_tag?post=22487"}],"curies":[{"name":"wp","href":"https:\/\/api.w.org\/{rel}","templated":true}]}}

SZÖLLŐSY István

<p>1830., † Mv., 1898: ref. lelkész. – Mv.-en a Ref. Koll. tanulója (1846–).1848/49 a függetlenségi párt elnöke. Jedden volt parókiája, majd Székesre került (1857–66). Nevéhez fűződik a napjainkban is használatban levő papi lak építése (1861–67). Özvegye, férje halála után, annak hagyatékából, a Mv.-i Ref. Koll.-nak adományozott 23 művet 60 kötetben és öt kéziratos prédikációgyűjteményt (1902) <br /><strong>Irod.:</strong> Pálmay József; Sebestyén; Székes.</br></p>

<p>1830., † Mv., 1898: ref. lelkész. – Mv.-en a Ref. Koll. tanulója (1846–).1848/49 a függetlenségi párt elnöke. Jedden volt parókiája, majd Székesre került (1857–66). Nevéhez fűződik a napjainkban is használatban levő papi lak építése (1861–67). Özvegye, férje halála után, annak hagyatékából, a Mv.-i Ref. Koll.-nak adományozott 23 művet 60 kötetben és öt kéziratos prédikációgyűjteményt (1902) Irod.: [&hellip;]</p>
