{"id":22489,"date":"2025-07-22T20:03:03","date_gmt":"2025-07-22T18:03:03","guid":{"rendered":"https:\/\/uj.adatbank.ro\/lexikon\/termek\/szollosy-roza\/"},"modified":"2025-07-22T20:03:03","modified_gmt":"2025-07-22T18:03:03","slug":"szollosy-roza","status":"publish","type":"product","link":"https:\/\/uj.adatbank.ro\/lexikon\/termek\/szollosy-roza\/","title":{"rendered":"SZ\u00d6LL\u0150SY R\u00f3za"},"content":{"rendered":"<p>Mv., 1841. m\u00e1rc., \u2020 R\u00e1kospalota, 1875. szept. 26.: t\u00e1ncosn\u0151. \u2013 Sz\u00f6ll\u0151sy Szab\u00f3 Lajos (1803\u20131882) t\u00e1ncos, koreogr\u00e1fus l\u00e1nya. \u2013 \u00c9desapj\u00e1t\u00f3l tanult t\u00e1ncolni. P\u00e1lyafut\u00e1s\u00e1t vid\u00e9ken kezdte, m. t\u00e1ncok bemutat\u00e1s\u00e1val l\u00e9pett fel csal\u00e1dj\u00e1val egy\u00fctt. A Budai N\u00e9psz\u00ednh\u00e1zban, h\u00fag\u00e1val, Pirosk\u00e1val mutatt\u00e1k be az \u00e9desapjuk \u00e1ltal koreograf\u00e1lt Vasmegyei cs\u00e1rd\u00e1st (1861), amely \u00f3ri\u00e1si n\u00e9pszer\u0171s\u00e9get szerzett sz\u00e1mukra. A sz\u00ednh\u00e1z ekkor szerz\u0151dtette naiva szerepk\u00f6rben. Kv.-on szerepelt (1862\u201363), hal\u00e1l\u00e1ig a Nemzeti Sz\u00ednh\u00e1z tagja volt (1864\u201375). \u2013 <strong>F. sz.:<\/strong> Tit\u00e1nia (Sh.: Szentiv\u00e1n\u00e9ji \u00e1lom); R\u00f3zsi (Szigligeti E.: A cig\u00e1ny); Boleyn Anna (Sh.: VIII. Henrik). <br \/><strong>Irod.:<\/strong> MSZL.<\/br><\/p>\n","protected":false},"excerpt":{"rendered":"<p>Mv., 1841. m\u00e1rc., \u2020 R\u00e1kospalota, 1875. szept. 26.: t\u00e1ncosn\u0151. \u2013 Sz\u00f6ll\u0151sy Szab\u00f3 Lajos (1803\u20131882) t\u00e1ncos, koreogr\u00e1fus l\u00e1nya. \u2013 \u00c9desapj\u00e1t\u00f3l tanult t\u00e1ncolni. P\u00e1lyafut\u00e1s\u00e1t vid\u00e9ken kezdte, m. t\u00e1ncok bemutat\u00e1s\u00e1val l\u00e9pett fel csal\u00e1dj\u00e1val egy\u00fctt. A Budai N\u00e9psz\u00ednh\u00e1zban, h\u00fag\u00e1val, Pirosk\u00e1val mutatt\u00e1k be az \u00e9desapjuk \u00e1ltal koreograf\u00e1lt Vasmegyei cs\u00e1rd\u00e1st (1861), amely \u00f3ri\u00e1si n\u00e9pszer\u0171s\u00e9get szerzett sz\u00e1mukra. A sz\u00ednh\u00e1z ekkor szerz\u0151dtette naiva [&hellip;]<\/p>\n","protected":false},"featured_media":0,"comment_status":"open","ping_status":"closed","template":"","meta":[],"product_brand":[],"product_cat":[137],"product_tag":[],"class_list":{"0":"post-22489","1":"product","2":"type-product","3":"status-publish","5":"product_cat-maros-megyei-eletrajzi-lexikon","7":"first","8":"instock","9":"shipping-taxable","10":"product-type-simple"},"_links":{"self":[{"href":"https:\/\/uj.adatbank.ro\/lexikon\/wp-json\/wp\/v2\/product\/22489","targetHints":{"allow":["GET"]}}],"collection":[{"href":"https:\/\/uj.adatbank.ro\/lexikon\/wp-json\/wp\/v2\/product"}],"about":[{"href":"https:\/\/uj.adatbank.ro\/lexikon\/wp-json\/wp\/v2\/types\/product"}],"replies":[{"embeddable":true,"href":"https:\/\/uj.adatbank.ro\/lexikon\/wp-json\/wp\/v2\/comments?post=22489"}],"wp:attachment":[{"href":"https:\/\/uj.adatbank.ro\/lexikon\/wp-json\/wp\/v2\/media?parent=22489"}],"wp:term":[{"taxonomy":"product_brand","embeddable":true,"href":"https:\/\/uj.adatbank.ro\/lexikon\/wp-json\/wp\/v2\/product_brand?post=22489"},{"taxonomy":"product_cat","embeddable":true,"href":"https:\/\/uj.adatbank.ro\/lexikon\/wp-json\/wp\/v2\/product_cat?post=22489"},{"taxonomy":"product_tag","embeddable":true,"href":"https:\/\/uj.adatbank.ro\/lexikon\/wp-json\/wp\/v2\/product_tag?post=22489"}],"curies":[{"name":"wp","href":"https:\/\/api.w.org\/{rel}","templated":true}]}}

SZÖLLŐSY Róza

<p>Mv., 1841. márc., † Rákospalota, 1875. szept. 26.: táncosnő. – Szöllősy Szabó Lajos (1803–1882) táncos, koreográfus lánya. – Édesapjától tanult táncolni. Pályafutását vidéken kezdte, m. táncok bemutatásával lépett fel családjával együtt. A Budai Népszínházban, húgával, Piroskával mutatták be az édesapjuk által koreografált Vasmegyei csárdást (1861), amely óriási népszerűséget szerzett számukra. A színház ekkor szerződtette naiva szerepkörben. Kv.-on szerepelt (1862–63), haláláig a Nemzeti Színház tagja volt (1864–75). – <strong>F. sz.:</strong> Titánia (Sh.: Szentivánéji álom); Rózsi (Szigligeti E.: A cigány); Boleyn Anna (Sh.: VIII. Henrik). <br /><strong>Irod.:</strong> MSZL.</br></p>

<p>Mv., 1841. márc., † Rákospalota, 1875. szept. 26.: táncosnő. – Szöllősy Szabó Lajos (1803–1882) táncos, koreográfus lánya. – Édesapjától tanult táncolni. Pályafutását vidéken kezdte, m. táncok bemutatásával lépett fel családjával együtt. A Budai Népszínházban, húgával, Piroskával mutatták be az édesapjuk által koreografált Vasmegyei csárdást (1861), amely óriási népszerűséget szerzett számukra. A színház ekkor szerződtette naiva [&hellip;]</p>
