{"id":2249,"date":"2025-06-28T12:08:15","date_gmt":"2025-06-28T10:08:15","guid":{"rendered":"https:\/\/uj.adatbank.ro\/lexikon\/termek\/banyai-szekely-daniel\/"},"modified":"2025-06-28T12:08:15","modified_gmt":"2025-06-28T10:08:15","slug":"banyai-szekely-daniel","status":"publish","type":"product","link":"https:\/\/uj.adatbank.ro\/lexikon\/termek\/banyai-szekely-daniel\/","title":{"rendered":"B\u00c1NYAI SZ\u00c9KELY D\u00e1niel"},"content":{"rendered":"<p>? \u2020 Mv., 1850. \u00e1pr. 17.: v\u00e1rosi tan\u00e1csos. \u2013 Feles\u00e9ge: Soos Zsuzs\u00e1nna (1789 \u2013 1861. m\u00e1j. 9.). \u2013 Mv.-en v\u00e1rosi szen\u00e1tor, alb\u00edr\u00f3 (1805), cs\u0151d- \u00e9s elsz\u00e1moltat\u00f3 biztos (1825), archivarius (1837). Gyakran lehet tal\u00e1lkozni nev\u00e9vel lev\u00e9lt\u00e1ri okm\u00e1nyokon \u00e9s jegyz\u0151k\u00f6nyvekben. Az 1849. m\u00e1rc.-ban meg\u00faj\u00edtott tan\u00e1csban a k\u00f6zkereset al\u00e1 tartoz\u00f3 esteknek \u00e9s a foglyok \u00fcgyeinek el\u0151ad\u00f3ja, fogh\u00e1zi fel\u00fcgyel\u0151 \u00e9s a cs\u0151dbizotm\u00e1ny eln\u00f6ke. <br \/><strong>Irod.:<\/strong> Csekme; Gy\u00e1szjelent\u0151; Kr\u00f3n. F\u00fcz. (1939. 4\/6); P\u00e1l-Antal; P\u00e1l-Antal 2002; P\u00e1lmay J\u00f3zsef<\/br><\/p>\n","protected":false},"excerpt":{"rendered":"<p>? \u2020 Mv., 1850. \u00e1pr. 17.: v\u00e1rosi tan\u00e1csos. \u2013 Feles\u00e9ge: Soos Zsuzs\u00e1nna (1789 \u2013 1861. m\u00e1j. 9.). \u2013 Mv.-en v\u00e1rosi szen\u00e1tor, alb\u00edr\u00f3 (1805), cs\u0151d- \u00e9s elsz\u00e1moltat\u00f3 biztos (1825), archivarius (1837). Gyakran lehet tal\u00e1lkozni nev\u00e9vel lev\u00e9lt\u00e1ri okm\u00e1nyokon \u00e9s jegyz\u0151k\u00f6nyvekben. Az 1849. m\u00e1rc.-ban meg\u00faj\u00edtott tan\u00e1csban a k\u00f6zkereset al\u00e1 tartoz\u00f3 esteknek \u00e9s a foglyok \u00fcgyeinek el\u0151ad\u00f3ja, fogh\u00e1zi fel\u00fcgyel\u0151 [&hellip;]<\/p>\n","protected":false},"featured_media":0,"comment_status":"open","ping_status":"closed","template":"","meta":[],"product_brand":[],"product_cat":[137],"product_tag":[],"class_list":{"0":"post-2249","1":"product","2":"type-product","3":"status-publish","5":"product_cat-maros-megyei-eletrajzi-lexikon","7":"first","8":"instock","9":"shipping-taxable","10":"product-type-simple"},"_links":{"self":[{"href":"https:\/\/uj.adatbank.ro\/lexikon\/wp-json\/wp\/v2\/product\/2249","targetHints":{"allow":["GET"]}}],"collection":[{"href":"https:\/\/uj.adatbank.ro\/lexikon\/wp-json\/wp\/v2\/product"}],"about":[{"href":"https:\/\/uj.adatbank.ro\/lexikon\/wp-json\/wp\/v2\/types\/product"}],"replies":[{"embeddable":true,"href":"https:\/\/uj.adatbank.ro\/lexikon\/wp-json\/wp\/v2\/comments?post=2249"}],"wp:attachment":[{"href":"https:\/\/uj.adatbank.ro\/lexikon\/wp-json\/wp\/v2\/media?parent=2249"}],"wp:term":[{"taxonomy":"product_brand","embeddable":true,"href":"https:\/\/uj.adatbank.ro\/lexikon\/wp-json\/wp\/v2\/product_brand?post=2249"},{"taxonomy":"product_cat","embeddable":true,"href":"https:\/\/uj.adatbank.ro\/lexikon\/wp-json\/wp\/v2\/product_cat?post=2249"},{"taxonomy":"product_tag","embeddable":true,"href":"https:\/\/uj.adatbank.ro\/lexikon\/wp-json\/wp\/v2\/product_tag?post=2249"}],"curies":[{"name":"wp","href":"https:\/\/api.w.org\/{rel}","templated":true}]}}

BÁNYAI SZÉKELY Dániel

<p>? † Mv., 1850. ápr. 17.: városi tanácsos. – Felesége: Soos Zsuzsánna (1789 – 1861. máj. 9.). – Mv.-en városi szenátor, albíró (1805), csőd- és elszámoltató biztos (1825), archivarius (1837). Gyakran lehet találkozni nevével levéltári okmányokon és jegyzőkönyvekben. Az 1849. márc.-ban megújított tanácsban a közkereset alá tartozó esteknek és a foglyok ügyeinek előadója, fogházi felügyelő és a csődbizotmány elnöke. <br /><strong>Irod.:</strong> Csekme; Gyászjelentő; Krón. Füz. (1939. 4/6); Pál-Antal; Pál-Antal 2002; Pálmay József</br></p>

<p>? † Mv., 1850. ápr. 17.: városi tanácsos. – Felesége: Soos Zsuzsánna (1789 – 1861. máj. 9.). – Mv.-en városi szenátor, albíró (1805), csőd- és elszámoltató biztos (1825), archivarius (1837). Gyakran lehet találkozni nevével levéltári okmányokon és jegyzőkönyvekben. Az 1849. márc.-ban megújított tanácsban a közkereset alá tartozó esteknek és a foglyok ügyeinek előadója, fogházi felügyelő [&hellip;]</p>
