{"id":22494,"date":"2025-07-22T20:03:16","date_gmt":"2025-07-22T18:03:16","guid":{"rendered":"https:\/\/uj.adatbank.ro\/lexikon\/termek\/szolosi-mihaly-szolosi-szoleosi-szolosi-szolossi\/"},"modified":"2025-07-22T20:03:16","modified_gmt":"2025-07-22T18:03:16","slug":"szolosi-mihaly-szolosi-szoleosi-szolosi-szolossi","status":"publish","type":"product","link":"https:\/\/uj.adatbank.ro\/lexikon\/termek\/szolosi-mihaly-szolosi-szoleosi-szolosi-szolossi\/","title":{"rendered":"SZ\u0150L\u0150SI Mih\u00e1ly, Sz\u00f6l\u00f6si, Sz\u0151le\u0151si, Szolosi, Szol\u00f6ssi"},"content":{"rendered":"<p>? \u2020?: pr\u00e9dik\u00e1tor. \u2013 Teleki Mih\u00e1ly udvari pr\u00e9dik\u00e1torak\u00e9nt szolg\u00e1lt (1675. \u00e1pr. 15-ig). <br \/><strong>Irod.:<\/strong> Teleki Mih\u00e1ly udvartart\u00e1si napl\u00f3ja (1673\u20131681) (Kv., 2007).<\/br><\/p>\n","protected":false},"excerpt":{"rendered":"<p>? \u2020?: pr\u00e9dik\u00e1tor. \u2013 Teleki Mih\u00e1ly udvari pr\u00e9dik\u00e1torak\u00e9nt szolg\u00e1lt (1675. \u00e1pr. 15-ig). Irod.: Teleki Mih\u00e1ly udvartart\u00e1si napl\u00f3ja (1673\u20131681) (Kv., 2007).<\/p>\n","protected":false},"featured_media":0,"comment_status":"open","ping_status":"closed","template":"","meta":[],"product_brand":[],"product_cat":[137],"product_tag":[],"class_list":{"0":"post-22494","1":"product","2":"type-product","3":"status-publish","5":"product_cat-maros-megyei-eletrajzi-lexikon","7":"first","8":"instock","9":"shipping-taxable","10":"product-type-simple"},"_links":{"self":[{"href":"https:\/\/uj.adatbank.ro\/lexikon\/wp-json\/wp\/v2\/product\/22494","targetHints":{"allow":["GET"]}}],"collection":[{"href":"https:\/\/uj.adatbank.ro\/lexikon\/wp-json\/wp\/v2\/product"}],"about":[{"href":"https:\/\/uj.adatbank.ro\/lexikon\/wp-json\/wp\/v2\/types\/product"}],"replies":[{"embeddable":true,"href":"https:\/\/uj.adatbank.ro\/lexikon\/wp-json\/wp\/v2\/comments?post=22494"}],"wp:attachment":[{"href":"https:\/\/uj.adatbank.ro\/lexikon\/wp-json\/wp\/v2\/media?parent=22494"}],"wp:term":[{"taxonomy":"product_brand","embeddable":true,"href":"https:\/\/uj.adatbank.ro\/lexikon\/wp-json\/wp\/v2\/product_brand?post=22494"},{"taxonomy":"product_cat","embeddable":true,"href":"https:\/\/uj.adatbank.ro\/lexikon\/wp-json\/wp\/v2\/product_cat?post=22494"},{"taxonomy":"product_tag","embeddable":true,"href":"https:\/\/uj.adatbank.ro\/lexikon\/wp-json\/wp\/v2\/product_tag?post=22494"}],"curies":[{"name":"wp","href":"https:\/\/api.w.org\/{rel}","templated":true}]}}