{"id":22500,"date":"2025-07-22T20:03:29","date_gmt":"2025-07-22T18:03:29","guid":{"rendered":"https:\/\/uj.adatbank.ro\/lexikon\/termek\/szombath-bela\/"},"modified":"2025-07-22T20:03:29","modified_gmt":"2025-07-22T18:03:29","slug":"szombath-bela","status":"publish","type":"product","link":"https:\/\/uj.adatbank.ro\/lexikon\/termek\/szombath-bela\/","title":{"rendered":"SZOMBATH B\u00e9la"},"content":{"rendered":"<p>Marosludas, 1910., \u2020 Bp., 1987.: fest\u0151. \u2013 A bp.-i k\u00e9pz\u0151m\u0171v\u00e9szeti F\u0151iskol\u00e1n Glatz Oszk\u00e1r \u00e9s Burgh\u00e1rdt Rezs\u0151 tan\u00edtv\u00e1nya, majd tan\u00e1rseg\u00e9dje. Munk\u00e1csy-d\u00edjas. Portr\u00e9fest\u0151, majd restaur\u00e1tork\u00e9nt sz\u00e1mos olt\u00e1rk\u00e9pet hozott rendbe. <br \/><strong>Irod.:<\/strong> Szab\u00f3\u2013K\u00e1llai.<\/br><\/p>\n","protected":false},"excerpt":{"rendered":"<p>Marosludas, 1910., \u2020 Bp., 1987.: fest\u0151. \u2013 A bp.-i k\u00e9pz\u0151m\u0171v\u00e9szeti F\u0151iskol\u00e1n Glatz Oszk\u00e1r \u00e9s Burgh\u00e1rdt Rezs\u0151 tan\u00edtv\u00e1nya, majd tan\u00e1rseg\u00e9dje. Munk\u00e1csy-d\u00edjas. Portr\u00e9fest\u0151, majd restaur\u00e1tork\u00e9nt sz\u00e1mos olt\u00e1rk\u00e9pet hozott rendbe. Irod.: Szab\u00f3\u2013K\u00e1llai.<\/p>\n","protected":false},"featured_media":0,"comment_status":"open","ping_status":"closed","template":"","meta":[],"product_brand":[],"product_cat":[137],"product_tag":[],"class_list":{"0":"post-22500","1":"product","2":"type-product","3":"status-publish","5":"product_cat-maros-megyei-eletrajzi-lexikon","7":"first","8":"instock","9":"shipping-taxable","10":"product-type-simple"},"_links":{"self":[{"href":"https:\/\/uj.adatbank.ro\/lexikon\/wp-json\/wp\/v2\/product\/22500","targetHints":{"allow":["GET"]}}],"collection":[{"href":"https:\/\/uj.adatbank.ro\/lexikon\/wp-json\/wp\/v2\/product"}],"about":[{"href":"https:\/\/uj.adatbank.ro\/lexikon\/wp-json\/wp\/v2\/types\/product"}],"replies":[{"embeddable":true,"href":"https:\/\/uj.adatbank.ro\/lexikon\/wp-json\/wp\/v2\/comments?post=22500"}],"wp:attachment":[{"href":"https:\/\/uj.adatbank.ro\/lexikon\/wp-json\/wp\/v2\/media?parent=22500"}],"wp:term":[{"taxonomy":"product_brand","embeddable":true,"href":"https:\/\/uj.adatbank.ro\/lexikon\/wp-json\/wp\/v2\/product_brand?post=22500"},{"taxonomy":"product_cat","embeddable":true,"href":"https:\/\/uj.adatbank.ro\/lexikon\/wp-json\/wp\/v2\/product_cat?post=22500"},{"taxonomy":"product_tag","embeddable":true,"href":"https:\/\/uj.adatbank.ro\/lexikon\/wp-json\/wp\/v2\/product_tag?post=22500"}],"curies":[{"name":"wp","href":"https:\/\/api.w.org\/{rel}","templated":true}]}}