{"id":22501,"date":"2025-07-22T20:03:31","date_gmt":"2025-07-22T18:03:31","guid":{"rendered":"https:\/\/uj.adatbank.ro\/lexikon\/termek\/szombath-monika-dr-szul-kovats\/"},"modified":"2025-07-22T20:03:31","modified_gmt":"2025-07-22T18:03:31","slug":"szombath-monika-dr-szul-kovats","status":"publish","type":"product","link":"https:\/\/uj.adatbank.ro\/lexikon\/termek\/szombath-monika-dr-szul-kovats\/","title":{"rendered":"SZOMBATH Monika dr., sz\u00fcl. Kov\u00e1ts"},"content":{"rendered":"<p>Mv., 1959., \u2020 2004: orvos. \u2013 Az Unirea L\u00edc.-ban tanult \u00e9s \u00e9retts\u00e9gizett (1979). S\u00falyos fejl\u0151d\u00e9si rendelleness\u00e9ggel sz\u00fcletett. A MOGYI gyermekorvosi kar\u00e1n v\u00e9gzett (1985). A moldvai kihelyez\u00e9s\u00e9t nem fogadta el, Mv.-en a Sz\u00fcl\u00e9szeti, majd a Seb\u00e9szeti klinik\u00e1n dolgozott. \u00c9desanyj\u00e1val kitelepedett N\u00e9metorsz\u00e1gba. Eg\u00e9szs\u00e9gi \u00e1llapota romlott, M\u00fcnchenben m\u0171t\u00f6tt\u00e9k (2004), de nem \u00e9lte t\u00fal. \u00c9desanyja is meghalt Covid-fert\u0151z\u00e9sben (2021. m\u00e1rc.). Mv.-en a ref. temet\u0151ben nyugszanak.<\/br><\/p>\n","protected":false},"excerpt":{"rendered":"<p>Mv., 1959., \u2020 2004: orvos. \u2013 Az Unirea L\u00edc.-ban tanult \u00e9s \u00e9retts\u00e9gizett (1979). S\u00falyos fejl\u0151d\u00e9si rendelleness\u00e9ggel sz\u00fcletett. A MOGYI gyermekorvosi kar\u00e1n v\u00e9gzett (1985). A moldvai kihelyez\u00e9s\u00e9t nem fogadta el, Mv.-en a Sz\u00fcl\u00e9szeti, majd a Seb\u00e9szeti klinik\u00e1n dolgozott. \u00c9desanyj\u00e1val kitelepedett N\u00e9metorsz\u00e1gba. Eg\u00e9szs\u00e9gi \u00e1llapota romlott, M\u00fcnchenben m\u0171t\u00f6tt\u00e9k (2004), de nem \u00e9lte t\u00fal. \u00c9desanyja is meghalt Covid-fert\u0151z\u00e9sben (2021. [&hellip;]<\/p>\n","protected":false},"featured_media":0,"comment_status":"open","ping_status":"closed","template":"","meta":[],"product_brand":[],"product_cat":[137],"product_tag":[],"class_list":{"0":"post-22501","1":"product","2":"type-product","3":"status-publish","5":"product_cat-maros-megyei-eletrajzi-lexikon","7":"first","8":"instock","9":"shipping-taxable","10":"product-type-simple"},"_links":{"self":[{"href":"https:\/\/uj.adatbank.ro\/lexikon\/wp-json\/wp\/v2\/product\/22501","targetHints":{"allow":["GET"]}}],"collection":[{"href":"https:\/\/uj.adatbank.ro\/lexikon\/wp-json\/wp\/v2\/product"}],"about":[{"href":"https:\/\/uj.adatbank.ro\/lexikon\/wp-json\/wp\/v2\/types\/product"}],"replies":[{"embeddable":true,"href":"https:\/\/uj.adatbank.ro\/lexikon\/wp-json\/wp\/v2\/comments?post=22501"}],"wp:attachment":[{"href":"https:\/\/uj.adatbank.ro\/lexikon\/wp-json\/wp\/v2\/media?parent=22501"}],"wp:term":[{"taxonomy":"product_brand","embeddable":true,"href":"https:\/\/uj.adatbank.ro\/lexikon\/wp-json\/wp\/v2\/product_brand?post=22501"},{"taxonomy":"product_cat","embeddable":true,"href":"https:\/\/uj.adatbank.ro\/lexikon\/wp-json\/wp\/v2\/product_cat?post=22501"},{"taxonomy":"product_tag","embeddable":true,"href":"https:\/\/uj.adatbank.ro\/lexikon\/wp-json\/wp\/v2\/product_tag?post=22501"}],"curies":[{"name":"wp","href":"https:\/\/api.w.org\/{rel}","templated":true}]}}

SZOMBATH Monika dr., szül. Kováts

<p>Mv., 1959., † 2004: orvos. – Az Unirea Líc.-ban tanult és érettségizett (1979). Súlyos fejlődési rendellenességgel született. A MOGYI gyermekorvosi karán végzett (1985). A moldvai kihelyezését nem fogadta el, Mv.-en a Szülészeti, majd a Sebészeti klinikán dolgozott. Édesanyjával kitelepedett Németországba. Egészségi állapota romlott, Münchenben műtötték (2004), de nem élte túl. Édesanyja is meghalt Covid-fertőzésben (2021. márc.). Mv.-en a ref. temetőben nyugszanak.</br></p>

<p>Mv., 1959., † 2004: orvos. – Az Unirea Líc.-ban tanult és érettségizett (1979). Súlyos fejlődési rendellenességgel született. A MOGYI gyermekorvosi karán végzett (1985). A moldvai kihelyezését nem fogadta el, Mv.-en a Szülészeti, majd a Sebészeti klinikán dolgozott. Édesanyjával kitelepedett Németországba. Egészségi állapota romlott, Münchenben műtötték (2004), de nem élte túl. Édesanyja is meghalt Covid-fertőzésben (2021. [&hellip;]</p>
