{"id":22512,"date":"2025-07-22T20:03:56","date_gmt":"2025-07-22T18:03:56","guid":{"rendered":"https:\/\/uj.adatbank.ro\/lexikon\/termek\/szonyi-eva\/"},"modified":"2025-07-22T20:03:56","modified_gmt":"2025-07-22T18:03:56","slug":"szonyi-eva","status":"publish","type":"product","link":"https:\/\/uj.adatbank.ro\/lexikon\/termek\/szonyi-eva\/","title":{"rendered":"SZ\u0150NYI \u00c9va"},"content":{"rendered":"<p>? \u2020?: f\u0171szer- \u00e9s csemegekeresked\u0151. \u2013 \u00c9desapja Sz. G\u00e9za lelk\u00e9sz volt. Tanulm\u00e1nyai elv\u00e9gz\u00e9se ut\u00e1n a kereskedelemben helyezkedett el. Holbach Ede csemege \u00fczlete Magyar Gazd\u00e1k Sz\u00f6vetkezetek\u00e9nt (MAGASZ\u00d3) m\u0171k\u00f6d\u00f6tt tov\u00e1bb, vezet\u0151je Sz. \u00c9. volt (1938\u2013) az \u00e1llamos\u00edt\u00e1sig. A kultur\u00e1lis \u00e9s szoci\u00e1lis int\u00e9zm\u00e9nyek t\u00e1mogat\u00f3ja volt. <br \/><strong>Irod.:<\/strong> Sipos; Sz\u00e9kelyf\u00f6ld \u00ed. k.<\/br><\/p>\n","protected":false},"excerpt":{"rendered":"<p>? \u2020?: f\u0171szer- \u00e9s csemegekeresked\u0151. \u2013 \u00c9desapja Sz. G\u00e9za lelk\u00e9sz volt. Tanulm\u00e1nyai elv\u00e9gz\u00e9se ut\u00e1n a kereskedelemben helyezkedett el. Holbach Ede csemege \u00fczlete Magyar Gazd\u00e1k Sz\u00f6vetkezetek\u00e9nt (MAGASZ\u00d3) m\u0171k\u00f6d\u00f6tt tov\u00e1bb, vezet\u0151je Sz. \u00c9. volt (1938\u2013) az \u00e1llamos\u00edt\u00e1sig. A kultur\u00e1lis \u00e9s szoci\u00e1lis int\u00e9zm\u00e9nyek t\u00e1mogat\u00f3ja volt. Irod.: Sipos; Sz\u00e9kelyf\u00f6ld \u00ed. k.<\/p>\n","protected":false},"featured_media":0,"comment_status":"open","ping_status":"closed","template":"","meta":[],"product_brand":[],"product_cat":[137],"product_tag":[],"class_list":{"0":"post-22512","1":"product","2":"type-product","3":"status-publish","5":"product_cat-maros-megyei-eletrajzi-lexikon","7":"first","8":"instock","9":"shipping-taxable","10":"product-type-simple"},"_links":{"self":[{"href":"https:\/\/uj.adatbank.ro\/lexikon\/wp-json\/wp\/v2\/product\/22512","targetHints":{"allow":["GET"]}}],"collection":[{"href":"https:\/\/uj.adatbank.ro\/lexikon\/wp-json\/wp\/v2\/product"}],"about":[{"href":"https:\/\/uj.adatbank.ro\/lexikon\/wp-json\/wp\/v2\/types\/product"}],"replies":[{"embeddable":true,"href":"https:\/\/uj.adatbank.ro\/lexikon\/wp-json\/wp\/v2\/comments?post=22512"}],"wp:attachment":[{"href":"https:\/\/uj.adatbank.ro\/lexikon\/wp-json\/wp\/v2\/media?parent=22512"}],"wp:term":[{"taxonomy":"product_brand","embeddable":true,"href":"https:\/\/uj.adatbank.ro\/lexikon\/wp-json\/wp\/v2\/product_brand?post=22512"},{"taxonomy":"product_cat","embeddable":true,"href":"https:\/\/uj.adatbank.ro\/lexikon\/wp-json\/wp\/v2\/product_cat?post=22512"},{"taxonomy":"product_tag","embeddable":true,"href":"https:\/\/uj.adatbank.ro\/lexikon\/wp-json\/wp\/v2\/product_tag?post=22512"}],"curies":[{"name":"wp","href":"https:\/\/api.w.org\/{rel}","templated":true}]}}