{"id":22518,"date":"2025-07-22T20:04:10","date_gmt":"2025-07-22T18:04:10","guid":{"rendered":"https:\/\/uj.adatbank.ro\/lexikon\/termek\/szorgel-gyorgy\/"},"modified":"2025-07-22T20:04:10","modified_gmt":"2025-07-22T18:04:10","slug":"szorgel-gyorgy","status":"publish","type":"product","link":"https:\/\/uj.adatbank.ro\/lexikon\/termek\/szorgel-gyorgy\/","title":{"rendered":"SZORGEL Gy\u00f6rgy"},"content":{"rendered":"<p>1834? \u2020 Mv., 1880. \u00e1pr. 28.: ?. A mv.-i Iparos Polg\u00e1ri Dalegylet \u201et\u00f6bb \u00e9ven \u00e1t volt der\u00e9k z\u00e1szl\u00f3tart\u00f3ja\u201d, a dalegylet kitart\u00f3, \u00e1ldozatk\u00e9sz tagja. <br \/><strong>Irod.:<\/strong> Gy\u00e1szjelent\u0151.<\/br><\/p>\n","protected":false},"excerpt":{"rendered":"<p>1834? \u2020 Mv., 1880. \u00e1pr. 28.: ?. A mv.-i Iparos Polg\u00e1ri Dalegylet \u201et\u00f6bb \u00e9ven \u00e1t volt der\u00e9k z\u00e1szl\u00f3tart\u00f3ja\u201d, a dalegylet kitart\u00f3, \u00e1ldozatk\u00e9sz tagja. Irod.: Gy\u00e1szjelent\u0151.<\/p>\n","protected":false},"featured_media":0,"comment_status":"open","ping_status":"closed","template":"","meta":[],"product_brand":[],"product_cat":[137],"product_tag":[],"class_list":{"0":"post-22518","1":"product","2":"type-product","3":"status-publish","5":"product_cat-maros-megyei-eletrajzi-lexikon","7":"first","8":"instock","9":"shipping-taxable","10":"product-type-simple"},"_links":{"self":[{"href":"https:\/\/uj.adatbank.ro\/lexikon\/wp-json\/wp\/v2\/product\/22518","targetHints":{"allow":["GET"]}}],"collection":[{"href":"https:\/\/uj.adatbank.ro\/lexikon\/wp-json\/wp\/v2\/product"}],"about":[{"href":"https:\/\/uj.adatbank.ro\/lexikon\/wp-json\/wp\/v2\/types\/product"}],"replies":[{"embeddable":true,"href":"https:\/\/uj.adatbank.ro\/lexikon\/wp-json\/wp\/v2\/comments?post=22518"}],"wp:attachment":[{"href":"https:\/\/uj.adatbank.ro\/lexikon\/wp-json\/wp\/v2\/media?parent=22518"}],"wp:term":[{"taxonomy":"product_brand","embeddable":true,"href":"https:\/\/uj.adatbank.ro\/lexikon\/wp-json\/wp\/v2\/product_brand?post=22518"},{"taxonomy":"product_cat","embeddable":true,"href":"https:\/\/uj.adatbank.ro\/lexikon\/wp-json\/wp\/v2\/product_cat?post=22518"},{"taxonomy":"product_tag","embeddable":true,"href":"https:\/\/uj.adatbank.ro\/lexikon\/wp-json\/wp\/v2\/product_tag?post=22518"}],"curies":[{"name":"wp","href":"https:\/\/api.w.org\/{rel}","templated":true}]}}