{"id":22519,"date":"2025-07-22T20:04:12","date_gmt":"2025-07-22T18:04:12","guid":{"rendered":"https:\/\/uj.adatbank.ro\/lexikon\/termek\/szori-laszlo-istvan\/"},"modified":"2025-07-22T20:04:12","modified_gmt":"2025-07-22T18:04:12","slug":"szori-laszlo-istvan","status":"publish","type":"product","link":"https:\/\/uj.adatbank.ro\/lexikon\/termek\/szori-laszlo-istvan\/","title":{"rendered":"SZ\u0150RI L\u00c1SZL\u00d3 ISTV\u00c1N"},"content":{"rendered":"<p>1930 \u2020 Dics\u0151szentm\u00e1rton, 2003. dec. 24. : jogtan\u00e1csos.<\/br><\/p>\n","protected":false},"excerpt":{"rendered":"<p>1930 \u2020 Dics\u0151szentm\u00e1rton, 2003. dec. 24. : jogtan\u00e1csos.<\/p>\n","protected":false},"featured_media":0,"comment_status":"open","ping_status":"closed","template":"","meta":[],"product_brand":[],"product_cat":[137],"product_tag":[],"class_list":{"0":"post-22519","1":"product","2":"type-product","3":"status-publish","5":"product_cat-maros-megyei-eletrajzi-lexikon","7":"first","8":"instock","9":"shipping-taxable","10":"product-type-simple"},"_links":{"self":[{"href":"https:\/\/uj.adatbank.ro\/lexikon\/wp-json\/wp\/v2\/product\/22519","targetHints":{"allow":["GET"]}}],"collection":[{"href":"https:\/\/uj.adatbank.ro\/lexikon\/wp-json\/wp\/v2\/product"}],"about":[{"href":"https:\/\/uj.adatbank.ro\/lexikon\/wp-json\/wp\/v2\/types\/product"}],"replies":[{"embeddable":true,"href":"https:\/\/uj.adatbank.ro\/lexikon\/wp-json\/wp\/v2\/comments?post=22519"}],"wp:attachment":[{"href":"https:\/\/uj.adatbank.ro\/lexikon\/wp-json\/wp\/v2\/media?parent=22519"}],"wp:term":[{"taxonomy":"product_brand","embeddable":true,"href":"https:\/\/uj.adatbank.ro\/lexikon\/wp-json\/wp\/v2\/product_brand?post=22519"},{"taxonomy":"product_cat","embeddable":true,"href":"https:\/\/uj.adatbank.ro\/lexikon\/wp-json\/wp\/v2\/product_cat?post=22519"},{"taxonomy":"product_tag","embeddable":true,"href":"https:\/\/uj.adatbank.ro\/lexikon\/wp-json\/wp\/v2\/product_tag?post=22519"}],"curies":[{"name":"wp","href":"https:\/\/api.w.org\/{rel}","templated":true}]}}