{"id":22529,"date":"2025-07-22T20:04:36","date_gmt":"2025-07-22T18:04:36","guid":{"rendered":"https:\/\/uj.adatbank.ro\/lexikon\/termek\/szots-farkas-alnevei-jeddi-f-kronikas-marosi-rusticus-dr-varadi-r-varadi-ferenc\/"},"modified":"2025-07-22T20:04:36","modified_gmt":"2025-07-22T18:04:36","slug":"szots-farkas-alnevei-jeddi-f-kronikas-marosi-rusticus-dr-varadi-r-varadi-ferenc","status":"publish","type":"product","link":"https:\/\/uj.adatbank.ro\/lexikon\/termek\/szots-farkas-alnevei-jeddi-f-kronikas-marosi-rusticus-dr-varadi-r-varadi-ferenc\/","title":{"rendered":"SZ\u0150TS Farkas, \u00c1lnevei: Jeddi F., Kr\u00f3nik\u00e1s, marosi, Rusticus dr., V\u00e1radi R, V\u00e1radi Ferenc."},"content":{"rendered":"<p>Jedd, 1851. nov. 23, \u2020 Bp., 1918. m\u00e1j. 13.: ref. teol\u00f3gus, tan\u00e1r. \u2013 Apja pap volt. K\u00f6z\u00e9piskol\u00e1it a mv.-i Ref. Koll.-ban (1870) v\u00e9gezte. A bp.-i ref.teol. akad.-n (1870\u201374), a marburgi (1874\u201375), az utrechti egy.-en tanult (1875\u201376), a sz\u00fcnid\u0151ket Nemeto, Franciao.-ban utaz\u00e1sokkal t\u00f6lt\u00f6tte. Gr. L\u00f3nyai Menyh\u00e9rt h\u00e1z\u00e1n\u00e1l nevel\u0151sk\u00f6d\u00f6tt (1876\u201377). Hazat\u00e9rve tan\u00e1rnak nevezt\u00e9k ki. A pesti n\u0151i ipariskol\u00e1ban tan\u00edtott (1886), A bp.-i Ref. Hittud. Akad.-\u00e1n a Hittani \u00e9s Vall\u00e1sb\u00f6lcseleti Tansz\u00e9ket foglalta el, el\u0151bb mint helyettes, azut\u00e1n mint rendes tan\u00e1r (1877 \u2013), igazgat\u00f3 (1896). A Prot. Egyh\u00e1z \u00e9s Iskola. Lap (1889\u20131904), a Prot. Szemle (1895\u20131913), A dunamell\u00e9ki ref. egyh\u00e1zker. \u00e9rtekezlet Eml\u00e9kk. (1894-t\u0151l), a Kis T\u00fck\u00f6r c. vall\u00e1sos n\u00e9plap \u00e9s a H\u00e1zi Kincst\u00e1r c. n\u00e9pszer\u0171 kiadv\u00e1nysorozat szerk. Alap\u00edt\u00f3 \u00e9s v\u00e1lasztm\u00e1nyi tagja kezdett\u0151l fogva (1889\u2013), titk\u00e1ra (1895\u20131915) a M. Protest\u00e1ns Irodalmi T\u00e1rsas\u00e1gnak; tan\u00e1csb\u00edr\u00f3ja a Dunamell\u00e9ki Egyh\u00e1zker\u00fcletnek (1896\u2013) \u00e9s aleln\u00f6ke az egyh\u00e1zker\u00fcleti \u00e9rtekezletnek; v\u00e1l. tagja (1884\u2013) \u00e9s a tan\u00fcgyi bizotts\u00e1gi eln\u00f6ke (1891\u2013), a Prot. Orsz\u00e1gos \u00c1rvaegyletnek (1884\u2013), v\u00e1lasztm\u00e1nyi tagja a Lor\u00e1ntffy Zsuzs\u00e1nna Egyes\u00fcletnek (1894\u2013), egyh\u00e1ztan\u00e1csosa a bp.-i ref. egyh\u00e1zk\u00f6zs\u00e9gnek, igazgat\u00f3tan\u00e1csosa a bp.-i Ref. F\u0151gimn\u00e1ziumnak, a Nagyp\u00e9nteki Ref. T\u00e1rsas\u00e1gnak \u00e9s a Ba\u00e1r-Madas Ref. Fels\u0151bb Le\u00e1nyiskol\u00e1nak (1897\u2013). A b\u00e9csi egy. prot. teol. kar\u00e1nak d\u00edszdoktora (1911). Cikkei az Egyh\u00e1zi Reform, Figyelmez\u0151, Prot. Egyh. \u00c9s Iskolai Lap, Prot. Szemle-ben. T\u00f6bb trakt\u00e1tust ford\u00edtott magyarra az angol trakt\u00e1tust\u00e1rsulat sz\u00e1m\u00e1ra. Revide\u00e1lta Luthardt \u201eEl\u0151ad\u00e1sok a kereszty\u00e9ns\u00e9g erk\u00f6lcstan\u00e1r\u00f3l\u201d c. munk\u00e1j\u00e1nak Csiky Lajos \u00e1ltal v\u00e9gzett ford\u00edt\u00e1s\u00e1t. \u2013 <strong><strong>F. m.<\/strong><\/strong>: A budapesti Evang\u00e9likus Reform\u00e1tus Theologiai Akad\u00e9mia m\u00faltja \u00e9s jelene (Bp., 1896); Kereszty\u00e9n hittan (tank\u00f6nyv; Bp., 1905); Kereszty\u00e9n erk\u00f6lcstan (tank\u00f6nyv; Bp., 1905); Reform\u00e1tus kereszty\u00e9n hit- \u00e9s erk\u00f6lcstan (tank\u00f6nyv; Bp., 1905); A vall\u00e1s \u00e9lete (Bp, 1915), <strong>ford.:<\/strong> P\u00e1lma\u00e1gak: Elbesz\u00e9l\u00e9sek kicsinyek \u00e9s nagyok sz\u00e1m\u00e1ra (Bp., 1892) <br \/><strong>Irod.:<\/strong> Pallas Nagy Lexikona; Rugonfalvi Kiss; Szab\u00f3\u2013Simon\u2013Sz\u00f6gi; Szinnyei; \u00daM\u00c9L; Zov\u00e1nyi.<\/br><\/p>\n","protected":false},"excerpt":{"rendered":"<p>Jedd, 1851. nov. 23, \u2020 Bp., 1918. m\u00e1j. 13.: ref. teol\u00f3gus, tan\u00e1r. \u2013 Apja pap volt. K\u00f6z\u00e9piskol\u00e1it a mv.-i Ref. Koll.-ban (1870) v\u00e9gezte. A bp.-i ref.teol. akad.-n (1870\u201374), a marburgi (1874\u201375), az utrechti egy.-en tanult (1875\u201376), a sz\u00fcnid\u0151ket Nemeto, Franciao.-ban utaz\u00e1sokkal t\u00f6lt\u00f6tte. Gr. L\u00f3nyai Menyh\u00e9rt h\u00e1z\u00e1n\u00e1l nevel\u0151sk\u00f6d\u00f6tt (1876\u201377). Hazat\u00e9rve tan\u00e1rnak nevezt\u00e9k ki. A pesti n\u0151i [&hellip;]<\/p>\n","protected":false},"featured_media":0,"comment_status":"open","ping_status":"closed","template":"","meta":[],"product_brand":[],"product_cat":[137],"product_tag":[],"class_list":{"0":"post-22529","1":"product","2":"type-product","3":"status-publish","5":"product_cat-maros-megyei-eletrajzi-lexikon","7":"first","8":"instock","9":"shipping-taxable","10":"product-type-simple"},"_links":{"self":[{"href":"https:\/\/uj.adatbank.ro\/lexikon\/wp-json\/wp\/v2\/product\/22529","targetHints":{"allow":["GET"]}}],"collection":[{"href":"https:\/\/uj.adatbank.ro\/lexikon\/wp-json\/wp\/v2\/product"}],"about":[{"href":"https:\/\/uj.adatbank.ro\/lexikon\/wp-json\/wp\/v2\/types\/product"}],"replies":[{"embeddable":true,"href":"https:\/\/uj.adatbank.ro\/lexikon\/wp-json\/wp\/v2\/comments?post=22529"}],"wp:attachment":[{"href":"https:\/\/uj.adatbank.ro\/lexikon\/wp-json\/wp\/v2\/media?parent=22529"}],"wp:term":[{"taxonomy":"product_brand","embeddable":true,"href":"https:\/\/uj.adatbank.ro\/lexikon\/wp-json\/wp\/v2\/product_brand?post=22529"},{"taxonomy":"product_cat","embeddable":true,"href":"https:\/\/uj.adatbank.ro\/lexikon\/wp-json\/wp\/v2\/product_cat?post=22529"},{"taxonomy":"product_tag","embeddable":true,"href":"https:\/\/uj.adatbank.ro\/lexikon\/wp-json\/wp\/v2\/product_tag?post=22529"}],"curies":[{"name":"wp","href":"https:\/\/api.w.org\/{rel}","templated":true}]}}

SZŐTS Farkas, Álnevei: Jeddi F., Krónikás, marosi, Rusticus dr., Váradi R, Váradi Ferenc.

<p>Jedd, 1851. nov. 23, † Bp., 1918. máj. 13.: ref. teológus, tanár. – Apja pap volt. Középiskoláit a mv.-i Ref. Koll.-ban (1870) végezte. A bp.-i ref.teol. akad.-n (1870–74), a marburgi (1874–75), az utrechti egy.-en tanult (1875–76), a szünidőket Nemeto, Franciao.-ban utazásokkal töltötte. Gr. Lónyai Menyhért házánál nevelősködött (1876–77). Hazatérve tanárnak nevezték ki. A pesti női ipariskolában tanított (1886), A bp.-i Ref. Hittud. Akad.-án a Hittani és Vallásbölcseleti Tanszéket foglalta el, előbb mint helyettes, azután mint rendes tanár (1877 –), igazgató (1896). A Prot. Egyház és Iskola. Lap (1889–1904), a Prot. Szemle (1895–1913), A dunamelléki ref. egyházker. értekezlet Emlékk. (1894-től), a Kis Tükör c. vallásos néplap és a Házi Kincstár c. népszerű kiadványsorozat szerk. Alapító és választmányi tagja kezdettől fogva (1889–), titkára (1895–1915) a M. Protestáns Irodalmi Társaságnak; tanácsbírója a Dunamelléki Egyházkerületnek (1896–) és alelnöke az egyházkerületi értekezletnek; vál. tagja (1884–) és a tanügyi bizottsági elnöke (1891–), a Prot. Országos Árvaegyletnek (1884–), választmányi tagja a Lorántffy Zsuzsánna Egyesületnek (1894–), egyháztanácsosa a bp.-i ref. egyházközségnek, igazgatótanácsosa a bp.-i Ref. Főgimnáziumnak, a Nagypénteki Ref. Társaságnak és a Baár-Madas Ref. Felsőbb Leányiskolának (1897–). A bécsi egy. prot. teol. karának díszdoktora (1911). Cikkei az Egyházi Reform, Figyelmező, Prot. Egyh. És Iskolai Lap, Prot. Szemle-ben. Több traktátust fordított magyarra az angol traktátustársulat számára. Revideálta Luthardt „Előadások a keresztyénség erkölcstanáról” c. munkájának Csiky Lajos által végzett fordítását. – <strong><strong>F. m.</strong></strong>: A budapesti Evangélikus Református Theologiai Akadémia múltja és jelene (Bp., 1896); Keresztyén hittan (tankönyv; Bp., 1905); Keresztyén erkölcstan (tankönyv; Bp., 1905); Református keresztyén hit- és erkölcstan (tankönyv; Bp., 1905); A vallás élete (Bp, 1915), <strong>ford.:</strong> Pálmaágak: Elbeszélések kicsinyek és nagyok számára (Bp., 1892) <br /><strong>Irod.:</strong> Pallas Nagy Lexikona; Rugonfalvi Kiss; Szabó–Simon–Szögi; Szinnyei; ÚMÉL; Zoványi.</br></p>

<p>Jedd, 1851. nov. 23, † Bp., 1918. máj. 13.: ref. teológus, tanár. – Apja pap volt. Középiskoláit a mv.-i Ref. Koll.-ban (1870) végezte. A bp.-i ref.teol. akad.-n (1870–74), a marburgi (1874–75), az utrechti egy.-en tanult (1875–76), a szünidőket Nemeto, Franciao.-ban utazásokkal töltötte. Gr. Lónyai Menyhért házánál nevelősködött (1876–77). Hazatérve tanárnak nevezték ki. A pesti női [&hellip;]</p>
