{"id":22541,"date":"2025-07-22T20:05:02","date_gmt":"2025-07-22T18:05:02","guid":{"rendered":"https:\/\/uj.adatbank.ro\/lexikon\/termek\/szots-sandor\/"},"modified":"2025-07-22T20:05:02","modified_gmt":"2025-07-22T18:05:02","slug":"szots-sandor","status":"publish","type":"product","link":"https:\/\/uj.adatbank.ro\/lexikon\/termek\/szots-sandor\/","title":{"rendered":"SZ\u0150TS S\u00e1ndor"},"content":{"rendered":"<p>Jedd, 1853. febr. 26., \u2020 D\u00e9va, 1905. dec. 5.: ref. lelk\u00e9sz. \u2013 Sz\u0151ts Farkas ref. tan\u00e1r \u00e9s \u00edr\u00f3 testv\u00e9r\u00f6ccse. Feles\u00e9ge: Becsky Mari. Gyermekeik: \u00c1rp\u00e1d, Lajos, S\u00e1ndor \u00e9s Anna. \u2013 A gimn.-i tanfolyamot a mv.-i Ref. Koll.-ban, a teol\u00f3gi\u00e1t Bp.-en v\u00e9gezte. Gr. Toldalagi Viktor h\u00e1z\u00e1n\u00e1l nyert nevel\u0151i alkalmaz\u00e1st (1874); innen mint a Stipendium Bernardinum \u00e9lvez\u0151je Utrechtbe ment a Hittud. Karon hospit\u00e1lni (1875); T\u00f6r\u00f6k P\u00e1l ref. superintendens hazah\u00edvta s a bp.-i ref. gy\u00fclekezetben mint seg\u00e9dlelk\u00e9sz \u00e9s vall\u00e1stan\u00e1r kapott \u00e1ll\u00e1st (1876); az egyetemen mint rendk\u00edv\u00fcli tanul\u00f3 Horv\u00e1th Cyrill, Salamon Ferencz, Sz\u00e1sz K\u00e1roly \u00e9s Pauler Tivadar el\u0151ad\u00e1sait hallgatta. A d\u00e9vai ref. gy\u00fclekezet rendes lelk\u00e9sz\u00e9v\u00e9 v\u00e1lasztotta (1878\u2013); A Hunyadi-f\u00e9le \u00f3don templom restaur\u00e1ci\u00f3j\u00e1ra k\u00f6zadakoz\u00e1sb\u00f3l 10,00 ftos alapot gy\u0171jt\u00f6tt. A Prot. Egyh. \u00e9s Iskolai Lapnak Ballagi M\u00f3r szerkeszt\u00e9se alatt munkat\u00e1rsa volt; azut\u00e1n is \u00edrt a lapba; az Erd\u00e9lyben (Marosv\u00e1s\u00e1rhely 1876. 5\u201320. sz. N\u0151nevel\u00e9s\u00fcnk jav\u00edt\u00e1sa \u00e9rdek\u00e9ben); a Hunyadban; a Hunyadmegyei T\u00f6rt. \u00e9s R\u00e9g. t\u00e1rsulat \u00c9vk\u00f6nyv\u00e9ben; a Protest\u00e1ns Uj k\u00e9pes Napt\u00e1rban; a M. Polg\u00e1rba, Ellenz\u00e9kbe, az Egyh\u00e1zi Szeml\u00e9be s az Erd\u00e9lyi Prot. K\u00f6zl\u00f6nybe. \u2013 <strong>F. m.<\/strong>: A d\u00e9vai ref. templom \u00e9s r\u00e9gis\u00e9gei. Sz\u00e1mos k\u00e9ppel. (Kolozsv\u00e1r, 1898). \u00c1lneve: S\u00f3v\u00e1radi. <br \/><strong>Irod.:<\/strong> Gy\u00e1szjelent\u0151; Szab\u00f3\u2013Simon\u2013Sz\u00f6gi; Szinnyei.<\/br><\/p>\n","protected":false},"excerpt":{"rendered":"<p>Jedd, 1853. febr. 26., \u2020 D\u00e9va, 1905. dec. 5.: ref. lelk\u00e9sz. \u2013 Sz\u0151ts Farkas ref. tan\u00e1r \u00e9s \u00edr\u00f3 testv\u00e9r\u00f6ccse. Feles\u00e9ge: Becsky Mari. Gyermekeik: \u00c1rp\u00e1d, Lajos, S\u00e1ndor \u00e9s Anna. \u2013 A gimn.-i tanfolyamot a mv.-i Ref. Koll.-ban, a teol\u00f3gi\u00e1t Bp.-en v\u00e9gezte. Gr. Toldalagi Viktor h\u00e1z\u00e1n\u00e1l nyert nevel\u0151i alkalmaz\u00e1st (1874); innen mint a Stipendium Bernardinum \u00e9lvez\u0151je Utrechtbe [&hellip;]<\/p>\n","protected":false},"featured_media":0,"comment_status":"open","ping_status":"closed","template":"","meta":[],"product_brand":[],"product_cat":[137],"product_tag":[],"class_list":{"0":"post-22541","1":"product","2":"type-product","3":"status-publish","5":"product_cat-maros-megyei-eletrajzi-lexikon","7":"first","8":"instock","9":"shipping-taxable","10":"product-type-simple"},"_links":{"self":[{"href":"https:\/\/uj.adatbank.ro\/lexikon\/wp-json\/wp\/v2\/product\/22541","targetHints":{"allow":["GET"]}}],"collection":[{"href":"https:\/\/uj.adatbank.ro\/lexikon\/wp-json\/wp\/v2\/product"}],"about":[{"href":"https:\/\/uj.adatbank.ro\/lexikon\/wp-json\/wp\/v2\/types\/product"}],"replies":[{"embeddable":true,"href":"https:\/\/uj.adatbank.ro\/lexikon\/wp-json\/wp\/v2\/comments?post=22541"}],"wp:attachment":[{"href":"https:\/\/uj.adatbank.ro\/lexikon\/wp-json\/wp\/v2\/media?parent=22541"}],"wp:term":[{"taxonomy":"product_brand","embeddable":true,"href":"https:\/\/uj.adatbank.ro\/lexikon\/wp-json\/wp\/v2\/product_brand?post=22541"},{"taxonomy":"product_cat","embeddable":true,"href":"https:\/\/uj.adatbank.ro\/lexikon\/wp-json\/wp\/v2\/product_cat?post=22541"},{"taxonomy":"product_tag","embeddable":true,"href":"https:\/\/uj.adatbank.ro\/lexikon\/wp-json\/wp\/v2\/product_tag?post=22541"}],"curies":[{"name":"wp","href":"https:\/\/api.w.org\/{rel}","templated":true}]}}