{"id":22544,"date":"2025-07-22T20:05:10","date_gmt":"2025-07-22T18:05:10","guid":{"rendered":"https:\/\/uj.adatbank.ro\/lexikon\/termek\/szotyori-jozsef\/"},"modified":"2025-07-22T20:05:10","modified_gmt":"2025-07-22T18:05:10","slug":"szotyori-jozsef","status":"publish","type":"product","link":"https:\/\/uj.adatbank.ro\/lexikon\/termek\/szotyori-jozsef\/","title":{"rendered":"SZOTYORI J\u00f3zsef"},"content":{"rendered":"<p>Brass\u00f3, 1935. \u00e1pr.2. \u2020?: orvos. \u2013 A Brass\u00f3i Magyar Vegyes L\u00edc.-ban \u00e9retts\u00e9gizett. A MOGYI orvos kar\u00e1ra felv\u00e9telizett (1953\u2013). V\u00e9gig tanulm\u00e1nyi felel\u0151s, rendszeres koncert- \u00e9s sz\u00ednh\u00e1zl\u00e1togat\u00f3. Hatod\u00e9ven a gy\u00f3gyszer\u00e9szeten v\u00e9gzett koll\u00e9gan\u0151 lett a feles\u00e9ge. K\u00f6rorvos V\u00e9ck\u00e9n \u00e9s a feles\u00e9ge a gy\u00f3gyszerk\u00f6zpont vezet\u0151je, majd Feh\u00e9regyh\u00e1z\u00e1n gyermekorvos, Segesv\u00e1ron rajoni gyermekgy\u00f3gy\u00e1sz szakfel\u00fcgyel\u0151. Seb\u00e9sz szakorvosi vizsg\u00e1t tett (1967). Nyugd\u00edjazt\u00e1k (1994). <br \/><strong>Irod.:<\/strong> Nagy L.<\/br><\/p>\n","protected":false},"excerpt":{"rendered":"<p>Brass\u00f3, 1935. \u00e1pr.2. \u2020?: orvos. \u2013 A Brass\u00f3i Magyar Vegyes L\u00edc.-ban \u00e9retts\u00e9gizett. A MOGYI orvos kar\u00e1ra felv\u00e9telizett (1953\u2013). V\u00e9gig tanulm\u00e1nyi felel\u0151s, rendszeres koncert- \u00e9s sz\u00ednh\u00e1zl\u00e1togat\u00f3. Hatod\u00e9ven a gy\u00f3gyszer\u00e9szeten v\u00e9gzett koll\u00e9gan\u0151 lett a feles\u00e9ge. K\u00f6rorvos V\u00e9ck\u00e9n \u00e9s a feles\u00e9ge a gy\u00f3gyszerk\u00f6zpont vezet\u0151je, majd Feh\u00e9regyh\u00e1z\u00e1n gyermekorvos, Segesv\u00e1ron rajoni gyermekgy\u00f3gy\u00e1sz szakfel\u00fcgyel\u0151. Seb\u00e9sz szakorvosi vizsg\u00e1t tett (1967). Nyugd\u00edjazt\u00e1k (1994). [&hellip;]<\/p>\n","protected":false},"featured_media":0,"comment_status":"open","ping_status":"closed","template":"","meta":[],"product_brand":[],"product_cat":[137],"product_tag":[],"class_list":{"0":"post-22544","1":"product","2":"type-product","3":"status-publish","5":"product_cat-maros-megyei-eletrajzi-lexikon","7":"first","8":"instock","9":"shipping-taxable","10":"product-type-simple"},"_links":{"self":[{"href":"https:\/\/uj.adatbank.ro\/lexikon\/wp-json\/wp\/v2\/product\/22544","targetHints":{"allow":["GET"]}}],"collection":[{"href":"https:\/\/uj.adatbank.ro\/lexikon\/wp-json\/wp\/v2\/product"}],"about":[{"href":"https:\/\/uj.adatbank.ro\/lexikon\/wp-json\/wp\/v2\/types\/product"}],"replies":[{"embeddable":true,"href":"https:\/\/uj.adatbank.ro\/lexikon\/wp-json\/wp\/v2\/comments?post=22544"}],"wp:attachment":[{"href":"https:\/\/uj.adatbank.ro\/lexikon\/wp-json\/wp\/v2\/media?parent=22544"}],"wp:term":[{"taxonomy":"product_brand","embeddable":true,"href":"https:\/\/uj.adatbank.ro\/lexikon\/wp-json\/wp\/v2\/product_brand?post=22544"},{"taxonomy":"product_cat","embeddable":true,"href":"https:\/\/uj.adatbank.ro\/lexikon\/wp-json\/wp\/v2\/product_cat?post=22544"},{"taxonomy":"product_tag","embeddable":true,"href":"https:\/\/uj.adatbank.ro\/lexikon\/wp-json\/wp\/v2\/product_tag?post=22544"}],"curies":[{"name":"wp","href":"https:\/\/api.w.org\/{rel}","templated":true}]}}

SZOTYORI József

<p>Brassó, 1935. ápr.2. †?: orvos. – A Brassói Magyar Vegyes Líc.-ban érettségizett. A MOGYI orvos karára felvételizett (1953–). Végig tanulmányi felelős, rendszeres koncert- és színházlátogató. Hatodéven a gyógyszerészeten végzett kolléganő lett a felesége. Körorvos Véckén és a felesége a gyógyszerközpont vezetője, majd Fehéregyházán gyermekorvos, Segesváron rajoni gyermekgyógyász szakfelügyelő. Sebész szakorvosi vizsgát tett (1967). Nyugdíjazták (1994). <br /><strong>Irod.:</strong> Nagy L.</br></p>

<p>Brassó, 1935. ápr.2. †?: orvos. – A Brassói Magyar Vegyes Líc.-ban érettségizett. A MOGYI orvos karára felvételizett (1953–). Végig tanulmányi felelős, rendszeres koncert- és színházlátogató. Hatodéven a gyógyszerészeten végzett kolléganő lett a felesége. Körorvos Véckén és a felesége a gyógyszerközpont vezetője, majd Fehéregyházán gyermekorvos, Segesváron rajoni gyermekgyógyász szakfelügyelő. Sebész szakorvosi vizsgát tett (1967). Nyugdíjazták (1994). [&hellip;]</p>
