{"id":22552,"date":"2025-07-22T20:05:28","date_gmt":"2025-07-22T18:05:28","guid":{"rendered":"https:\/\/uj.adatbank.ro\/lexikon\/termek\/szoverffi-istvan\/"},"modified":"2025-07-22T20:05:28","modified_gmt":"2025-07-22T18:05:28","slug":"szoverffi-istvan","status":"publish","type":"product","link":"https:\/\/uj.adatbank.ro\/lexikon\/termek\/szoverffi-istvan\/","title":{"rendered":"SZ\u00d6V\u00c9RFFI Istv\u00e1n"},"content":{"rendered":"<p>1932., \u2020\u00a02019.: ref. lelk\u00e9sz. \u2013 Feles\u00e9ge: Benk\u0151 Ida. \u2013 Kv.-on a ref. teol\u00f3gi\u00e1n v\u00e9gzett, majd a szebeni n\u00e9met nyelv\u0171 teol\u00f3gi\u00e1n tanult. Szemlakon az egyetlen n\u00e9met nyelv\u0171 ref. gy\u00fclekezetben szolg\u00e1lt \u00e9s folytatta m\u00e9g h\u00e1rom \u00e9vig. K\u00f6vetkezett Sim\u00e9nfalva h\u00e1rom \u00e9s f\u00e9l \u00e9vig, Maros-Nagylak 31 \u00e9ven \u00e1t \u00e9s v\u00e9g\u00fcl Mv.-en nyugd\u00edjas.<\/br><\/p>\n","protected":false},"excerpt":{"rendered":"<p>1932., \u2020\u00a02019.: ref. lelk\u00e9sz. \u2013 Feles\u00e9ge: Benk\u0151 Ida. \u2013 Kv.-on a ref. teol\u00f3gi\u00e1n v\u00e9gzett, majd a szebeni n\u00e9met nyelv\u0171 teol\u00f3gi\u00e1n tanult. Szemlakon az egyetlen n\u00e9met nyelv\u0171 ref. gy\u00fclekezetben szolg\u00e1lt \u00e9s folytatta m\u00e9g h\u00e1rom \u00e9vig. K\u00f6vetkezett Sim\u00e9nfalva h\u00e1rom \u00e9s f\u00e9l \u00e9vig, Maros-Nagylak 31 \u00e9ven \u00e1t \u00e9s v\u00e9g\u00fcl Mv.-en nyugd\u00edjas.<\/p>\n","protected":false},"featured_media":0,"comment_status":"open","ping_status":"closed","template":"","meta":[],"product_brand":[],"product_cat":[137],"product_tag":[],"class_list":{"0":"post-22552","1":"product","2":"type-product","3":"status-publish","5":"product_cat-maros-megyei-eletrajzi-lexikon","7":"first","8":"instock","9":"shipping-taxable","10":"product-type-simple"},"_links":{"self":[{"href":"https:\/\/uj.adatbank.ro\/lexikon\/wp-json\/wp\/v2\/product\/22552","targetHints":{"allow":["GET"]}}],"collection":[{"href":"https:\/\/uj.adatbank.ro\/lexikon\/wp-json\/wp\/v2\/product"}],"about":[{"href":"https:\/\/uj.adatbank.ro\/lexikon\/wp-json\/wp\/v2\/types\/product"}],"replies":[{"embeddable":true,"href":"https:\/\/uj.adatbank.ro\/lexikon\/wp-json\/wp\/v2\/comments?post=22552"}],"wp:attachment":[{"href":"https:\/\/uj.adatbank.ro\/lexikon\/wp-json\/wp\/v2\/media?parent=22552"}],"wp:term":[{"taxonomy":"product_brand","embeddable":true,"href":"https:\/\/uj.adatbank.ro\/lexikon\/wp-json\/wp\/v2\/product_brand?post=22552"},{"taxonomy":"product_cat","embeddable":true,"href":"https:\/\/uj.adatbank.ro\/lexikon\/wp-json\/wp\/v2\/product_cat?post=22552"},{"taxonomy":"product_tag","embeddable":true,"href":"https:\/\/uj.adatbank.ro\/lexikon\/wp-json\/wp\/v2\/product_tag?post=22552"}],"curies":[{"name":"wp","href":"https:\/\/api.w.org\/{rel}","templated":true}]}}