{"id":22553,"date":"2025-07-22T20:05:33","date_gmt":"2025-07-22T18:05:33","guid":{"rendered":"https:\/\/uj.adatbank.ro\/lexikon\/termek\/szoverffy-agnes\/"},"modified":"2025-07-22T20:05:33","modified_gmt":"2025-07-22T18:05:33","slug":"szoverffy-agnes","status":"publish","type":"product","link":"https:\/\/uj.adatbank.ro\/lexikon\/termek\/szoverffy-agnes\/","title":{"rendered":"SZ\u00d6V\u00c9RFFY \u00c1gnes"},"content":{"rendered":"<p>Bukarest, 1932. nov. 2., \u2020?: orvos. \u2013 A mv.-i Le\u00e1nyl\u00edc.-ban tanult. MOGYE orvoskar\u00e1n v\u00e9gzett. Els\u0151 munkahelye Sepsiszentgy\u00f6rgy\u00f6n a v\u00e1rosi k\u00f3rh\u00e1zban volt. A MOGYE, Sz\u00f6vettani katedra aneszteziol\u00f3gus szakorvosa.<\/br><\/p>\n","protected":false},"excerpt":{"rendered":"<p>Bukarest, 1932. nov. 2., \u2020?: orvos. \u2013 A mv.-i Le\u00e1nyl\u00edc.-ban tanult. MOGYE orvoskar\u00e1n v\u00e9gzett. Els\u0151 munkahelye Sepsiszentgy\u00f6rgy\u00f6n a v\u00e1rosi k\u00f3rh\u00e1zban volt. A MOGYE, Sz\u00f6vettani katedra aneszteziol\u00f3gus szakorvosa.<\/p>\n","protected":false},"featured_media":0,"comment_status":"open","ping_status":"closed","template":"","meta":[],"product_brand":[],"product_cat":[137],"product_tag":[],"class_list":{"0":"post-22553","1":"product","2":"type-product","3":"status-publish","5":"product_cat-maros-megyei-eletrajzi-lexikon","7":"first","8":"instock","9":"shipping-taxable","10":"product-type-simple"},"_links":{"self":[{"href":"https:\/\/uj.adatbank.ro\/lexikon\/wp-json\/wp\/v2\/product\/22553","targetHints":{"allow":["GET"]}}],"collection":[{"href":"https:\/\/uj.adatbank.ro\/lexikon\/wp-json\/wp\/v2\/product"}],"about":[{"href":"https:\/\/uj.adatbank.ro\/lexikon\/wp-json\/wp\/v2\/types\/product"}],"replies":[{"embeddable":true,"href":"https:\/\/uj.adatbank.ro\/lexikon\/wp-json\/wp\/v2\/comments?post=22553"}],"wp:attachment":[{"href":"https:\/\/uj.adatbank.ro\/lexikon\/wp-json\/wp\/v2\/media?parent=22553"}],"wp:term":[{"taxonomy":"product_brand","embeddable":true,"href":"https:\/\/uj.adatbank.ro\/lexikon\/wp-json\/wp\/v2\/product_brand?post=22553"},{"taxonomy":"product_cat","embeddable":true,"href":"https:\/\/uj.adatbank.ro\/lexikon\/wp-json\/wp\/v2\/product_cat?post=22553"},{"taxonomy":"product_tag","embeddable":true,"href":"https:\/\/uj.adatbank.ro\/lexikon\/wp-json\/wp\/v2\/product_tag?post=22553"}],"curies":[{"name":"wp","href":"https:\/\/api.w.org\/{rel}","templated":true}]}}