{"id":22554,"date":"2025-07-22T20:05:34","date_gmt":"2025-07-22T18:05:34","guid":{"rendered":"https:\/\/uj.adatbank.ro\/lexikon\/termek\/szoverffy-attila\/"},"modified":"2025-07-22T20:05:34","modified_gmt":"2025-07-22T18:05:34","slug":"szoverffy-attila","status":"publish","type":"product","link":"https:\/\/uj.adatbank.ro\/lexikon\/termek\/szoverffy-attila\/","title":{"rendered":"SZ\u00d6V\u00c9RFFY Attila"},"content":{"rendered":"<p>Mv., 1934. jan. 25. \u2020?: orvos. \u2013 A mv.-i Magyar fi\u00fal\u00edc.-ban \u00e9s a MOGYE orvosi kar\u00e1n v\u00e9gzett.A Szatm\u00e1rn\u00e9meti megyei k\u00f3rh\u00e1z, seb\u00e9szeti oszt\u00e1ly\u00e1n, majd Szegeden a B\u00fcntet\u00e9sv\u00e9grehajt\u00e1si int\u00e9zet seb\u00e9szeti oszt\u00e1ly\u00e1n seb\u00e9sz szakorvos. <br \/><strong>Irod.:<\/strong> MOGYE.<\/br><\/p>\n","protected":false},"excerpt":{"rendered":"<p>Mv., 1934. jan. 25. \u2020?: orvos. \u2013 A mv.-i Magyar fi\u00fal\u00edc.-ban \u00e9s a MOGYE orvosi kar\u00e1n v\u00e9gzett.A Szatm\u00e1rn\u00e9meti megyei k\u00f3rh\u00e1z, seb\u00e9szeti oszt\u00e1ly\u00e1n, majd Szegeden a B\u00fcntet\u00e9sv\u00e9grehajt\u00e1si int\u00e9zet seb\u00e9szeti oszt\u00e1ly\u00e1n seb\u00e9sz szakorvos. Irod.: MOGYE.<\/p>\n","protected":false},"featured_media":0,"comment_status":"open","ping_status":"closed","template":"","meta":[],"product_brand":[],"product_cat":[137],"product_tag":[],"class_list":{"0":"post-22554","1":"product","2":"type-product","3":"status-publish","5":"product_cat-maros-megyei-eletrajzi-lexikon","7":"first","8":"instock","9":"shipping-taxable","10":"product-type-simple"},"_links":{"self":[{"href":"https:\/\/uj.adatbank.ro\/lexikon\/wp-json\/wp\/v2\/product\/22554","targetHints":{"allow":["GET"]}}],"collection":[{"href":"https:\/\/uj.adatbank.ro\/lexikon\/wp-json\/wp\/v2\/product"}],"about":[{"href":"https:\/\/uj.adatbank.ro\/lexikon\/wp-json\/wp\/v2\/types\/product"}],"replies":[{"embeddable":true,"href":"https:\/\/uj.adatbank.ro\/lexikon\/wp-json\/wp\/v2\/comments?post=22554"}],"wp:attachment":[{"href":"https:\/\/uj.adatbank.ro\/lexikon\/wp-json\/wp\/v2\/media?parent=22554"}],"wp:term":[{"taxonomy":"product_brand","embeddable":true,"href":"https:\/\/uj.adatbank.ro\/lexikon\/wp-json\/wp\/v2\/product_brand?post=22554"},{"taxonomy":"product_cat","embeddable":true,"href":"https:\/\/uj.adatbank.ro\/lexikon\/wp-json\/wp\/v2\/product_cat?post=22554"},{"taxonomy":"product_tag","embeddable":true,"href":"https:\/\/uj.adatbank.ro\/lexikon\/wp-json\/wp\/v2\/product_tag?post=22554"}],"curies":[{"name":"wp","href":"https:\/\/api.w.org\/{rel}","templated":true}]}}