{"id":22558,"date":"2025-07-22T20:05:43","date_gmt":"2025-07-22T18:05:43","guid":{"rendered":"https:\/\/uj.adatbank.ro\/lexikon\/termek\/szoverfi-zoltan-%c2%a7\/"},"modified":"2025-07-22T20:05:43","modified_gmt":"2025-07-22T18:05:43","slug":"szoverfi-zoltan-%c2%a7","status":"publish","type":"product","link":"https:\/\/uj.adatbank.ro\/lexikon\/termek\/szoverfi-zoltan-%c2%a7\/","title":{"rendered":"SZ\u00d6V\u00c9RFI Zolt\u00e1n, \u00a7"},"content":{"rendered":"<p>Egrest\u0151, 1924, \u2020\u00a0Mv., 1987. febr. 4.: politikus. \u2013 Fiatalon a f\u00fcletelki \u00e9s sz\u00e9naver\u0151si \u00e9p\u00edtkez\u00e9sekn\u00e9l dolgozott (16 \u00e9ves kor\u00e1t\u00f3l), dolgozott k\u0151b\u00e1ny\u00e1ban, \u00e1csmunk\u00e1s, napsz\u00e1mos, mez\u0151gazdas\u00e1gi alkalmazott. Feles\u00e9g\u00e9vel \u00e9s gyermek\u00e9vel Sz\u00e9kelys\u00e1rdra k\u00f6lt\u00f6z\u00f6tt Tagja lett a n\u00e9p\u0151rs\u00e9gnek (1944. dec.), itt ismerte meg a p\u00e1rtot. Bel\u00e9pett a RMP-ba (1945\u2013), mint p\u00e1rtaktivista Folyfalv\u00e1n dolgozott, titk\u00e1ra a marosi als\u00f3 j\u00e1r\u00e1s p\u00e1rtszervezet\u00e9nek (1946), Buk.-ben elv\u00e9gezte az egy\u00e9ves m. nyelv\u0171 p\u00e1rtiskol\u00e1t (1948), a megyei (1948\u2013), a tartom\u00e1nyi P\u00e1rtbizotts\u00e1g b\u00fcr\u00f3j\u00e1nak tagja, majd a rajon\u00e1l\u00e1s ut\u00e1n az RMP maros-tartom\u00e1nyi bizotts\u00e1ga agit\u00e1ci\u00f3s \u00e9s propaganda oszt. vezet\u0151je, a sz\u00e9kelys\u00e1rdi \u00e9s ny\u00e1r\u00e1dszeredai k\u00f6rzet k\u00e9pvisel\u0151je a tartom\u00e1nyi n\u00e9ptan\u00e1csban (1950\u2013), az RMP Maros-tartom\u00e1nyi bizotts\u00e1ga agit\u00e1ci\u00f3s \u00e9s propaganda oszt. vezet\u0151je, a MAT agit\u00e1ci\u00f3s \u00e9s propagandatitk\u00e1ra (1952. j\u00fal. 23.\u201360); MAT k\u00e9pvisel\u0151je a Nagy Nemzetgy\u0171l\u00e9sben (1952. nov. 30.); a MAT P\u00e1rtbizotts\u00e1g\u00e1nak titk\u00e1ra (1959), a Tartom\u00e1nyi N\u00e9ptan\u00e1cs VB eln\u00f6ke (1959\u201360 nyar\u00e1ig). K\u00f6zrem\u0171k\u00f6d\u00f6tt a tartom\u00e1nyr\u00f3l sz\u00f3l\u00f3 monogr\u00e1fia \u00f6ssze\u00e1ll\u00edt\u00e1s\u00e1ban: A Magyar Auton\u00f3m Tartom\u00e1ny a fejl\u0151d\u00e9s \u00fatj\u00e1n \/ szerk. Keszi-Harmath S\u00e1ndor, az el\u0151sz\u00f3t \u00edrta Sz. Z. [k\u00e9zirat], k\u00f6zismerten Monogr\u00e1fi\u00e1ja n\u00e9ven v\u00e1lt ismertt\u00e9. A monogr\u00e1fia botr\u00e1ny miatt lev\u00e1ltott\u00e1k, minden p\u00e1rtfunkci\u00f3j\u00e1b\u00f3l elt\u00e1vol\u00edtott\u00e1k. Buk.-be a Belkereskedelmi Miniszt\u00e9riumban dolgozott. <br \/><strong>Irod.:<\/strong> Auton\u00f3m magyarok; Bottoni 2006; Bottoni 2008; Cri\u015fan; Gagyi J\u00f3zsef. \u2018\u2019P\u00e1rtos\u00edtott\u2019\u2019 \u00e9rtelmis\u00e9g (L\u00e1t\u00f3, 1. sz. 2006); [Nekrol\u00f3g] (V. Z., 1987. febr. 7.); Sz. Z. elvt\u00e1rs (N\u00e9p\u00fajs\u00e1g, 1950. nov. 8.); Sz. Z. elvt\u00e1rs a dolgoz\u00f3 n\u00e9p fia (V. Z., 1952. nov. 16.); Sz. Z. elvt\u00e1rs tal\u00e1lkozott v\u00e1laszt\u00f3ival (V.Z., 1952. nov. 25.); Gagyi J\u00f3zsef: Egy munkaterv 1952-b\u0151l: A MAT sz\u00fclet\u00e9se (Sz\u00e9kelyf\u00f6ld, 9. sz., 2002. szept.); Gagyi J\u00f3zsef: Sz\u00e9kely prolet\u00e1rok \u00e9s burzso\u00e1 terminol\u00f3gia: \u201eSz\u00e9kely\u201d p\u00e1rtelit az \u00f6tvenes \u00e9vekben (Sz\u00e9kelyf\u00f6ld, 8. sz., 2005. aug.).<\/br><\/p>\n","protected":false},"excerpt":{"rendered":"<p>Egrest\u0151, 1924, \u2020\u00a0Mv., 1987. febr. 4.: politikus. \u2013 Fiatalon a f\u00fcletelki \u00e9s sz\u00e9naver\u0151si \u00e9p\u00edtkez\u00e9sekn\u00e9l dolgozott (16 \u00e9ves kor\u00e1t\u00f3l), dolgozott k\u0151b\u00e1ny\u00e1ban, \u00e1csmunk\u00e1s, napsz\u00e1mos, mez\u0151gazdas\u00e1gi alkalmazott. Feles\u00e9g\u00e9vel \u00e9s gyermek\u00e9vel Sz\u00e9kelys\u00e1rdra k\u00f6lt\u00f6z\u00f6tt Tagja lett a n\u00e9p\u0151rs\u00e9gnek (1944. dec.), itt ismerte meg a p\u00e1rtot. Bel\u00e9pett a RMP-ba (1945\u2013), mint p\u00e1rtaktivista Folyfalv\u00e1n dolgozott, titk\u00e1ra a marosi als\u00f3 j\u00e1r\u00e1s p\u00e1rtszervezet\u00e9nek (1946), [&hellip;]<\/p>\n","protected":false},"featured_media":0,"comment_status":"open","ping_status":"closed","template":"","meta":[],"product_brand":[],"product_cat":[137],"product_tag":[],"class_list":{"0":"post-22558","1":"product","2":"type-product","3":"status-publish","5":"product_cat-maros-megyei-eletrajzi-lexikon","7":"first","8":"instock","9":"shipping-taxable","10":"product-type-simple"},"_links":{"self":[{"href":"https:\/\/uj.adatbank.ro\/lexikon\/wp-json\/wp\/v2\/product\/22558","targetHints":{"allow":["GET"]}}],"collection":[{"href":"https:\/\/uj.adatbank.ro\/lexikon\/wp-json\/wp\/v2\/product"}],"about":[{"href":"https:\/\/uj.adatbank.ro\/lexikon\/wp-json\/wp\/v2\/types\/product"}],"replies":[{"embeddable":true,"href":"https:\/\/uj.adatbank.ro\/lexikon\/wp-json\/wp\/v2\/comments?post=22558"}],"wp:attachment":[{"href":"https:\/\/uj.adatbank.ro\/lexikon\/wp-json\/wp\/v2\/media?parent=22558"}],"wp:term":[{"taxonomy":"product_brand","embeddable":true,"href":"https:\/\/uj.adatbank.ro\/lexikon\/wp-json\/wp\/v2\/product_brand?post=22558"},{"taxonomy":"product_cat","embeddable":true,"href":"https:\/\/uj.adatbank.ro\/lexikon\/wp-json\/wp\/v2\/product_cat?post=22558"},{"taxonomy":"product_tag","embeddable":true,"href":"https:\/\/uj.adatbank.ro\/lexikon\/wp-json\/wp\/v2\/product_tag?post=22558"}],"curies":[{"name":"wp","href":"https:\/\/api.w.org\/{rel}","templated":true}]}}

SZÖVÉRFI Zoltán, §

<p>Egrestő, 1924, † Mv., 1987. febr. 4.: politikus. – Fiatalon a fületelki és szénaverősi építkezéseknél dolgozott (16 éves korától), dolgozott kőbányában, ácsmunkás, napszámos, mezőgazdasági alkalmazott. Feleségével és gyermekével Székelysárdra költözött Tagja lett a népőrségnek (1944. dec.), itt ismerte meg a pártot. Belépett a RMP-ba (1945–), mint pártaktivista Folyfalván dolgozott, titkára a marosi alsó járás pártszervezetének (1946), Buk.-ben elvégezte az egyéves m. nyelvű pártiskolát (1948), a megyei (1948–), a tartományi Pártbizottság bürójának tagja, majd a rajonálás után az RMP maros-tartományi bizottsága agitációs és propaganda oszt. vezetője, a székelysárdi és nyárádszeredai körzet képviselője a tartományi néptanácsban (1950–), az RMP Maros-tartományi bizottsága agitációs és propaganda oszt. vezetője, a MAT agitációs és propagandatitkára (1952. júl. 23.–60); MAT képviselője a Nagy Nemzetgyűlésben (1952. nov. 30.); a MAT Pártbizottságának titkára (1959), a Tartományi Néptanács VB elnöke (1959–60 nyaráig). Közreműködött a tartományról szóló monográfia összeállításában: A Magyar Autonóm Tartomány a fejlődés útján / szerk. Keszi-Harmath Sándor, az előszót írta Sz. Z. [kézirat], közismerten Monográfiája néven vált ismertté. A monográfia botrány miatt leváltották, minden pártfunkciójából eltávolították. Buk.-be a Belkereskedelmi Minisztériumban dolgozott. <br /><strong>Irod.:</strong> Autonóm magyarok; Bottoni 2006; Bottoni 2008; Crişan; Gagyi József. ‘’Pártosított’’ értelmiség (Látó, 1. sz. 2006); [Nekrológ] (V. Z., 1987. febr. 7.); Sz. Z. elvtárs (Népújság, 1950. nov. 8.); Sz. Z. elvtárs a dolgozó nép fia (V. Z., 1952. nov. 16.); Sz. Z. elvtárs találkozott választóival (V.Z., 1952. nov. 25.); Gagyi József: Egy munkaterv 1952-ből: A MAT születése (Székelyföld, 9. sz., 2002. szept.); Gagyi József: Székely proletárok és burzsoá terminológia: „Székely” pártelit az ötvenes években (Székelyföld, 8. sz., 2005. aug.).</br></p>

<p>Egrestő, 1924, † Mv., 1987. febr. 4.: politikus. – Fiatalon a fületelki és szénaverősi építkezéseknél dolgozott (16 éves korától), dolgozott kőbányában, ácsmunkás, napszámos, mezőgazdasági alkalmazott. Feleségével és gyermekével Székelysárdra költözött Tagja lett a népőrségnek (1944. dec.), itt ismerte meg a pártot. Belépett a RMP-ba (1945–), mint pártaktivista Folyfalván dolgozott, titkára a marosi alsó járás pártszervezetének (1946), [&hellip;]</p>
