{"id":22559,"date":"2025-07-22T20:05:45","date_gmt":"2025-07-22T18:05:45","guid":{"rendered":"https:\/\/uj.adatbank.ro\/lexikon\/termek\/szoverfy-biro-agnes-szoverfy-angela-agnes\/"},"modified":"2025-07-22T20:05:45","modified_gmt":"2025-07-22T18:05:45","slug":"szoverfy-biro-agnes-szoverfy-angela-agnes","status":"publish","type":"product","link":"https:\/\/uj.adatbank.ro\/lexikon\/termek\/szoverfy-biro-agnes-szoverfy-angela-agnes\/","title":{"rendered":"SZ\u00d6V\u00c9RFY BIR\u00d3 \u00c1gnes, SZ\u00d6V\u00c9RFY Angela \u00c1gnes"},"content":{"rendered":"<p>Buk., 1932. nov. 1.\u2020\u00a02012: orvos. A MOGYI orvosi kar\u00e1n v\u00e9gzett (1958). Aneszteziol\u00f3gus, intenz\u00edv terapeuta. A Sz\u00f6vettan katedr\u00e1n tan\u00e1rseg\u00e9d, adjunktus (1979\u2013). A magyar nyelv\u0171 tansz\u00e9k el\u0151ad\u00e1sait tartotta. Sz\u00e9lesk\u00f6r\u0171 tudom\u00e1nyos tev\u00e9kenys\u00e9g r\u00e9szese, vannak publik\u00e1ci\u00f3 is. R\u00e9szt vett az EME \u00fajraalak\u00edt\u00e1s\u00e1ban (1990). <br \/><strong>Irod.:<\/strong> Genersich; Kiss\u2013P\u00e9terffy\u2013P\u00e9terffy; Kiss Cs. M 4.; Sz\u00f6ll\u0151sy \u00c1rp\u00e1d; Todea.<\/br><\/p>\n","protected":false},"excerpt":{"rendered":"<p>Buk., 1932. nov. 1.\u2020\u00a02012: orvos. A MOGYI orvosi kar\u00e1n v\u00e9gzett (1958). Aneszteziol\u00f3gus, intenz\u00edv terapeuta. A Sz\u00f6vettan katedr\u00e1n tan\u00e1rseg\u00e9d, adjunktus (1979\u2013). A magyar nyelv\u0171 tansz\u00e9k el\u0151ad\u00e1sait tartotta. Sz\u00e9lesk\u00f6r\u0171 tudom\u00e1nyos tev\u00e9kenys\u00e9g r\u00e9szese, vannak publik\u00e1ci\u00f3 is. R\u00e9szt vett az EME \u00fajraalak\u00edt\u00e1s\u00e1ban (1990). Irod.: Genersich; Kiss\u2013P\u00e9terffy\u2013P\u00e9terffy; Kiss Cs. M 4.; Sz\u00f6ll\u0151sy \u00c1rp\u00e1d; Todea.<\/p>\n","protected":false},"featured_media":0,"comment_status":"open","ping_status":"closed","template":"","meta":[],"product_brand":[],"product_cat":[137],"product_tag":[],"class_list":{"0":"post-22559","1":"product","2":"type-product","3":"status-publish","5":"product_cat-maros-megyei-eletrajzi-lexikon","7":"first","8":"instock","9":"shipping-taxable","10":"product-type-simple"},"_links":{"self":[{"href":"https:\/\/uj.adatbank.ro\/lexikon\/wp-json\/wp\/v2\/product\/22559","targetHints":{"allow":["GET"]}}],"collection":[{"href":"https:\/\/uj.adatbank.ro\/lexikon\/wp-json\/wp\/v2\/product"}],"about":[{"href":"https:\/\/uj.adatbank.ro\/lexikon\/wp-json\/wp\/v2\/types\/product"}],"replies":[{"embeddable":true,"href":"https:\/\/uj.adatbank.ro\/lexikon\/wp-json\/wp\/v2\/comments?post=22559"}],"wp:attachment":[{"href":"https:\/\/uj.adatbank.ro\/lexikon\/wp-json\/wp\/v2\/media?parent=22559"}],"wp:term":[{"taxonomy":"product_brand","embeddable":true,"href":"https:\/\/uj.adatbank.ro\/lexikon\/wp-json\/wp\/v2\/product_brand?post=22559"},{"taxonomy":"product_cat","embeddable":true,"href":"https:\/\/uj.adatbank.ro\/lexikon\/wp-json\/wp\/v2\/product_cat?post=22559"},{"taxonomy":"product_tag","embeddable":true,"href":"https:\/\/uj.adatbank.ro\/lexikon\/wp-json\/wp\/v2\/product_tag?post=22559"}],"curies":[{"name":"wp","href":"https:\/\/api.w.org\/{rel}","templated":true}]}}

SZÖVÉRFY BIRÓ Ágnes, SZÖVÉRFY Angela Ágnes

<p>Buk., 1932. nov. 1.† 2012: orvos. A MOGYI orvosi karán végzett (1958). Aneszteziológus, intenzív terapeuta. A Szövettan katedrán tanársegéd, adjunktus (1979–). A magyar nyelvű tanszék előadásait tartotta. Széleskörű tudományos tevékenység részese, vannak publikáció is. Részt vett az EME újraalakításában (1990). <br /><strong>Irod.:</strong> Genersich; Kiss–Péterffy–Péterffy; Kiss Cs. M 4.; Szöllősy Árpád; Todea.</br></p>

<p>Buk., 1932. nov. 1.† 2012: orvos. A MOGYI orvosi karán végzett (1958). Aneszteziológus, intenzív terapeuta. A Szövettan katedrán tanársegéd, adjunktus (1979–). A magyar nyelvű tanszék előadásait tartotta. Széleskörű tudományos tevékenység részese, vannak publikáció is. Részt vett az EME újraalakításában (1990). Irod.: Genersich; Kiss–Péterffy–Péterffy; Kiss Cs. M 4.; Szöllősy Árpád; Todea.</p>
