{"id":22562,"date":"2025-07-22T20:05:51","date_gmt":"2025-07-22T18:05:51","guid":{"rendered":"https:\/\/uj.adatbank.ro\/lexikon\/termek\/sztako-gyorgy\/"},"modified":"2025-07-22T20:05:51","modified_gmt":"2025-07-22T18:05:51","slug":"sztako-gyorgy","status":"publish","type":"product","link":"https:\/\/uj.adatbank.ro\/lexikon\/termek\/sztako-gyorgy\/","title":{"rendered":"SZTAK\u00d3 Gy\u00f6rgy"},"content":{"rendered":"<p>? \u2020 Mv., 1830: ev. kur\u00e1tor. \u2013 Hildebrand J\u00e1nossal ind\u00edtottak mozgalmat a mv.-i evang egyh\u00e1z l\u00e9tes\u00edt\u00e9s\u00e9re, buzd\u00edtottak \u00e9s \u00e1ldozatokat is hoztak a c\u00e9l \u00e9rdek\u00e9ben. \u00c1lland\u00f3an k\u00e9rv\u00e9nyeket ny\u00fajtottak be a Guberniumhoz anyagi t\u00e1mogat\u00e1s\u00e9rt templom \u00e9s iskola \u00e9p\u00edt\u00e9s\u00e9re. Hildebranddal \u00e9venk\u00e9nt felv\u00e1ltva kezelte az egyh\u00e1z vagyon\u00e1t a legtakar\u00e9kosabban (1818\u2013), \u0151 maga t\u00f6bbet adott mint a t\u00f6bbiek egy\u00fcttv\u00e9ve az egyh\u00e1z p\u00e9nzt\u00e1r\u00e1ba. Hal\u00e1los \u00e1gy\u00e1n is az egyh\u00e1zra gondolt. V\u00e9grendelet\u00e9ben \u00fagy int\u00e9zkedett, hogy amennyiben fia gyermektelen\u00fcl halna meg vagyona az ev. egyh\u00e1zra sz\u00e1lljon. Fia Gy\u00f6rgy megs\u00e9rt\u0151d\u00f6tt, egy ref. rokon\u00e1t adopt\u00e1lta \u00e9s \u00edgy az egyh\u00e1z elesett az \u00f6r\u00f6ks\u00e9gt\u0151l. <br \/><strong>Irod.:<\/strong> Beyer.<\/br><\/p>\n","protected":false},"excerpt":{"rendered":"<p>? \u2020 Mv., 1830: ev. kur\u00e1tor. \u2013 Hildebrand J\u00e1nossal ind\u00edtottak mozgalmat a mv.-i evang egyh\u00e1z l\u00e9tes\u00edt\u00e9s\u00e9re, buzd\u00edtottak \u00e9s \u00e1ldozatokat is hoztak a c\u00e9l \u00e9rdek\u00e9ben. \u00c1lland\u00f3an k\u00e9rv\u00e9nyeket ny\u00fajtottak be a Guberniumhoz anyagi t\u00e1mogat\u00e1s\u00e9rt templom \u00e9s iskola \u00e9p\u00edt\u00e9s\u00e9re. Hildebranddal \u00e9venk\u00e9nt felv\u00e1ltva kezelte az egyh\u00e1z vagyon\u00e1t a legtakar\u00e9kosabban (1818\u2013), \u0151 maga t\u00f6bbet adott mint a t\u00f6bbiek egy\u00fcttv\u00e9ve az [&hellip;]<\/p>\n","protected":false},"featured_media":0,"comment_status":"open","ping_status":"closed","template":"","meta":[],"product_brand":[],"product_cat":[137],"product_tag":[],"class_list":{"0":"post-22562","1":"product","2":"type-product","3":"status-publish","5":"product_cat-maros-megyei-eletrajzi-lexikon","7":"first","8":"instock","9":"shipping-taxable","10":"product-type-simple"},"_links":{"self":[{"href":"https:\/\/uj.adatbank.ro\/lexikon\/wp-json\/wp\/v2\/product\/22562","targetHints":{"allow":["GET"]}}],"collection":[{"href":"https:\/\/uj.adatbank.ro\/lexikon\/wp-json\/wp\/v2\/product"}],"about":[{"href":"https:\/\/uj.adatbank.ro\/lexikon\/wp-json\/wp\/v2\/types\/product"}],"replies":[{"embeddable":true,"href":"https:\/\/uj.adatbank.ro\/lexikon\/wp-json\/wp\/v2\/comments?post=22562"}],"wp:attachment":[{"href":"https:\/\/uj.adatbank.ro\/lexikon\/wp-json\/wp\/v2\/media?parent=22562"}],"wp:term":[{"taxonomy":"product_brand","embeddable":true,"href":"https:\/\/uj.adatbank.ro\/lexikon\/wp-json\/wp\/v2\/product_brand?post=22562"},{"taxonomy":"product_cat","embeddable":true,"href":"https:\/\/uj.adatbank.ro\/lexikon\/wp-json\/wp\/v2\/product_cat?post=22562"},{"taxonomy":"product_tag","embeddable":true,"href":"https:\/\/uj.adatbank.ro\/lexikon\/wp-json\/wp\/v2\/product_tag?post=22562"}],"curies":[{"name":"wp","href":"https:\/\/api.w.org\/{rel}","templated":true}]}}

SZTAKÓ György

<p>? † Mv., 1830: ev. kurátor. – Hildebrand Jánossal indítottak mozgalmat a mv.-i evang egyház létesítésére, buzdítottak és áldozatokat is hoztak a cél érdekében. Állandóan kérvényeket nyújtottak be a Guberniumhoz anyagi támogatásért templom és iskola építésére. Hildebranddal évenként felváltva kezelte az egyház vagyonát a legtakarékosabban (1818–), ő maga többet adott mint a többiek együttvéve az egyház pénztárába. Halálos ágyán is az egyházra gondolt. Végrendeletében úgy intézkedett, hogy amennyiben fia gyermektelenül halna meg vagyona az ev. egyházra szálljon. Fia György megsértődött, egy ref. rokonát adoptálta és így az egyház elesett az örökségtől. <br /><strong>Irod.:</strong> Beyer.</br></p>

<p>? † Mv., 1830: ev. kurátor. – Hildebrand Jánossal indítottak mozgalmat a mv.-i evang egyház létesítésére, buzdítottak és áldozatokat is hoztak a cél érdekében. Állandóan kérvényeket nyújtottak be a Guberniumhoz anyagi támogatásért templom és iskola építésére. Hildebranddal évenként felváltva kezelte az egyház vagyonát a legtakarékosabban (1818–), ő maga többet adott mint a többiek együttvéve az [&hellip;]</p>
