{"id":22563,"date":"2025-07-22T20:05:54","date_gmt":"2025-07-22T18:05:54","guid":{"rendered":"https:\/\/uj.adatbank.ro\/lexikon\/termek\/sztankovszky-jozsef\/"},"modified":"2025-07-22T20:05:54","modified_gmt":"2025-07-22T18:05:54","slug":"sztankovszky-jozsef","status":"publish","type":"product","link":"https:\/\/uj.adatbank.ro\/lexikon\/termek\/sztankovszky-jozsef\/","title":{"rendered":"SZTANKOVSZKY J\u00f3zsef"},"content":{"rendered":"<p>Maribor, 1881. j\u00fal. 14., \u2020?: gy\u00f3gyszer\u00e9sz, vegy\u00e9sz. \u2013 A bp.-i PPTE-en v\u00e9gzett (1905. j\u00fan. 24.), gyakornok volt az egyetemen Lengyel B\u00e9la egyetemi tan\u00e1r mellett. Dem\u00e9nyh\u00e1z\u00e1n az \u00dcdv\u00f6z\u00edt\u0151 gy\u00f3gyszert\u00e1r tulajdonosa \u00e9s vezet\u0151je (1910\u201321), dolgozott Mv.-en is (\u20131924 k.). Ny\u00e1r\u00e1dt\u0151n volt gy\u00f3gyszert\u00e1ra (1925\u2013), majd Mv.-en a Betegseg\u00e9lyz\u0151 P\u00e9nzt\u00e1r gy\u00f3gyszert\u00e1r\u00e1ban dolgozott (1948\u201349). <br \/><strong>Irod.:<\/strong> Almanah Tg. M.; P\u00e9ter H. M.; P\u00e9ter H. M. 2013.<\/br><\/p>\n","protected":false},"excerpt":{"rendered":"<p>Maribor, 1881. j\u00fal. 14., \u2020?: gy\u00f3gyszer\u00e9sz, vegy\u00e9sz. \u2013 A bp.-i PPTE-en v\u00e9gzett (1905. j\u00fan. 24.), gyakornok volt az egyetemen Lengyel B\u00e9la egyetemi tan\u00e1r mellett. Dem\u00e9nyh\u00e1z\u00e1n az \u00dcdv\u00f6z\u00edt\u0151 gy\u00f3gyszert\u00e1r tulajdonosa \u00e9s vezet\u0151je (1910\u201321), dolgozott Mv.-en is (\u20131924 k.). Ny\u00e1r\u00e1dt\u0151n volt gy\u00f3gyszert\u00e1ra (1925\u2013), majd Mv.-en a Betegseg\u00e9lyz\u0151 P\u00e9nzt\u00e1r gy\u00f3gyszert\u00e1r\u00e1ban dolgozott (1948\u201349). Irod.: Almanah Tg. M.; P\u00e9ter H. [&hellip;]<\/p>\n","protected":false},"featured_media":0,"comment_status":"open","ping_status":"closed","template":"","meta":[],"product_brand":[],"product_cat":[137],"product_tag":[],"class_list":{"0":"post-22563","1":"product","2":"type-product","3":"status-publish","5":"product_cat-maros-megyei-eletrajzi-lexikon","7":"first","8":"instock","9":"shipping-taxable","10":"product-type-simple"},"_links":{"self":[{"href":"https:\/\/uj.adatbank.ro\/lexikon\/wp-json\/wp\/v2\/product\/22563","targetHints":{"allow":["GET"]}}],"collection":[{"href":"https:\/\/uj.adatbank.ro\/lexikon\/wp-json\/wp\/v2\/product"}],"about":[{"href":"https:\/\/uj.adatbank.ro\/lexikon\/wp-json\/wp\/v2\/types\/product"}],"replies":[{"embeddable":true,"href":"https:\/\/uj.adatbank.ro\/lexikon\/wp-json\/wp\/v2\/comments?post=22563"}],"wp:attachment":[{"href":"https:\/\/uj.adatbank.ro\/lexikon\/wp-json\/wp\/v2\/media?parent=22563"}],"wp:term":[{"taxonomy":"product_brand","embeddable":true,"href":"https:\/\/uj.adatbank.ro\/lexikon\/wp-json\/wp\/v2\/product_brand?post=22563"},{"taxonomy":"product_cat","embeddable":true,"href":"https:\/\/uj.adatbank.ro\/lexikon\/wp-json\/wp\/v2\/product_cat?post=22563"},{"taxonomy":"product_tag","embeddable":true,"href":"https:\/\/uj.adatbank.ro\/lexikon\/wp-json\/wp\/v2\/product_tag?post=22563"}],"curies":[{"name":"wp","href":"https:\/\/api.w.org\/{rel}","templated":true}]}}

SZTANKOVSZKY József

<p>Maribor, 1881. júl. 14., †?: gyógyszerész, vegyész. – A bp.-i PPTE-en végzett (1905. jún. 24.), gyakornok volt az egyetemen Lengyel Béla egyetemi tanár mellett. Deményházán az Üdvözítő gyógyszertár tulajdonosa és vezetője (1910–21), dolgozott Mv.-en is (–1924 k.). Nyárádtőn volt gyógyszertára (1925–), majd Mv.-en a Betegsegélyző Pénztár gyógyszertárában dolgozott (1948–49). <br /><strong>Irod.:</strong> Almanah Tg. M.; Péter H. M.; Péter H. M. 2013.</br></p>

<p>Maribor, 1881. júl. 14., †?: gyógyszerész, vegyész. – A bp.-i PPTE-en végzett (1905. jún. 24.), gyakornok volt az egyetemen Lengyel Béla egyetemi tanár mellett. Deményházán az Üdvözítő gyógyszertár tulajdonosa és vezetője (1910–21), dolgozott Mv.-en is (–1924 k.). Nyárádtőn volt gyógyszertára (1925–), majd Mv.-en a Betegsegélyző Pénztár gyógyszertárában dolgozott (1948–49). Irod.: Almanah Tg. M.; Péter H. [&hellip;]</p>
