{"id":22565,"date":"2025-07-22T20:05:59","date_gmt":"2025-07-22T18:05:59","guid":{"rendered":"https:\/\/uj.adatbank.ro\/lexikon\/termek\/sztojka-antal\/"},"modified":"2025-07-22T20:05:59","modified_gmt":"2025-07-22T18:05:59","slug":"sztojka-antal","status":"publish","type":"product","link":"https:\/\/uj.adatbank.ro\/lexikon\/termek\/sztojka-antal\/","title":{"rendered":"SZTOJKA Antal"},"content":{"rendered":"<p>? \u2020?: b\u00edr\u00f3. \u2013 Feles\u00e9ge: Bartha M\u00e1ria (1838? \u2013 Mv., 1870. m\u00e1j. 16.). Fi\u00fak: Viktor. \u2013 Mv.-i m. kir. t\u00e1blai rendes b\u00edr\u00f3. <br \/><strong>Irod.:<\/strong> Gy\u00e1szjelent\u0151.<\/br><\/p>\n","protected":false},"excerpt":{"rendered":"<p>? \u2020?: b\u00edr\u00f3. \u2013 Feles\u00e9ge: Bartha M\u00e1ria (1838? \u2013 Mv., 1870. m\u00e1j. 16.). Fi\u00fak: Viktor. \u2013 Mv.-i m. kir. t\u00e1blai rendes b\u00edr\u00f3. Irod.: Gy\u00e1szjelent\u0151.<\/p>\n","protected":false},"featured_media":0,"comment_status":"open","ping_status":"closed","template":"","meta":[],"product_brand":[],"product_cat":[137],"product_tag":[],"class_list":{"0":"post-22565","1":"product","2":"type-product","3":"status-publish","5":"product_cat-maros-megyei-eletrajzi-lexikon","7":"first","8":"instock","9":"shipping-taxable","10":"product-type-simple"},"_links":{"self":[{"href":"https:\/\/uj.adatbank.ro\/lexikon\/wp-json\/wp\/v2\/product\/22565","targetHints":{"allow":["GET"]}}],"collection":[{"href":"https:\/\/uj.adatbank.ro\/lexikon\/wp-json\/wp\/v2\/product"}],"about":[{"href":"https:\/\/uj.adatbank.ro\/lexikon\/wp-json\/wp\/v2\/types\/product"}],"replies":[{"embeddable":true,"href":"https:\/\/uj.adatbank.ro\/lexikon\/wp-json\/wp\/v2\/comments?post=22565"}],"wp:attachment":[{"href":"https:\/\/uj.adatbank.ro\/lexikon\/wp-json\/wp\/v2\/media?parent=22565"}],"wp:term":[{"taxonomy":"product_brand","embeddable":true,"href":"https:\/\/uj.adatbank.ro\/lexikon\/wp-json\/wp\/v2\/product_brand?post=22565"},{"taxonomy":"product_cat","embeddable":true,"href":"https:\/\/uj.adatbank.ro\/lexikon\/wp-json\/wp\/v2\/product_cat?post=22565"},{"taxonomy":"product_tag","embeddable":true,"href":"https:\/\/uj.adatbank.ro\/lexikon\/wp-json\/wp\/v2\/product_tag?post=22565"}],"curies":[{"name":"wp","href":"https:\/\/api.w.org\/{rel}","templated":true}]}}