{"id":22569,"date":"2025-07-22T20:06:07","date_gmt":"2025-07-22T18:06:07","guid":{"rendered":"https:\/\/uj.adatbank.ro\/lexikon\/termek\/sztroja-janos\/"},"modified":"2025-07-22T20:06:07","modified_gmt":"2025-07-22T18:06:07","slug":"sztroja-janos","status":"publish","type":"product","link":"https:\/\/uj.adatbank.ro\/lexikon\/termek\/sztroja-janos\/","title":{"rendered":"SZTR\u00d3JA J\u00e1nos"},"content":{"rendered":"<p>Mv., 1885., \u2020?: \u00e9tkezdetulajdonos. \u2013 Iskol\u00e1i elv\u00e9gz\u00e9se ut\u00e1n az \u00e9p\u00edt\u0151iparban szabadult fel, majd mint \u00e9tkezdetulajdonos m\u0171k\u00f6d\u00f6tt Mv.-en (1915\u2013). Az els\u0151 vh.-ban az oroszok fogs\u00e1g\u00e1ba ker\u00fclt, mint sebes\u00fclt \u00e9s rokkant t\u00e9rt haza. <br \/><strong>Irod.:<\/strong> Sz\u00e9kelyf\u00f6ld \u00ed. k.<\/br><\/p>\n","protected":false},"excerpt":{"rendered":"<p>Mv., 1885., \u2020?: \u00e9tkezdetulajdonos. \u2013 Iskol\u00e1i elv\u00e9gz\u00e9se ut\u00e1n az \u00e9p\u00edt\u0151iparban szabadult fel, majd mint \u00e9tkezdetulajdonos m\u0171k\u00f6d\u00f6tt Mv.-en (1915\u2013). Az els\u0151 vh.-ban az oroszok fogs\u00e1g\u00e1ba ker\u00fclt, mint sebes\u00fclt \u00e9s rokkant t\u00e9rt haza. Irod.: Sz\u00e9kelyf\u00f6ld \u00ed. k.<\/p>\n","protected":false},"featured_media":0,"comment_status":"open","ping_status":"closed","template":"","meta":[],"product_brand":[],"product_cat":[137],"product_tag":[],"class_list":{"0":"post-22569","1":"product","2":"type-product","3":"status-publish","5":"product_cat-maros-megyei-eletrajzi-lexikon","7":"first","8":"instock","9":"shipping-taxable","10":"product-type-simple"},"_links":{"self":[{"href":"https:\/\/uj.adatbank.ro\/lexikon\/wp-json\/wp\/v2\/product\/22569","targetHints":{"allow":["GET"]}}],"collection":[{"href":"https:\/\/uj.adatbank.ro\/lexikon\/wp-json\/wp\/v2\/product"}],"about":[{"href":"https:\/\/uj.adatbank.ro\/lexikon\/wp-json\/wp\/v2\/types\/product"}],"replies":[{"embeddable":true,"href":"https:\/\/uj.adatbank.ro\/lexikon\/wp-json\/wp\/v2\/comments?post=22569"}],"wp:attachment":[{"href":"https:\/\/uj.adatbank.ro\/lexikon\/wp-json\/wp\/v2\/media?parent=22569"}],"wp:term":[{"taxonomy":"product_brand","embeddable":true,"href":"https:\/\/uj.adatbank.ro\/lexikon\/wp-json\/wp\/v2\/product_brand?post=22569"},{"taxonomy":"product_cat","embeddable":true,"href":"https:\/\/uj.adatbank.ro\/lexikon\/wp-json\/wp\/v2\/product_cat?post=22569"},{"taxonomy":"product_tag","embeddable":true,"href":"https:\/\/uj.adatbank.ro\/lexikon\/wp-json\/wp\/v2\/product_tag?post=22569"}],"curies":[{"name":"wp","href":"https:\/\/api.w.org\/{rel}","templated":true}]}}