{"id":22574,"date":"2025-07-22T20:06:19","date_gmt":"2025-07-22T18:06:19","guid":{"rendered":"https:\/\/uj.adatbank.ro\/lexikon\/termek\/sztupjar-samuel-sztupiar-samu\/"},"modified":"2025-07-22T20:06:19","modified_gmt":"2025-07-22T18:06:19","slug":"sztupjar-samuel-sztupiar-samu","status":"publish","type":"product","link":"https:\/\/uj.adatbank.ro\/lexikon\/termek\/sztupjar-samuel-sztupiar-samu\/","title":{"rendered":"SZTUPJ\u00c1R S\u00e1muel, Sztupi\u00e1r Samu"},"content":{"rendered":"<p>? \u2020?: \u00fcgyv\u00e9d. \u2013 Mv.-en f\u0151\u00fcgy\u00e9szhelyettes, t\u00f6rv\u00e9nyhat\u00f3s\u00e1gi bizotts\u00e1gi tag (1910), a k\u00f6zigazgat\u00e1si tanfolyam igazgat\u00f3ja (1913). Bern\u00e1dy Gy\u00f6rgy munkat\u00e1rsa. <br \/><strong>Irod.:<\/strong> Id\u0151t\u00e1r 2; Marosi Barna 1974 (Marosv\u00e1s\u00e1rhely, 1913. jan. 1.).<\/br><\/p>\n","protected":false},"excerpt":{"rendered":"<p>? \u2020?: \u00fcgyv\u00e9d. \u2013 Mv.-en f\u0151\u00fcgy\u00e9szhelyettes, t\u00f6rv\u00e9nyhat\u00f3s\u00e1gi bizotts\u00e1gi tag (1910), a k\u00f6zigazgat\u00e1si tanfolyam igazgat\u00f3ja (1913). Bern\u00e1dy Gy\u00f6rgy munkat\u00e1rsa. Irod.: Id\u0151t\u00e1r 2; Marosi Barna 1974 (Marosv\u00e1s\u00e1rhely, 1913. jan. 1.).<\/p>\n","protected":false},"featured_media":0,"comment_status":"open","ping_status":"closed","template":"","meta":[],"product_brand":[],"product_cat":[137],"product_tag":[],"class_list":{"0":"post-22574","1":"product","2":"type-product","3":"status-publish","5":"product_cat-maros-megyei-eletrajzi-lexikon","7":"first","8":"instock","9":"shipping-taxable","10":"product-type-simple"},"_links":{"self":[{"href":"https:\/\/uj.adatbank.ro\/lexikon\/wp-json\/wp\/v2\/product\/22574","targetHints":{"allow":["GET"]}}],"collection":[{"href":"https:\/\/uj.adatbank.ro\/lexikon\/wp-json\/wp\/v2\/product"}],"about":[{"href":"https:\/\/uj.adatbank.ro\/lexikon\/wp-json\/wp\/v2\/types\/product"}],"replies":[{"embeddable":true,"href":"https:\/\/uj.adatbank.ro\/lexikon\/wp-json\/wp\/v2\/comments?post=22574"}],"wp:attachment":[{"href":"https:\/\/uj.adatbank.ro\/lexikon\/wp-json\/wp\/v2\/media?parent=22574"}],"wp:term":[{"taxonomy":"product_brand","embeddable":true,"href":"https:\/\/uj.adatbank.ro\/lexikon\/wp-json\/wp\/v2\/product_brand?post=22574"},{"taxonomy":"product_cat","embeddable":true,"href":"https:\/\/uj.adatbank.ro\/lexikon\/wp-json\/wp\/v2\/product_cat?post=22574"},{"taxonomy":"product_tag","embeddable":true,"href":"https:\/\/uj.adatbank.ro\/lexikon\/wp-json\/wp\/v2\/product_tag?post=22574"}],"curies":[{"name":"wp","href":"https:\/\/api.w.org\/{rel}","templated":true}]}}