{"id":22577,"date":"2025-07-22T20:06:26","date_gmt":"2025-07-22T18:06:26","guid":{"rendered":"https:\/\/uj.adatbank.ro\/lexikon\/termek\/szucs-jeno\/"},"modified":"2025-07-22T20:06:26","modified_gmt":"2025-07-22T18:06:26","slug":"szucs-jeno","status":"publish","type":"product","link":"https:\/\/uj.adatbank.ro\/lexikon\/termek\/szucs-jeno\/","title":{"rendered":"SZ\u0170CS Jen\u0151"},"content":{"rendered":"<p>Mv., 1926., \u2020 Mv., 2007. jan. 30: orvos. \u2013 Feles\u00e9ge: M\u00e1tis Ilona (1921\u20132008). \u2013 Mv.-en v\u00e9gezte az orvosi egyetemet (1952). F\u0151orvos a k\u00f6zeg\u00e9szs\u00e9g\u00fcgyi int\u00e9zetben, a Sanepidn\u00e9l. <br \/><strong>Irod.:<\/strong> Kiss-P. \u2013 P; [Nekrol\u00f3g] (N\u00fa., 2007. febr. 1.).<\/br><\/p>\n","protected":false},"excerpt":{"rendered":"<p>Mv., 1926., \u2020 Mv., 2007. jan. 30: orvos. \u2013 Feles\u00e9ge: M\u00e1tis Ilona (1921\u20132008). \u2013 Mv.-en v\u00e9gezte az orvosi egyetemet (1952). F\u0151orvos a k\u00f6zeg\u00e9szs\u00e9g\u00fcgyi int\u00e9zetben, a Sanepidn\u00e9l. Irod.: Kiss-P. \u2013 P; [Nekrol\u00f3g] (N\u00fa., 2007. febr. 1.).<\/p>\n","protected":false},"featured_media":0,"comment_status":"open","ping_status":"closed","template":"","meta":[],"product_brand":[],"product_cat":[137],"product_tag":[],"class_list":{"0":"post-22577","1":"product","2":"type-product","3":"status-publish","5":"product_cat-maros-megyei-eletrajzi-lexikon","7":"first","8":"instock","9":"shipping-taxable","10":"product-type-simple"},"_links":{"self":[{"href":"https:\/\/uj.adatbank.ro\/lexikon\/wp-json\/wp\/v2\/product\/22577","targetHints":{"allow":["GET"]}}],"collection":[{"href":"https:\/\/uj.adatbank.ro\/lexikon\/wp-json\/wp\/v2\/product"}],"about":[{"href":"https:\/\/uj.adatbank.ro\/lexikon\/wp-json\/wp\/v2\/types\/product"}],"replies":[{"embeddable":true,"href":"https:\/\/uj.adatbank.ro\/lexikon\/wp-json\/wp\/v2\/comments?post=22577"}],"wp:attachment":[{"href":"https:\/\/uj.adatbank.ro\/lexikon\/wp-json\/wp\/v2\/media?parent=22577"}],"wp:term":[{"taxonomy":"product_brand","embeddable":true,"href":"https:\/\/uj.adatbank.ro\/lexikon\/wp-json\/wp\/v2\/product_brand?post=22577"},{"taxonomy":"product_cat","embeddable":true,"href":"https:\/\/uj.adatbank.ro\/lexikon\/wp-json\/wp\/v2\/product_cat?post=22577"},{"taxonomy":"product_tag","embeddable":true,"href":"https:\/\/uj.adatbank.ro\/lexikon\/wp-json\/wp\/v2\/product_tag?post=22577"}],"curies":[{"name":"wp","href":"https:\/\/api.w.org\/{rel}","templated":true}]}}