{"id":22579,"date":"2025-07-22T20:06:29","date_gmt":"2025-07-22T18:06:29","guid":{"rendered":"https:\/\/uj.adatbank.ro\/lexikon\/termek\/szucs-laszlo\/"},"modified":"2025-07-22T20:06:29","modified_gmt":"2025-07-22T18:06:29","slug":"szucs-laszlo","status":"publish","type":"product","link":"https:\/\/uj.adatbank.ro\/lexikon\/termek\/szucs-laszlo\/","title":{"rendered":"SZ\u0170CS L\u00e1szl\u00f3"},"content":{"rendered":"<p>1909., \u2020?: orvos. \u2013 K\u00f6z\u00e9piskol\u00e1it Mv.-en, az egyetemet Lipcs\u00e9ben v\u00e9gezte, Bp.-en \u00e9s B\u00e9csben szakos\u00edtotta mag\u00e1t. Orvos dr. Mv.-en, f\u00fcl-orr-g\u00e9ge orvos, tan\u00e1rseg\u00e9d innen deport\u00e1lt\u00e1k feles\u00e9g\u00e9vel (1944. m\u00e1j. 29.). Auschwitzban is orvos volt. Cs\u00edkszered\u00e1ban, Aradon, majd N\u00e9metorsz\u00e1gban praktiz\u00e1lt. Tagja volt az orvosok Hat\u00e1rok N\u00e9lk\u00fcl szervezetnek. \u00c1ttelep\u00fclt Izraelbe. <br \/><strong>Irod.:<\/strong> Kiss Cs. M.3; Mv. zsid\u00f3s\u00e1ga; Visnai.<\/br><\/p>\n","protected":false},"excerpt":{"rendered":"<p>1909., \u2020?: orvos. \u2013 K\u00f6z\u00e9piskol\u00e1it Mv.-en, az egyetemet Lipcs\u00e9ben v\u00e9gezte, Bp.-en \u00e9s B\u00e9csben szakos\u00edtotta mag\u00e1t. Orvos dr. Mv.-en, f\u00fcl-orr-g\u00e9ge orvos, tan\u00e1rseg\u00e9d innen deport\u00e1lt\u00e1k feles\u00e9g\u00e9vel (1944. m\u00e1j. 29.). Auschwitzban is orvos volt. Cs\u00edkszered\u00e1ban, Aradon, majd N\u00e9metorsz\u00e1gban praktiz\u00e1lt. Tagja volt az orvosok Hat\u00e1rok N\u00e9lk\u00fcl szervezetnek. \u00c1ttelep\u00fclt Izraelbe. Irod.: Kiss Cs. M.3; Mv. zsid\u00f3s\u00e1ga; Visnai.<\/p>\n","protected":false},"featured_media":0,"comment_status":"open","ping_status":"closed","template":"","meta":[],"product_brand":[],"product_cat":[137],"product_tag":[],"class_list":{"0":"post-22579","1":"product","2":"type-product","3":"status-publish","5":"product_cat-maros-megyei-eletrajzi-lexikon","7":"first","8":"instock","9":"shipping-taxable","10":"product-type-simple"},"_links":{"self":[{"href":"https:\/\/uj.adatbank.ro\/lexikon\/wp-json\/wp\/v2\/product\/22579","targetHints":{"allow":["GET"]}}],"collection":[{"href":"https:\/\/uj.adatbank.ro\/lexikon\/wp-json\/wp\/v2\/product"}],"about":[{"href":"https:\/\/uj.adatbank.ro\/lexikon\/wp-json\/wp\/v2\/types\/product"}],"replies":[{"embeddable":true,"href":"https:\/\/uj.adatbank.ro\/lexikon\/wp-json\/wp\/v2\/comments?post=22579"}],"wp:attachment":[{"href":"https:\/\/uj.adatbank.ro\/lexikon\/wp-json\/wp\/v2\/media?parent=22579"}],"wp:term":[{"taxonomy":"product_brand","embeddable":true,"href":"https:\/\/uj.adatbank.ro\/lexikon\/wp-json\/wp\/v2\/product_brand?post=22579"},{"taxonomy":"product_cat","embeddable":true,"href":"https:\/\/uj.adatbank.ro\/lexikon\/wp-json\/wp\/v2\/product_cat?post=22579"},{"taxonomy":"product_tag","embeddable":true,"href":"https:\/\/uj.adatbank.ro\/lexikon\/wp-json\/wp\/v2\/product_tag?post=22579"}],"curies":[{"name":"wp","href":"https:\/\/api.w.org\/{rel}","templated":true}]}}