{"id":22580,"date":"2025-07-22T20:06:31","date_gmt":"2025-07-22T18:06:31","guid":{"rendered":"https:\/\/uj.adatbank.ro\/lexikon\/termek\/szucsaky-ferenc-szucsaki-ferenc-szutsaki-ferenc\/"},"modified":"2025-07-22T20:06:31","modified_gmt":"2025-07-22T18:06:31","slug":"szucsaky-ferenc-szucsaki-ferenc-szutsaki-ferenc","status":"publish","type":"product","link":"https:\/\/uj.adatbank.ro\/lexikon\/termek\/szucsaky-ferenc-szucsaki-ferenc-szutsaki-ferenc\/","title":{"rendered":"SZUCS\u00c1KY Ferenc, Szucs\u00e1ki Ferenc, Szuts\u00e1ki Ferenc"},"content":{"rendered":"<p>Szucs\u00e1g, 1723. szept., \u2020\u00a0Erd\u0151csin\u00e1d, 1783. \u00e1pr., az erd\u0151csin\u00e1di csal\u00e1di kript\u00e1ban nyugszik feles\u00e9g\u00e9vel egy\u00fctt: f\u00f6ldbirtokos, b\u00edr\u00f3. \u2013 Feles\u00e9ge: Kabos Kl\u00e1ra. \u2013 Sz\u00fcleit\u0151l \u00f6r\u00f6k\u00f6lte az erd\u0151csin\u00e1di, magyarfelfalui, kisillyei \u00e9s nagyszederjesi birtokokat. Ifj\u00fakor\u00e1ban mint hadnagy, szolg\u00e1lt a hadseregben; Torda v\u00e1rmegye f\u0151b\u00edr\u00f3ja (1771), majd Mv.-n sz\u00e9kb\u00edr\u00f3 (1776), ugyanitt a Ref. Koll. algondnoka (1777\u2013) \u00e9s a v\u00e1rosi k\u00e9pvisel\u0151test\u00fclet tagja, az erd\u0151csin\u00e1di ref. ekl\u00e9zsia patr\u00f3nusa. V\u00e9grendelet\u00e9ben megb\u00edzta feles\u00e9g\u00e9t, hogy saj\u00e1t k\u00f6lts\u00e9g\u00e9n \u00faj templomot \u00e9p\u00edttessen Erd\u0151csin\u00e1don, ami meg is t\u00f6rt\u00e9nt (1783. aug.\u20131789. okt.). Vagyon\u00e1b\u00f3l sokat adom\u00e1nyozott iskola- \u00e9s templom\u00e9p\u00edt\u00e9sre, a mv.-i Ref. Koll.-ot is t\u00e1mogatta. Kabos Kl\u00e1ra, aki v\u00e9grendelet\u00e9vel (1810. dec. 12.) az Ebh\u00e1ton (Kazinczy-u.) l\u00e9v\u0151 telk\u00e9t 3000 frt. \u00e9rt\u00e9kben a Ref. Koll.-nak \u00e9s k\u00fcl\u00f6n 600 frtot a ref. egyh\u00e1z papi fizet\u00e9s\u00e9nek p\u00f3tl\u00e1s\u00e1ra hagyta \u00e9s orgon\u00e1t k\u00e9sz\u00edttetett a mv.-i V\u00e1rtemplomnak. Az \u0151 \u00e9s feles\u00e9ge, Kab\u00f3s Kl\u00e1ra adom\u00e1ny\u00e1b\u00f3l k\u00e9ssz\u00fclt a marosj\u00e1rai ref. templom sz\u00f3sz\u00e9kkoron\u00e1ja (1803). Az erd\u0151csin\u00e1di \u00e1ltal\u00e1nos iskola viseli nev\u00e9t (2006\u2013). <br \/><strong>Irod.:<\/strong> B\u00f6jthe Andor; B\u00f6jthe \u00d6d\u00f6n: Kegyelet \u00fcnnep\u00e9lye melyet erd\u0151csin\u00e1di Szucs\u00e1ki Ferenc \u00e9s magyargyer\u0151monostori Kabos Kl\u00e1ra templom\u00e9p\u00edt\u0151k eml\u00e9k\u00e9re rendezett az erd\u0151csin\u00e1di ref. gy\u00fclekezet 1911 nov. 4\u20135. (Mv., \u00e9.n.); Kab\u00f3s \u00c9va: Ki volt a templom\u00e9p\u00edt\u0151? (N\u00fa., 1999. j\u00fan. 9.); Kiss P\u00e1l: Mv. kalauz; Koncz; Kr\u00f3n F\u00fcz. (1939. 4\/8); N\u00fa. (2006. m\u00e1j. 26); \u00d6tv\u00f6s.<\/br><\/p>\n","protected":false},"excerpt":{"rendered":"<p>Szucs\u00e1g, 1723. szept., \u2020\u00a0Erd\u0151csin\u00e1d, 1783. \u00e1pr., az erd\u0151csin\u00e1di csal\u00e1di kript\u00e1ban nyugszik feles\u00e9g\u00e9vel egy\u00fctt: f\u00f6ldbirtokos, b\u00edr\u00f3. \u2013 Feles\u00e9ge: Kabos Kl\u00e1ra. \u2013 Sz\u00fcleit\u0151l \u00f6r\u00f6k\u00f6lte az erd\u0151csin\u00e1di, magyarfelfalui, kisillyei \u00e9s nagyszederjesi birtokokat. Ifj\u00fakor\u00e1ban mint hadnagy, szolg\u00e1lt a hadseregben; Torda v\u00e1rmegye f\u0151b\u00edr\u00f3ja (1771), majd Mv.-n sz\u00e9kb\u00edr\u00f3 (1776), ugyanitt a Ref. Koll. algondnoka (1777\u2013) \u00e9s a v\u00e1rosi k\u00e9pvisel\u0151test\u00fclet tagja, az [&hellip;]<\/p>\n","protected":false},"featured_media":0,"comment_status":"open","ping_status":"closed","template":"","meta":[],"product_brand":[],"product_cat":[137],"product_tag":[],"class_list":{"0":"post-22580","1":"product","2":"type-product","3":"status-publish","5":"product_cat-maros-megyei-eletrajzi-lexikon","7":"first","8":"instock","9":"shipping-taxable","10":"product-type-simple"},"_links":{"self":[{"href":"https:\/\/uj.adatbank.ro\/lexikon\/wp-json\/wp\/v2\/product\/22580","targetHints":{"allow":["GET"]}}],"collection":[{"href":"https:\/\/uj.adatbank.ro\/lexikon\/wp-json\/wp\/v2\/product"}],"about":[{"href":"https:\/\/uj.adatbank.ro\/lexikon\/wp-json\/wp\/v2\/types\/product"}],"replies":[{"embeddable":true,"href":"https:\/\/uj.adatbank.ro\/lexikon\/wp-json\/wp\/v2\/comments?post=22580"}],"wp:attachment":[{"href":"https:\/\/uj.adatbank.ro\/lexikon\/wp-json\/wp\/v2\/media?parent=22580"}],"wp:term":[{"taxonomy":"product_brand","embeddable":true,"href":"https:\/\/uj.adatbank.ro\/lexikon\/wp-json\/wp\/v2\/product_brand?post=22580"},{"taxonomy":"product_cat","embeddable":true,"href":"https:\/\/uj.adatbank.ro\/lexikon\/wp-json\/wp\/v2\/product_cat?post=22580"},{"taxonomy":"product_tag","embeddable":true,"href":"https:\/\/uj.adatbank.ro\/lexikon\/wp-json\/wp\/v2\/product_tag?post=22580"}],"curies":[{"name":"wp","href":"https:\/\/api.w.org\/{rel}","templated":true}]}}

SZUCSÁKY Ferenc, Szucsáki Ferenc, Szutsáki Ferenc

<p>Szucság, 1723. szept., † Erdőcsinád, 1783. ápr., az erdőcsinádi családi kriptában nyugszik feleségével együtt: földbirtokos, bíró. – Felesége: Kabos Klára. – Szüleitől örökölte az erdőcsinádi, magyarfelfalui, kisillyei és nagyszederjesi birtokokat. Ifjúkorában mint hadnagy, szolgált a hadseregben; Torda vármegye főbírója (1771), majd Mv.-n székbíró (1776), ugyanitt a Ref. Koll. algondnoka (1777–) és a városi képviselőtestület tagja, az erdőcsinádi ref. eklézsia patrónusa. Végrendeletében megbízta feleségét, hogy saját költségén új templomot építtessen Erdőcsinádon, ami meg is történt (1783. aug.–1789. okt.). Vagyonából sokat adományozott iskola- és templomépítésre, a mv.-i Ref. Koll.-ot is támogatta. Kabos Klára, aki végrendeletével (1810. dec. 12.) az Ebháton (Kazinczy-u.) lévő telkét 3000 frt. értékben a Ref. Koll.-nak és külön 600 frtot a ref. egyház papi fizetésének pótlására hagyta és orgonát készíttetett a mv.-i Vártemplomnak. Az ő és felesége, Kabós Klára adományából késszült a marosjárai ref. templom szószékkoronája (1803). Az erdőcsinádi általános iskola viseli nevét (2006–). <br /><strong>Irod.:</strong> Böjthe Andor; Böjthe Ödön: Kegyelet ünnepélye melyet erdőcsinádi Szucsáki Ferenc és magyargyerőmonostori Kabos Klára templomépítők emlékére rendezett az erdőcsinádi ref. gyülekezet 1911 nov. 4–5. (Mv., é.n.); Kabós Éva: Ki volt a templomépítő? (Nú., 1999. jún. 9.); Kiss Pál: Mv. kalauz; Koncz; Krón Füz. (1939. 4/8); Nú. (2006. máj. 26); Ötvös.</br></p>

<p>Szucság, 1723. szept., † Erdőcsinád, 1783. ápr., az erdőcsinádi családi kriptában nyugszik feleségével együtt: földbirtokos, bíró. – Felesége: Kabos Klára. – Szüleitől örökölte az erdőcsinádi, magyarfelfalui, kisillyei és nagyszederjesi birtokokat. Ifjúkorában mint hadnagy, szolgált a hadseregben; Torda vármegye főbírója (1771), majd Mv.-n székbíró (1776), ugyanitt a Ref. Koll. algondnoka (1777–) és a városi képviselőtestület tagja, az [&hellip;]</p>
