{"id":22581,"date":"2025-07-22T20:06:34","date_gmt":"2025-07-22T18:06:34","guid":{"rendered":"https:\/\/uj.adatbank.ro\/lexikon\/termek\/szurkos-arpad\/"},"modified":"2025-07-22T20:06:34","modified_gmt":"2025-07-22T18:06:34","slug":"szurkos-arpad","status":"publish","type":"product","link":"https:\/\/uj.adatbank.ro\/lexikon\/termek\/szurkos-arpad\/","title":{"rendered":"SZURKOS \u00c1rp\u00e1d"},"content":{"rendered":"<p>Mv., 1932. \u00e1pr. 29., \u2020 Bp., 2005. szept. 13. Mv.-en temett\u00e9k (okt. 13.): vegy\u00e9sz, egyetemi tan\u00e1r. \u2013 Mv.-en a Ref. Koll.-ban ill \u2013 annak ut\u00f3dj\u00e1ban \u00e9retts\u00e9gizett (1950), majd Kv.-on a BTE K\u00e9mia szak\u00e1n szerzett oklevelet (1954); a k\u00e9miai tudom\u00e1nyok doktora (1972). Kv.-on a BTE-en gyakornok (1954\u201357); a MOGYI tan\u00e1rseg\u00e9de, el\u0151ad\u00f3ja (1958\u201361); a Pedag\u00f3giai F\u0151iskola K\u00e9mia Tansz\u00e9k\u00e9nek el\u0151ad\u00f3 tan\u00e1ra (1962\u201390), d\u00e9k\u00e1nja; az Unirea L\u00edc. tan\u00e1ra (1990\u2013). Kutat\u00e1si ter\u00fclete: fotogr\u00e1fiai \u00e9rz\u00e9keny\u00edt\u0151 cianin fest\u00e9kek, szerves vegy\u00fcletek polarogr\u00e1fi\u00e1s vizsg\u00e1lata. Cikkeket \u00edrt a: Studia UBB, Revista de Fizic\u0103 \u015fi Chimie, Revue Roumaine de Chemie, Procedings of the 2. nd Conference on Applied Physical Chemistry (Bp., 1971)-ben. Szerves k\u00e9mia: F\u0151isk. jegyzet. 1\u20132 k\u00f6t (Mv., 1969\u201370); K\u00e9miai k\u00eds\u00e9rletek \u00e9s feladatok: F\u0151isk. jegyzet (Mv., 1974); <strong>t\u00e1rssz.:<\/strong> Curs de chimie organic\u0103 (Buc., 1965); Universitatea Tehnic\u0103 din T\u00e2rgu Mure\u015f \u2013 30 de ani de activitate (Tg. M., 1991). <br \/><strong>Irod.:<\/strong> Facultatea de Farmacie; Genersich; KKACs; Mv.-i Gy\u00f3gyszer\u00e9szeti Kar; Pers. Mure\u015fene; RMIL; Todea; T\u0151k\u00e9s; Viharban.<\/br><\/p>\n","protected":false},"excerpt":{"rendered":"<p>Mv., 1932. \u00e1pr. 29., \u2020 Bp., 2005. szept. 13. Mv.-en temett\u00e9k (okt. 13.): vegy\u00e9sz, egyetemi tan\u00e1r. \u2013 Mv.-en a Ref. Koll.-ban ill \u2013 annak ut\u00f3dj\u00e1ban \u00e9retts\u00e9gizett (1950), majd Kv.-on a BTE K\u00e9mia szak\u00e1n szerzett oklevelet (1954); a k\u00e9miai tudom\u00e1nyok doktora (1972). Kv.-on a BTE-en gyakornok (1954\u201357); a MOGYI tan\u00e1rseg\u00e9de, el\u0151ad\u00f3ja (1958\u201361); a Pedag\u00f3giai F\u0151iskola K\u00e9mia [&hellip;]<\/p>\n","protected":false},"featured_media":0,"comment_status":"open","ping_status":"closed","template":"","meta":[],"product_brand":[],"product_cat":[137],"product_tag":[],"class_list":{"0":"post-22581","1":"product","2":"type-product","3":"status-publish","5":"product_cat-maros-megyei-eletrajzi-lexikon","7":"first","8":"instock","9":"shipping-taxable","10":"product-type-simple"},"_links":{"self":[{"href":"https:\/\/uj.adatbank.ro\/lexikon\/wp-json\/wp\/v2\/product\/22581","targetHints":{"allow":["GET"]}}],"collection":[{"href":"https:\/\/uj.adatbank.ro\/lexikon\/wp-json\/wp\/v2\/product"}],"about":[{"href":"https:\/\/uj.adatbank.ro\/lexikon\/wp-json\/wp\/v2\/types\/product"}],"replies":[{"embeddable":true,"href":"https:\/\/uj.adatbank.ro\/lexikon\/wp-json\/wp\/v2\/comments?post=22581"}],"wp:attachment":[{"href":"https:\/\/uj.adatbank.ro\/lexikon\/wp-json\/wp\/v2\/media?parent=22581"}],"wp:term":[{"taxonomy":"product_brand","embeddable":true,"href":"https:\/\/uj.adatbank.ro\/lexikon\/wp-json\/wp\/v2\/product_brand?post=22581"},{"taxonomy":"product_cat","embeddable":true,"href":"https:\/\/uj.adatbank.ro\/lexikon\/wp-json\/wp\/v2\/product_cat?post=22581"},{"taxonomy":"product_tag","embeddable":true,"href":"https:\/\/uj.adatbank.ro\/lexikon\/wp-json\/wp\/v2\/product_tag?post=22581"}],"curies":[{"name":"wp","href":"https:\/\/api.w.org\/{rel}","templated":true}]}}

SZURKOS Árpád

<p>Mv., 1932. ápr. 29., † Bp., 2005. szept. 13. Mv.-en temették (okt. 13.): vegyész, egyetemi tanár. – Mv.-en a Ref. Koll.-ban ill – annak utódjában érettségizett (1950), majd Kv.-on a BTE Kémia szakán szerzett oklevelet (1954); a kémiai tudományok doktora (1972). Kv.-on a BTE-en gyakornok (1954–57); a MOGYI tanársegéde, előadója (1958–61); a Pedagógiai Főiskola Kémia Tanszékének előadó tanára (1962–90), dékánja; az Unirea Líc. tanára (1990–). Kutatási területe: fotográfiai érzékenyítő cianin festékek, szerves vegyületek polarográfiás vizsgálata. Cikkeket írt a: Studia UBB, Revista de Fizică şi Chimie, Revue Roumaine de Chemie, Procedings of the 2. nd Conference on Applied Physical Chemistry (Bp., 1971)-ben. Szerves kémia: Főisk. jegyzet. 1–2 köt (Mv., 1969–70); Kémiai kísérletek és feladatok: Főisk. jegyzet (Mv., 1974); <strong>társsz.:</strong> Curs de chimie organică (Buc., 1965); Universitatea Tehnică din Târgu Mureş – 30 de ani de activitate (Tg. M., 1991). <br /><strong>Irod.:</strong> Facultatea de Farmacie; Genersich; KKACs; Mv.-i Gyógyszerészeti Kar; Pers. Mureşene; RMIL; Todea; Tőkés; Viharban.</br></p>

<p>Mv., 1932. ápr. 29., † Bp., 2005. szept. 13. Mv.-en temették (okt. 13.): vegyész, egyetemi tanár. – Mv.-en a Ref. Koll.-ban ill – annak utódjában érettségizett (1950), majd Kv.-on a BTE Kémia szakán szerzett oklevelet (1954); a kémiai tudományok doktora (1972). Kv.-on a BTE-en gyakornok (1954–57); a MOGYI tanársegéde, előadója (1958–61); a Pedagógiai Főiskola Kémia [&hellip;]</p>
