{"id":22582,"date":"2025-07-22T20:06:36","date_gmt":"2025-07-22T18:06:36","guid":{"rendered":"https:\/\/uj.adatbank.ro\/lexikon\/termek\/szurtei-janos\/"},"modified":"2025-07-22T20:06:36","modified_gmt":"2025-07-22T18:06:36","slug":"szurtei-janos","status":"publish","type":"product","link":"https:\/\/uj.adatbank.ro\/lexikon\/termek\/szurtei-janos\/","title":{"rendered":"SZ\u00dcRTEI J\u00e1nos"},"content":{"rendered":"<p>? \u2020\u00a017.: mv.-i polg\u00e1r. \u2013 Az utols\u00f3 lak\u00f3ja a v\u00e1r belter\u00fclet\u00e9nek. H\u00e1za a v\u00e1rtemplom \u00e9szaki oldala mellett, a mag\u00e1n\u00e9p\u00fcletek er\u0151szakos lerombol\u00e1sa ut\u00e1n is sok\u00e1ig fenn\u00e1llott. A v\u00e1rb\u00f3l val\u00f3 kilakoltat\u00e1sok ut\u00e1n m\u00e9g j\u00f3 ideig ott lakott, akkor is, mikor ott m\u00e1r az osztr\u00e1k katonas\u00e1g volt az \u00far, mert kijelentette, hogy onnan \u00e9lve ki nem viszik; \u00edgy h\u00e1t megt\u0171rt\u00e9k, ann\u00e1l is ink\u00e1bb, mert m\u00e1r nagyon \u00f6reg volt. H\u00e1za m\u00e9g 1751-ben is hely\u00e9n \u00e1llott, amit bizony\u00edt a v\u00e1ros lev\u00e9lt\u00e1r\u00e1ban, azon \u00e9v m\u00e1rcius 24-\u00e9n kelt k\u00e9rv\u00e9nye, melyben 4 szek\u00e9r vessz\u0151t k\u00e9r a maga sz\u00e1m\u00e1ra a magisztr\u00e1tust\u00f3l. <br \/><strong>Irod.:<\/strong> Kr\u00f3n. F\u00fcz. (1940., 4\/10).<\/br><\/p>\n","protected":false},"excerpt":{"rendered":"<p>? \u2020\u00a017.: mv.-i polg\u00e1r. \u2013 Az utols\u00f3 lak\u00f3ja a v\u00e1r belter\u00fclet\u00e9nek. H\u00e1za a v\u00e1rtemplom \u00e9szaki oldala mellett, a mag\u00e1n\u00e9p\u00fcletek er\u0151szakos lerombol\u00e1sa ut\u00e1n is sok\u00e1ig fenn\u00e1llott. A v\u00e1rb\u00f3l val\u00f3 kilakoltat\u00e1sok ut\u00e1n m\u00e9g j\u00f3 ideig ott lakott, akkor is, mikor ott m\u00e1r az osztr\u00e1k katonas\u00e1g volt az \u00far, mert kijelentette, hogy onnan \u00e9lve ki nem viszik; \u00edgy [&hellip;]<\/p>\n","protected":false},"featured_media":0,"comment_status":"open","ping_status":"closed","template":"","meta":[],"product_brand":[],"product_cat":[137],"product_tag":[],"class_list":{"0":"post-22582","1":"product","2":"type-product","3":"status-publish","5":"product_cat-maros-megyei-eletrajzi-lexikon","7":"first","8":"instock","9":"shipping-taxable","10":"product-type-simple"},"_links":{"self":[{"href":"https:\/\/uj.adatbank.ro\/lexikon\/wp-json\/wp\/v2\/product\/22582","targetHints":{"allow":["GET"]}}],"collection":[{"href":"https:\/\/uj.adatbank.ro\/lexikon\/wp-json\/wp\/v2\/product"}],"about":[{"href":"https:\/\/uj.adatbank.ro\/lexikon\/wp-json\/wp\/v2\/types\/product"}],"replies":[{"embeddable":true,"href":"https:\/\/uj.adatbank.ro\/lexikon\/wp-json\/wp\/v2\/comments?post=22582"}],"wp:attachment":[{"href":"https:\/\/uj.adatbank.ro\/lexikon\/wp-json\/wp\/v2\/media?parent=22582"}],"wp:term":[{"taxonomy":"product_brand","embeddable":true,"href":"https:\/\/uj.adatbank.ro\/lexikon\/wp-json\/wp\/v2\/product_brand?post=22582"},{"taxonomy":"product_cat","embeddable":true,"href":"https:\/\/uj.adatbank.ro\/lexikon\/wp-json\/wp\/v2\/product_cat?post=22582"},{"taxonomy":"product_tag","embeddable":true,"href":"https:\/\/uj.adatbank.ro\/lexikon\/wp-json\/wp\/v2\/product_tag?post=22582"}],"curies":[{"name":"wp","href":"https:\/\/api.w.org\/{rel}","templated":true}]}}

SZÜRTEI János

<p>? † 17.: mv.-i polgár. – Az utolsó lakója a vár belterületének. Háza a vártemplom északi oldala mellett, a magánépületek erőszakos lerombolása után is sokáig fennállott. A várból való kilakoltatások után még jó ideig ott lakott, akkor is, mikor ott már az osztrák katonaság volt az úr, mert kijelentette, hogy onnan élve ki nem viszik; így hát megtűrték, annál is inkább, mert már nagyon öreg volt. Háza még 1751-ben is helyén állott, amit bizonyít a város levéltárában, azon év március 24-én kelt kérvénye, melyben 4 szekér vesszőt kér a maga számára a magisztrátustól. <br /><strong>Irod.:</strong> Krón. Füz. (1940., 4/10).</br></p>

<p>? † 17.: mv.-i polgár. – Az utolsó lakója a vár belterületének. Háza a vártemplom északi oldala mellett, a magánépületek erőszakos lerombolása után is sokáig fennállott. A várból való kilakoltatások után még jó ideig ott lakott, akkor is, mikor ott már az osztrák katonaság volt az úr, mert kijelentette, hogy onnan élve ki nem viszik; így [&hellip;]</p>
