{"id":22592,"date":"2025-08-01T16:51:51","date_gmt":"2025-08-01T14:51:51","guid":{"rendered":"https:\/\/uj.adatbank.ro\/lexikon\/termek\/tabarcea-aurora-%c2%a7-matei-aurora\/"},"modified":"2025-08-01T16:51:51","modified_gmt":"2025-08-01T14:51:51","slug":"tabarcea-aurora-%c2%a7-matei-aurora","status":"publish","type":"product","link":"https:\/\/uj.adatbank.ro\/lexikon\/termek\/tabarcea-aurora-%c2%a7-matei-aurora\/","title":{"rendered":"TABARCEA, Aurora, \u00a7 Matei Aurora"},"content":{"rendered":"<p>Koronka, 1909. aug. 13., \u2020 Marosszentgy\u00f6rgy, 1979. j\u00fan. 4.: tan\u00edt\u00f3. \u2013 Matei Partenie, gr. kat. pap \u00e9s Silvia le\u00e1nya. F\u00e9rje: T. Ioan. \u2013 A tan\u00edt\u00f3k\u00e9pz\u0151t Kv.-on v\u00e9gezte (1931). Sz\u00fcl\u0151faluj\u00e1ban, majd Marosh\u00e9v\u00edzen tan\u00edtott, onnan Marosszentgy\u00f6rgyre ker\u00fclt, m\u00edg elmenek\u00fclt (1934\u201340. aug. 30.). Legion\u00e1rius volt Visszat\u00e9rt (1945\u201350). Az iskola \u00e9s a m\u0171vel\u0151d\u00e9si h\u00e1z k\u00f3rus\u00e1t vezette, nyugd\u00edjaz\u00e1s\u00e1ig a kult\u00farmunka minden ter\u00fclet\u00e9n tev\u00e9kenykedett (1953\u201358). <br \/><strong>\u2013 Irod.:<\/strong> Bartos 2012; Opri\u015f\u2013Moldovan; S\u00e2ngeorgiu de Mure\u015f \u2013 \u015ecoala.<\/br><\/p>\n","protected":false},"excerpt":{"rendered":"<p>Koronka, 1909. aug. 13., \u2020 Marosszentgy\u00f6rgy, 1979. j\u00fan. 4.: tan\u00edt\u00f3. \u2013 Matei Partenie, gr. kat. pap \u00e9s Silvia le\u00e1nya. F\u00e9rje: T. Ioan. \u2013 A tan\u00edt\u00f3k\u00e9pz\u0151t Kv.-on v\u00e9gezte (1931). Sz\u00fcl\u0151faluj\u00e1ban, majd Marosh\u00e9v\u00edzen tan\u00edtott, onnan Marosszentgy\u00f6rgyre ker\u00fclt, m\u00edg elmenek\u00fclt (1934\u201340. aug. 30.). Legion\u00e1rius volt Visszat\u00e9rt (1945\u201350). Az iskola \u00e9s a m\u0171vel\u0151d\u00e9si h\u00e1z k\u00f3rus\u00e1t vezette, nyugd\u00edjaz\u00e1s\u00e1ig a kult\u00farmunka [&hellip;]<\/p>\n","protected":false},"featured_media":0,"comment_status":"open","ping_status":"closed","template":"","meta":[],"product_brand":[],"product_cat":[137],"product_tag":[],"class_list":{"0":"post-22592","1":"product","2":"type-product","3":"status-publish","5":"product_cat-maros-megyei-eletrajzi-lexikon","7":"first","8":"instock","9":"shipping-taxable","10":"product-type-simple"},"_links":{"self":[{"href":"https:\/\/uj.adatbank.ro\/lexikon\/wp-json\/wp\/v2\/product\/22592","targetHints":{"allow":["GET"]}}],"collection":[{"href":"https:\/\/uj.adatbank.ro\/lexikon\/wp-json\/wp\/v2\/product"}],"about":[{"href":"https:\/\/uj.adatbank.ro\/lexikon\/wp-json\/wp\/v2\/types\/product"}],"replies":[{"embeddable":true,"href":"https:\/\/uj.adatbank.ro\/lexikon\/wp-json\/wp\/v2\/comments?post=22592"}],"wp:attachment":[{"href":"https:\/\/uj.adatbank.ro\/lexikon\/wp-json\/wp\/v2\/media?parent=22592"}],"wp:term":[{"taxonomy":"product_brand","embeddable":true,"href":"https:\/\/uj.adatbank.ro\/lexikon\/wp-json\/wp\/v2\/product_brand?post=22592"},{"taxonomy":"product_cat","embeddable":true,"href":"https:\/\/uj.adatbank.ro\/lexikon\/wp-json\/wp\/v2\/product_cat?post=22592"},{"taxonomy":"product_tag","embeddable":true,"href":"https:\/\/uj.adatbank.ro\/lexikon\/wp-json\/wp\/v2\/product_tag?post=22592"}],"curies":[{"name":"wp","href":"https:\/\/api.w.org\/{rel}","templated":true}]}}

<p>Koronka, 1909. aug. 13., † Marosszentgyörgy, 1979. jún. 4.: tanító. – Matei Partenie, gr. kat. pap és Silvia leánya. Férje: T. Ioan. – A tanítóképzőt Kv.-on végezte (1931). Szülőfalujában, majd Maroshévízen tanított, onnan Marosszentgyörgyre került, míg elmenekült (1934–40. aug. 30.). Legionárius volt Visszatért (1945–50). Az iskola és a művelődési ház kórusát vezette, nyugdíjazásáig a kultúrmunka minden területén tevékenykedett (1953–58). <br /><strong>– Irod.:</strong> Bartos 2012; Opriş–Moldovan; Sângeorgiu de Mureş – Şcoala.</br></p>

<p>Koronka, 1909. aug. 13., † Marosszentgyörgy, 1979. jún. 4.: tanító. – Matei Partenie, gr. kat. pap és Silvia leánya. Férje: T. Ioan. – A tanítóképzőt Kv.-on végezte (1931). Szülőfalujában, majd Maroshévízen tanított, onnan Marosszentgyörgyre került, míg elmenekült (1934–40. aug. 30.). Legionárius volt Visszatért (1945–50). Az iskola és a művelődési ház kórusát vezette, nyugdíjazásáig a kultúrmunka [&hellip;]</p>
