{"id":22593,"date":"2025-08-01T16:51:53","date_gmt":"2025-08-01T14:51:53","guid":{"rendered":"https:\/\/uj.adatbank.ro\/lexikon\/termek\/tabarcea-ioan-%c2%a7\/"},"modified":"2025-08-01T16:51:53","modified_gmt":"2025-08-01T14:51:53","slug":"tabarcea-ioan-%c2%a7","status":"publish","type":"product","link":"https:\/\/uj.adatbank.ro\/lexikon\/termek\/tabarcea-ioan-%c2%a7\/","title":{"rendered":"TABARCEA Ioan, \u00a7"},"content":{"rendered":"<p>One\u015fti \u2013 Tecuci, 1905. m\u00e1j. 5., \u2020 N\u00e1zna, 1989. aug. 25.: tan\u00edt\u00f3. \u2013 T. Alexandru Ioana fia. Feles\u00e9ge: Matei Aurora. Tan\u00edt\u00f3k\u00e9pz\u0151t Romanban v\u00e9gzett. Marosszentgy\u00f6rgyre helyezt\u00e9k (1932\u2013). I-es fokazati tan\u00edt\u00f3i vizsg\u00e1t tett (1946. dec. 1.). M\u0171vel\u0151d\u00e9si igazgat\u00f3nak nevezt\u00e9k ki (1938. dec. 18.\u2013). Csal\u00e1dj\u00e1val elmenek\u00fclt (1940. szept. 30. \u2013 1945). Visszat\u00e9rt Marosszentgy\u00f6rgyre, kinevezt\u00e9k iskolaigazgat\u00f3nak (1940\u201350), kult\u00farigazgat\u00f3nak (1946\u201349). N\u00e1zn\u00e1ra helyezt\u00e9k \u00e1t (1950\u2013). <br \/><strong>\u2013 Irod.:<\/strong> Bartos 2012; Opri\u015f; Opri\u015f 2001; S\u00e2ngeorgiu de Mure\u015f; S\u00e2ngeorgiu de Mure\u015f \u2013 \u015ecoala.<\/br><\/p>\n","protected":false},"excerpt":{"rendered":"<p>One\u015fti \u2013 Tecuci, 1905. m\u00e1j. 5., \u2020 N\u00e1zna, 1989. aug. 25.: tan\u00edt\u00f3. \u2013 T. Alexandru Ioana fia. Feles\u00e9ge: Matei Aurora. Tan\u00edt\u00f3k\u00e9pz\u0151t Romanban v\u00e9gzett. Marosszentgy\u00f6rgyre helyezt\u00e9k (1932\u2013). I-es fokazati tan\u00edt\u00f3i vizsg\u00e1t tett (1946. dec. 1.). M\u0171vel\u0151d\u00e9si igazgat\u00f3nak nevezt\u00e9k ki (1938. dec. 18.\u2013). Csal\u00e1dj\u00e1val elmenek\u00fclt (1940. szept. 30. \u2013 1945). Visszat\u00e9rt Marosszentgy\u00f6rgyre, kinevezt\u00e9k iskolaigazgat\u00f3nak (1940\u201350), kult\u00farigazgat\u00f3nak (1946\u201349). [&hellip;]<\/p>\n","protected":false},"featured_media":0,"comment_status":"open","ping_status":"closed","template":"","meta":[],"product_brand":[],"product_cat":[137],"product_tag":[],"class_list":{"0":"post-22593","1":"product","2":"type-product","3":"status-publish","5":"product_cat-maros-megyei-eletrajzi-lexikon","7":"first","8":"instock","9":"shipping-taxable","10":"product-type-simple"},"_links":{"self":[{"href":"https:\/\/uj.adatbank.ro\/lexikon\/wp-json\/wp\/v2\/product\/22593","targetHints":{"allow":["GET"]}}],"collection":[{"href":"https:\/\/uj.adatbank.ro\/lexikon\/wp-json\/wp\/v2\/product"}],"about":[{"href":"https:\/\/uj.adatbank.ro\/lexikon\/wp-json\/wp\/v2\/types\/product"}],"replies":[{"embeddable":true,"href":"https:\/\/uj.adatbank.ro\/lexikon\/wp-json\/wp\/v2\/comments?post=22593"}],"wp:attachment":[{"href":"https:\/\/uj.adatbank.ro\/lexikon\/wp-json\/wp\/v2\/media?parent=22593"}],"wp:term":[{"taxonomy":"product_brand","embeddable":true,"href":"https:\/\/uj.adatbank.ro\/lexikon\/wp-json\/wp\/v2\/product_brand?post=22593"},{"taxonomy":"product_cat","embeddable":true,"href":"https:\/\/uj.adatbank.ro\/lexikon\/wp-json\/wp\/v2\/product_cat?post=22593"},{"taxonomy":"product_tag","embeddable":true,"href":"https:\/\/uj.adatbank.ro\/lexikon\/wp-json\/wp\/v2\/product_tag?post=22593"}],"curies":[{"name":"wp","href":"https:\/\/api.w.org\/{rel}","templated":true}]}}

<p>Oneşti – Tecuci, 1905. máj. 5., † Názna, 1989. aug. 25.: tanító. – T. Alexandru Ioana fia. Felesége: Matei Aurora. Tanítóképzőt Romanban végzett. Marosszentgyörgyre helyezték (1932–). I-es fokazati tanítói vizsgát tett (1946. dec. 1.). Művelődési igazgatónak nevezték ki (1938. dec. 18.–). Családjával elmenekült (1940. szept. 30. – 1945). Visszatért Marosszentgyörgyre, kinevezték iskolaigazgatónak (1940–50), kultúrigazgatónak (1946–49). Náznára helyezték át (1950–). <br /><strong>– Irod.:</strong> Bartos 2012; Opriş; Opriş 2001; Sângeorgiu de Mureş; Sângeorgiu de Mureş – Şcoala.</br></p>

<p>Oneşti – Tecuci, 1905. máj. 5., † Názna, 1989. aug. 25.: tanító. – T. Alexandru Ioana fia. Felesége: Matei Aurora. Tanítóképzőt Romanban végzett. Marosszentgyörgyre helyezték (1932–). I-es fokazati tanítói vizsgát tett (1946. dec. 1.). Művelődési igazgatónak nevezték ki (1938. dec. 18.–). Családjával elmenekült (1940. szept. 30. – 1945). Visszatért Marosszentgyörgyre, kinevezték iskolaigazgatónak (1940–50), kultúrigazgatónak (1946–49). [&hellip;]</p>
