{"id":22598,"date":"2025-08-01T16:52:02","date_gmt":"2025-08-01T14:52:02","guid":{"rendered":"https:\/\/uj.adatbank.ro\/lexikon\/termek\/takacs-dezso\/"},"modified":"2025-08-01T16:52:02","modified_gmt":"2025-08-01T14:52:02","slug":"takacs-dezso","status":"publish","type":"product","link":"https:\/\/uj.adatbank.ro\/lexikon\/termek\/takacs-dezso\/","title":{"rendered":"TAK\u00c1CS Dezs\u0151"},"content":{"rendered":"<p>? \u2020 ?: tisztvisel\u0151, sportol\u00f3. \u2013 V\u00e1rosi tisztvisel\u0151 Mv.-en. Sport p\u00e1lyafut\u00e1s\u00e1t az MSE sz\u00edneiben kezdte a labdar\u00fag\u00e1sban \u00e9s az atl\u00e9tik\u00e1ban (1919), majd a vasutas labdar\u00fag\u00f3 csapatnak a tagja (1925\u201331), ezzel orsz\u00e1gos bajnoks\u00e1got nyert, h\u00e1romszor a ligabajnoks\u00e1g, hatszor az orsz\u00e1gos liga v\u00e1logatott tagja. Mint a NAC j\u00e1t\u00e9kosa r\u00e9szt vett egy\u00fcttese Francio.-i turn\u00e9j\u00e1n. K\u00e9s\u0151bb a nagyv\u00e1radi AC (1932\u2013), a brass\u00f3i vasutas, majd a Maros FC j\u00e1t\u00e9kosa volt. J\u00e1t\u00e9kvezet\u0151 lett (1934\u2013). <br \/><strong>\u2013 Irod.:<\/strong> Pluh\u00e1r.<\/br><\/p>\n","protected":false},"excerpt":{"rendered":"<p>? \u2020 ?: tisztvisel\u0151, sportol\u00f3. \u2013 V\u00e1rosi tisztvisel\u0151 Mv.-en. Sport p\u00e1lyafut\u00e1s\u00e1t az MSE sz\u00edneiben kezdte a labdar\u00fag\u00e1sban \u00e9s az atl\u00e9tik\u00e1ban (1919), majd a vasutas labdar\u00fag\u00f3 csapatnak a tagja (1925\u201331), ezzel orsz\u00e1gos bajnoks\u00e1got nyert, h\u00e1romszor a ligabajnoks\u00e1g, hatszor az orsz\u00e1gos liga v\u00e1logatott tagja. Mint a NAC j\u00e1t\u00e9kosa r\u00e9szt vett egy\u00fcttese Francio.-i turn\u00e9j\u00e1n. K\u00e9s\u0151bb a nagyv\u00e1radi AC [&hellip;]<\/p>\n","protected":false},"featured_media":0,"comment_status":"open","ping_status":"closed","template":"","meta":[],"product_brand":[],"product_cat":[137],"product_tag":[],"class_list":{"0":"post-22598","1":"product","2":"type-product","3":"status-publish","5":"product_cat-maros-megyei-eletrajzi-lexikon","7":"first","8":"instock","9":"shipping-taxable","10":"product-type-simple"},"_links":{"self":[{"href":"https:\/\/uj.adatbank.ro\/lexikon\/wp-json\/wp\/v2\/product\/22598","targetHints":{"allow":["GET"]}}],"collection":[{"href":"https:\/\/uj.adatbank.ro\/lexikon\/wp-json\/wp\/v2\/product"}],"about":[{"href":"https:\/\/uj.adatbank.ro\/lexikon\/wp-json\/wp\/v2\/types\/product"}],"replies":[{"embeddable":true,"href":"https:\/\/uj.adatbank.ro\/lexikon\/wp-json\/wp\/v2\/comments?post=22598"}],"wp:attachment":[{"href":"https:\/\/uj.adatbank.ro\/lexikon\/wp-json\/wp\/v2\/media?parent=22598"}],"wp:term":[{"taxonomy":"product_brand","embeddable":true,"href":"https:\/\/uj.adatbank.ro\/lexikon\/wp-json\/wp\/v2\/product_brand?post=22598"},{"taxonomy":"product_cat","embeddable":true,"href":"https:\/\/uj.adatbank.ro\/lexikon\/wp-json\/wp\/v2\/product_cat?post=22598"},{"taxonomy":"product_tag","embeddable":true,"href":"https:\/\/uj.adatbank.ro\/lexikon\/wp-json\/wp\/v2\/product_tag?post=22598"}],"curies":[{"name":"wp","href":"https:\/\/api.w.org\/{rel}","templated":true}]}}

TAKÁCS Dezső

<p>? † ?: tisztviselő, sportoló. – Városi tisztviselő Mv.-en. Sport pályafutását az MSE színeiben kezdte a labdarúgásban és az atlétikában (1919), majd a vasutas labdarúgó csapatnak a tagja (1925–31), ezzel országos bajnokságot nyert, háromszor a ligabajnokság, hatszor az országos liga válogatott tagja. Mint a NAC játékosa részt vett együttese Francio.-i turnéján. Később a nagyváradi AC (1932–), a brassói vasutas, majd a Maros FC játékosa volt. Játékvezető lett (1934–). <br /><strong>– Irod.:</strong> Pluhár.</br></p>

<p>? † ?: tisztviselő, sportoló. – Városi tisztviselő Mv.-en. Sport pályafutását az MSE színeiben kezdte a labdarúgásban és az atlétikában (1919), majd a vasutas labdarúgó csapatnak a tagja (1925–31), ezzel országos bajnokságot nyert, háromszor a ligabajnokság, hatszor az országos liga válogatott tagja. Mint a NAC játékosa részt vett együttese Francio.-i turnéján. Később a nagyváradi AC [&hellip;]</p>
