{"id":22604,"date":"2025-08-01T16:52:17","date_gmt":"2025-08-01T14:52:17","guid":{"rendered":"https:\/\/uj.adatbank.ro\/lexikon\/termek\/takacs-janos-felvinci-takats-janos\/"},"modified":"2025-08-01T16:52:17","modified_gmt":"2025-08-01T14:52:17","slug":"takacs-janos-felvinci-takats-janos","status":"publish","type":"product","link":"https:\/\/uj.adatbank.ro\/lexikon\/termek\/takacs-janos-felvinci-takats-janos\/","title":{"rendered":"TAK\u00c1CS J\u00e1nos, felvinci, Tak\u00e1ts J\u00e1nos"},"content":{"rendered":"<p>? \u2020 ?: ref. lelk\u00e9sz B\u00fanban (Kis-K\u00fck\u00fcll\u0151m.). \u2013 T. Andr\u00e1s kolosi ref. lelk\u00e9sz fia; tan\u00e1r volt a 60-as \u00e9vekben Kv.-on. \u2013  <strong>F. m..:<\/strong> Egy k\u00f6zj\u00f3ra sz\u00fclettetett hazafijub\u00f3l lett tisztvisel\u0151, kit amaz halhatatlan eml\u00e9kezet\u00fc nagy hazafij\u00fanak&#8230; gr\u00f3f Bethleni Bethlen S\u00e1ndor \u00farnak&#8230; p\u00e9ld\u00e1j\u00e1ban lerajzolt \u00e9s gy\u00e1szos hallgat\u00f3ival szeml\u00e9ltetett 1793. nov. 24. (Kv., 1794.); Az igaznak boldog hal\u00e1la. Halotti besz\u00e9d hadadi b\u00e1r\u00f3 Wessel\u00e9nyi Anna, bethleni gr. Bethlen Lajosn\u00e9 felett 1807. decz. 6. (Mv., 1808); <strong>antol\u00f3g.:<\/strong> K\u00f6bl\u00f6s Zolt\u00e1n: Halotti besz\u00e9dek (Kv., 1905). <br \/><strong>\u2013 Irod.:<\/strong> Halotti besz\u00e9dek; Szinnyei.<\/br><\/p>\n","protected":false},"excerpt":{"rendered":"<p>? \u2020 ?: ref. lelk\u00e9sz B\u00fanban (Kis-K\u00fck\u00fcll\u0151m.). \u2013 T. Andr\u00e1s kolosi ref. lelk\u00e9sz fia; tan\u00e1r volt a 60-as \u00e9vekben Kv.-on. \u2013 F. m..: Egy k\u00f6zj\u00f3ra sz\u00fclettetett hazafijub\u00f3l lett tisztvisel\u0151, kit amaz halhatatlan eml\u00e9kezet\u00fc nagy hazafij\u00fanak&#8230; gr\u00f3f Bethleni Bethlen S\u00e1ndor \u00farnak&#8230; p\u00e9ld\u00e1j\u00e1ban lerajzolt \u00e9s gy\u00e1szos hallgat\u00f3ival szeml\u00e9ltetett 1793. nov. 24. (Kv., 1794.); Az igaznak boldog hal\u00e1la. [&hellip;]<\/p>\n","protected":false},"featured_media":0,"comment_status":"open","ping_status":"closed","template":"","meta":[],"product_brand":[],"product_cat":[137],"product_tag":[],"class_list":{"0":"post-22604","1":"product","2":"type-product","3":"status-publish","5":"product_cat-maros-megyei-eletrajzi-lexikon","7":"first","8":"instock","9":"shipping-taxable","10":"product-type-simple"},"_links":{"self":[{"href":"https:\/\/uj.adatbank.ro\/lexikon\/wp-json\/wp\/v2\/product\/22604","targetHints":{"allow":["GET"]}}],"collection":[{"href":"https:\/\/uj.adatbank.ro\/lexikon\/wp-json\/wp\/v2\/product"}],"about":[{"href":"https:\/\/uj.adatbank.ro\/lexikon\/wp-json\/wp\/v2\/types\/product"}],"replies":[{"embeddable":true,"href":"https:\/\/uj.adatbank.ro\/lexikon\/wp-json\/wp\/v2\/comments?post=22604"}],"wp:attachment":[{"href":"https:\/\/uj.adatbank.ro\/lexikon\/wp-json\/wp\/v2\/media?parent=22604"}],"wp:term":[{"taxonomy":"product_brand","embeddable":true,"href":"https:\/\/uj.adatbank.ro\/lexikon\/wp-json\/wp\/v2\/product_brand?post=22604"},{"taxonomy":"product_cat","embeddable":true,"href":"https:\/\/uj.adatbank.ro\/lexikon\/wp-json\/wp\/v2\/product_cat?post=22604"},{"taxonomy":"product_tag","embeddable":true,"href":"https:\/\/uj.adatbank.ro\/lexikon\/wp-json\/wp\/v2\/product_tag?post=22604"}],"curies":[{"name":"wp","href":"https:\/\/api.w.org\/{rel}","templated":true}]}}

TAKÁCS János, felvinci, Takáts János

<p>? † ?: ref. lelkész Búnban (Kis-Küküllőm.). – T. András kolosi ref. lelkész fia; tanár volt a 60-as években Kv.-on. –  <strong>F. m..:</strong> Egy közjóra születtetett hazafijuból lett tisztviselő, kit amaz halhatatlan emlékezetü nagy hazafijúnak&#8230; gróf Bethleni Bethlen Sándor úrnak&#8230; példájában lerajzolt és gyászos hallgatóival szemléltetett 1793. nov. 24. (Kv., 1794.); Az igaznak boldog halála. Halotti beszéd hadadi báró Wesselényi Anna, bethleni gr. Bethlen Lajosné felett 1807. decz. 6. (Mv., 1808); <strong>antológ.:</strong> Köblös Zoltán: Halotti beszédek (Kv., 1905). <br /><strong>– Irod.:</strong> Halotti beszédek; Szinnyei.</br></p>

<p>? † ?: ref. lelkész Búnban (Kis-Küküllőm.). – T. András kolosi ref. lelkész fia; tanár volt a 60-as években Kv.-on. – F. m..: Egy közjóra születtetett hazafijuból lett tisztviselő, kit amaz halhatatlan emlékezetü nagy hazafijúnak&#8230; gróf Bethleni Bethlen Sándor úrnak&#8230; példájában lerajzolt és gyászos hallgatóival szemléltetett 1793. nov. 24. (Kv., 1794.); Az igaznak boldog halála. [&hellip;]</p>
