{"id":22607,"date":"2025-08-01T16:52:25","date_gmt":"2025-08-01T14:52:25","guid":{"rendered":"https:\/\/uj.adatbank.ro\/lexikon\/termek\/takacs-mano-%c2%a7-takats-emanuel-tischler-takacs-mano\/"},"modified":"2025-08-01T16:52:25","modified_gmt":"2025-08-01T14:52:25","slug":"takacs-mano-%c2%a7-takats-emanuel-tischler-takacs-mano","status":"publish","type":"product","link":"https:\/\/uj.adatbank.ro\/lexikon\/termek\/takacs-mano-%c2%a7-takats-emanuel-tischler-takacs-mano\/","title":{"rendered":"TAK\u00c1CS Man\u00f3, \u00a7 Tak\u00e1ts Emanuel, Tischler Tak\u00e1cs Man\u00f3"},"content":{"rendered":"<p>Marosszentkir\u00e1ly, 1873. Tischler n\u00e9ven, \u2020 Mv., 1940. dec. 25.: orvos, seb\u00e9szorvos. \u2013 Virilista (1913). A gyermekv\u00e9delem szakembere, a csecsem\u0151v\u00e9delem apostola volt. A mv.-i \u00e1llami gyermekmenhelynek volt az igazgat\u00f3ja (1905\u20131919), k\u00e9s\u0151bb lev\u00e1ltott\u00e1k, de tov\u00e1bbra is az int\u00e9zm\u00e9ny szolg\u00e1lat\u00e1ban maradt. A ref. temet\u0151ben nyugszik. <br \/><strong>\u2013 Irod.:<\/strong> A III \u00e9s a IV. Orsz\u00e1gos Patronage kongresszus iratai (Kv., 1912, 1914); Almanah Tg. M.; Bern\u00e1dy; Id\u0151t\u00e1r 2; Id\u0151t\u00e1r 3; Kiss Cs.M.3.; Magyar Sz\u00f3 (1940. dec. 25); Mv. \u00e9s a h\u00e1bor\u00fa 1; \u00d6kr\u00f6s; Petko-Szandtner Alad\u00e1r: A huszon\u00f6t\u00e9ves \u00e1llami gyermekv\u00e9delem \u00e9vk\u00f6nyve (Bp., 1927).<\/br><\/p>\n","protected":false},"excerpt":{"rendered":"<p>Marosszentkir\u00e1ly, 1873. Tischler n\u00e9ven, \u2020 Mv., 1940. dec. 25.: orvos, seb\u00e9szorvos. \u2013 Virilista (1913). A gyermekv\u00e9delem szakembere, a csecsem\u0151v\u00e9delem apostola volt. A mv.-i \u00e1llami gyermekmenhelynek volt az igazgat\u00f3ja (1905\u20131919), k\u00e9s\u0151bb lev\u00e1ltott\u00e1k, de tov\u00e1bbra is az int\u00e9zm\u00e9ny szolg\u00e1lat\u00e1ban maradt. A ref. temet\u0151ben nyugszik. \u2013 Irod.: A III \u00e9s a IV. Orsz\u00e1gos Patronage kongresszus iratai (Kv., 1912, [&hellip;]<\/p>\n","protected":false},"featured_media":0,"comment_status":"open","ping_status":"closed","template":"","meta":[],"product_brand":[],"product_cat":[137],"product_tag":[],"class_list":{"0":"post-22607","1":"product","2":"type-product","3":"status-publish","5":"product_cat-maros-megyei-eletrajzi-lexikon","7":"first","8":"instock","9":"shipping-taxable","10":"product-type-simple"},"_links":{"self":[{"href":"https:\/\/uj.adatbank.ro\/lexikon\/wp-json\/wp\/v2\/product\/22607","targetHints":{"allow":["GET"]}}],"collection":[{"href":"https:\/\/uj.adatbank.ro\/lexikon\/wp-json\/wp\/v2\/product"}],"about":[{"href":"https:\/\/uj.adatbank.ro\/lexikon\/wp-json\/wp\/v2\/types\/product"}],"replies":[{"embeddable":true,"href":"https:\/\/uj.adatbank.ro\/lexikon\/wp-json\/wp\/v2\/comments?post=22607"}],"wp:attachment":[{"href":"https:\/\/uj.adatbank.ro\/lexikon\/wp-json\/wp\/v2\/media?parent=22607"}],"wp:term":[{"taxonomy":"product_brand","embeddable":true,"href":"https:\/\/uj.adatbank.ro\/lexikon\/wp-json\/wp\/v2\/product_brand?post=22607"},{"taxonomy":"product_cat","embeddable":true,"href":"https:\/\/uj.adatbank.ro\/lexikon\/wp-json\/wp\/v2\/product_cat?post=22607"},{"taxonomy":"product_tag","embeddable":true,"href":"https:\/\/uj.adatbank.ro\/lexikon\/wp-json\/wp\/v2\/product_tag?post=22607"}],"curies":[{"name":"wp","href":"https:\/\/api.w.org\/{rel}","templated":true}]}}

TAKÁCS Manó, § Takáts Emanuel, Tischler Takács Manó

<p>Marosszentkirály, 1873. Tischler néven, † Mv., 1940. dec. 25.: orvos, sebészorvos. – Virilista (1913). A gyermekvédelem szakembere, a csecsemővédelem apostola volt. A mv.-i állami gyermekmenhelynek volt az igazgatója (1905–1919), később leváltották, de továbbra is az intézmény szolgálatában maradt. A ref. temetőben nyugszik. <br /><strong>– Irod.:</strong> A III és a IV. Országos Patronage kongresszus iratai (Kv., 1912, 1914); Almanah Tg. M.; Bernády; Időtár 2; Időtár 3; Kiss Cs.M.3.; Magyar Szó (1940. dec. 25); Mv. és a háború 1; Ökrös; Petko-Szandtner Aladár: A huszonötéves állami gyermekvédelem évkönyve (Bp., 1927).</br></p>

<p>Marosszentkirály, 1873. Tischler néven, † Mv., 1940. dec. 25.: orvos, sebészorvos. – Virilista (1913). A gyermekvédelem szakembere, a csecsemővédelem apostola volt. A mv.-i állami gyermekmenhelynek volt az igazgatója (1905–1919), később leváltották, de továbbra is az intézmény szolgálatában maradt. A ref. temetőben nyugszik. – Irod.: A III és a IV. Országos Patronage kongresszus iratai (Kv., 1912, [&hellip;]</p>
