{"id":22611,"date":"2025-08-01T16:52:36","date_gmt":"2025-08-01T14:52:36","guid":{"rendered":"https:\/\/uj.adatbank.ro\/lexikon\/termek\/takacs-zoltan-takats-zoltan-%c2%a7-felvinci\/"},"modified":"2025-08-01T16:52:36","modified_gmt":"2025-08-01T14:52:36","slug":"takacs-zoltan-takats-zoltan-%c2%a7-felvinci","status":"publish","type":"product","link":"https:\/\/uj.adatbank.ro\/lexikon\/termek\/takacs-zoltan-takats-zoltan-%c2%a7-felvinci\/","title":{"rendered":"TAK\u00c1CS Zolt\u00e1n, Tak\u00e1ts Zolt\u00e1n, \u00a7 felvinci"},"content":{"rendered":"<p>Vadasd vagy Bede, 1914. febr. 14. \u2020 Kv. ?: fest\u0151m\u0171v\u00e9sz. \u2013 Kv.-on v\u00e9gzett a Ion Andreescu K\u00e9pz\u0151m\u0171v. F\u0151isk.-n (1953). A kv.-i \u00c1llami Magyar Opera majd a Magyar Sz\u00ednh\u00e1z d\u00edszlettervez\u0151je (1948\u201360). El\u0151sz\u00f6r Kv.-on szerepelt ki\u00e1ll\u00edt\u00e1son (1938), azut\u00e1n rendszeresen ki\u00e1ll\u00edtott megyei \u00e9s orsz\u00e1gos t\u00e1rlatokon, Bp.-en (1941). T\u00f6bb egy\u00e9ni ki\u00e1ll\u00edt\u00e1sa volt Kv.-on. Szamosparti t\u00e1j c. munk\u00e1ja a buk.-i M\u0171v\u00e9szeti M\u00fazeumban, t\u00e1jk\u00e9pe a kv.-i M\u00fazeumban, Szt\u00e1nai t\u00e1j c. festm\u00e9nye a besztercei m\u00fazeumban van. Sz\u00e1mos d\u00edszlettervet k\u00e9sz\u00edtett oper\u00e1khoz, sz\u00ednm\u0171vekhez. \u2013 F. d\u00edszlettervei: Erkel: Hunyadi L\u00e1szl\u00f3; Puccini: Pillang\u00f3kisasszony, Gianni Schicchi, Biz\u00e9t: Carmen, Kod\u00e1ly: Sz\u00e9kelyfon\u00f3; Kacs\u00f3h Pongr\u00e1c: J\u00e1nos Vit\u00e9z; Goldoni: K\u00e9t \u00far szolg\u00e1ja; Shakespeare: Othello, Miller: Az \u00fcgyn\u00f6k hal\u00e1la; Pagnol: Topaze tan\u00e1r \u00far; Br\u00f3dy: A dada, M\u00f3ricz: L\u00e9gy j\u00f3 mindhal\u00e1lig. \u2013  <strong>F. ki\u00e1ll.:<\/strong> Bp. (1941); Kv. (1972). \u2013  <strong>F. m..:<\/strong> Erd\u00e9lyi m\u0171v\u00e9szeti ki\u00e1ll\u00edt\u00e1s 1941 (Kv., 1941). <br \/><strong>\u2013 Irod.:<\/strong> Arck\u00e9pcsarnok (Igaz Sz\u00f3, 1972. 11. sz.); B\u00f6l\u00f6ni Domokos: Rem\u00e9ny a Ny\u00e1ros-patak partj\u00e1n (N\u00fa., 1996. aug. 22.); F\u00fcl\u00f6p\u2013Ferencz; Katona Szab\u00f3 Istv\u00e1n: Az \u00daj \u00c9let lexikona, 155. (\u00daj \u00c9let, 24. sz. 1976.); Moln\u00e1r; Szab\u00f3\u2013K\u00e1llai.<\/br><\/p>\n","protected":false},"excerpt":{"rendered":"<p>Vadasd vagy Bede, 1914. febr. 14. \u2020 Kv. ?: fest\u0151m\u0171v\u00e9sz. \u2013 Kv.-on v\u00e9gzett a Ion Andreescu K\u00e9pz\u0151m\u0171v. F\u0151isk.-n (1953). A kv.-i \u00c1llami Magyar Opera majd a Magyar Sz\u00ednh\u00e1z d\u00edszlettervez\u0151je (1948\u201360). El\u0151sz\u00f6r Kv.-on szerepelt ki\u00e1ll\u00edt\u00e1son (1938), azut\u00e1n rendszeresen ki\u00e1ll\u00edtott megyei \u00e9s orsz\u00e1gos t\u00e1rlatokon, Bp.-en (1941). T\u00f6bb egy\u00e9ni ki\u00e1ll\u00edt\u00e1sa volt Kv.-on. Szamosparti t\u00e1j c. munk\u00e1ja a buk.-i [&hellip;]<\/p>\n","protected":false},"featured_media":0,"comment_status":"open","ping_status":"closed","template":"","meta":[],"product_brand":[],"product_cat":[137],"product_tag":[],"class_list":{"0":"post-22611","1":"product","2":"type-product","3":"status-publish","5":"product_cat-maros-megyei-eletrajzi-lexikon","7":"first","8":"instock","9":"shipping-taxable","10":"product-type-simple"},"_links":{"self":[{"href":"https:\/\/uj.adatbank.ro\/lexikon\/wp-json\/wp\/v2\/product\/22611","targetHints":{"allow":["GET"]}}],"collection":[{"href":"https:\/\/uj.adatbank.ro\/lexikon\/wp-json\/wp\/v2\/product"}],"about":[{"href":"https:\/\/uj.adatbank.ro\/lexikon\/wp-json\/wp\/v2\/types\/product"}],"replies":[{"embeddable":true,"href":"https:\/\/uj.adatbank.ro\/lexikon\/wp-json\/wp\/v2\/comments?post=22611"}],"wp:attachment":[{"href":"https:\/\/uj.adatbank.ro\/lexikon\/wp-json\/wp\/v2\/media?parent=22611"}],"wp:term":[{"taxonomy":"product_brand","embeddable":true,"href":"https:\/\/uj.adatbank.ro\/lexikon\/wp-json\/wp\/v2\/product_brand?post=22611"},{"taxonomy":"product_cat","embeddable":true,"href":"https:\/\/uj.adatbank.ro\/lexikon\/wp-json\/wp\/v2\/product_cat?post=22611"},{"taxonomy":"product_tag","embeddable":true,"href":"https:\/\/uj.adatbank.ro\/lexikon\/wp-json\/wp\/v2\/product_tag?post=22611"}],"curies":[{"name":"wp","href":"https:\/\/api.w.org\/{rel}","templated":true}]}}

TAKÁCS Zoltán, Takáts Zoltán, § felvinci

<p>Vadasd vagy Bede, 1914. febr. 14. † Kv. ?: festőművész. – Kv.-on végzett a Ion Andreescu Képzőműv. Főisk.-n (1953). A kv.-i Állami Magyar Opera majd a Magyar Színház díszlettervezője (1948–60). Először Kv.-on szerepelt kiállításon (1938), azután rendszeresen kiállított megyei és országos tárlatokon, Bp.-en (1941). Több egyéni kiállítása volt Kv.-on. Szamosparti táj c. munkája a buk.-i Művészeti Múzeumban, tájképe a kv.-i Múzeumban, Sztánai táj c. festménye a besztercei múzeumban van. Számos díszlettervet készített operákhoz, színművekhez. – F. díszlettervei: Erkel: Hunyadi László; Puccini: Pillangókisasszony, Gianni Schicchi, Bizét: Carmen, Kodály: Székelyfonó; Kacsóh Pongrác: János Vitéz; Goldoni: Két úr szolgája; Shakespeare: Othello, Miller: Az ügynök halála; Pagnol: Topaze tanár úr; Bródy: A dada, Móricz: Légy jó mindhalálig. –  <strong>F. kiáll.:</strong> Bp. (1941); Kv. (1972). –  <strong>F. m..:</strong> Erdélyi művészeti kiállítás 1941 (Kv., 1941). <br /><strong>– Irod.:</strong> Arcképcsarnok (Igaz Szó, 1972. 11. sz.); Bölöni Domokos: Remény a Nyáros-patak partján (Nú., 1996. aug. 22.); Fülöp–Ferencz; Katona Szabó István: Az Új Élet lexikona, 155. (Új Élet, 24. sz. 1976.); Molnár; Szabó–Kállai.</br></p>

<p>Vadasd vagy Bede, 1914. febr. 14. † Kv. ?: festőművész. – Kv.-on végzett a Ion Andreescu Képzőműv. Főisk.-n (1953). A kv.-i Állami Magyar Opera majd a Magyar Színház díszlettervezője (1948–60). Először Kv.-on szerepelt kiállításon (1938), azután rendszeresen kiállított megyei és országos tárlatokon, Bp.-en (1941). Több egyéni kiállítása volt Kv.-on. Szamosparti táj c. munkája a buk.-i [&hellip;]</p>
