{"id":22615,"date":"2025-08-01T16:52:45","date_gmt":"2025-08-01T14:52:45","guid":{"rendered":"https:\/\/uj.adatbank.ro\/lexikon\/termek\/tako-albert\/"},"modified":"2025-08-01T16:52:45","modified_gmt":"2025-08-01T14:52:45","slug":"tako-albert","status":"publish","type":"product","link":"https:\/\/uj.adatbank.ro\/lexikon\/termek\/tako-albert\/","title":{"rendered":"TAK\u00d3 Albert"},"content":{"rendered":"<p>Bar\u00f3t, 1883. aug. 23., \u2020 1943. j\u00fal. 19.: r. k. pap. \u2013 Tanulm\u00e1nyait Cs\u00edksomly\u00f3n, Gyulafeh\u00e9rv\u00e1ron v\u00e9gezte. Papp\u00e1 szentelt\u00e9k (1906. j\u00fan.26.). K\u00e1pl\u00e1n Zetelak\u00e1n, lelkip\u00e1sztor Et\u00e9den, innen helyezt\u00e9k Nagyerny\u00e9be, Szab\u00f3 Gy\u00f6rgy pl\u00e9b\u00e1nos ut\u00f3dja (1911\u201319). Az I. vh. \u00e9vei alatt helyettes\u00edtette \u0150seh Istv\u00e1n tan\u00edt\u00f3t az iskol\u00e1ban. Sz\u00e9kelyszenttam\u00e1son lelkip\u00e1sztor (1919\u201343). <br \/><strong>\u2013 Irod.:<\/strong> Ferenczi S\u00e1ndor 2009; Maros-k\u00fck\u00fcll\u0151i f\u0151esp.<\/br><\/p>\n","protected":false},"excerpt":{"rendered":"<p>Bar\u00f3t, 1883. aug. 23., \u2020 1943. j\u00fal. 19.: r. k. pap. \u2013 Tanulm\u00e1nyait Cs\u00edksomly\u00f3n, Gyulafeh\u00e9rv\u00e1ron v\u00e9gezte. Papp\u00e1 szentelt\u00e9k (1906. j\u00fan.26.). K\u00e1pl\u00e1n Zetelak\u00e1n, lelkip\u00e1sztor Et\u00e9den, innen helyezt\u00e9k Nagyerny\u00e9be, Szab\u00f3 Gy\u00f6rgy pl\u00e9b\u00e1nos ut\u00f3dja (1911\u201319). Az I. vh. \u00e9vei alatt helyettes\u00edtette \u0150seh Istv\u00e1n tan\u00edt\u00f3t az iskol\u00e1ban. Sz\u00e9kelyszenttam\u00e1son lelkip\u00e1sztor (1919\u201343). \u2013 Irod.: Ferenczi S\u00e1ndor 2009; Maros-k\u00fck\u00fcll\u0151i f\u0151esp.<\/p>\n","protected":false},"featured_media":0,"comment_status":"open","ping_status":"closed","template":"","meta":[],"product_brand":[],"product_cat":[137],"product_tag":[],"class_list":{"0":"post-22615","1":"product","2":"type-product","3":"status-publish","5":"product_cat-maros-megyei-eletrajzi-lexikon","7":"first","8":"instock","9":"shipping-taxable","10":"product-type-simple"},"_links":{"self":[{"href":"https:\/\/uj.adatbank.ro\/lexikon\/wp-json\/wp\/v2\/product\/22615","targetHints":{"allow":["GET"]}}],"collection":[{"href":"https:\/\/uj.adatbank.ro\/lexikon\/wp-json\/wp\/v2\/product"}],"about":[{"href":"https:\/\/uj.adatbank.ro\/lexikon\/wp-json\/wp\/v2\/types\/product"}],"replies":[{"embeddable":true,"href":"https:\/\/uj.adatbank.ro\/lexikon\/wp-json\/wp\/v2\/comments?post=22615"}],"wp:attachment":[{"href":"https:\/\/uj.adatbank.ro\/lexikon\/wp-json\/wp\/v2\/media?parent=22615"}],"wp:term":[{"taxonomy":"product_brand","embeddable":true,"href":"https:\/\/uj.adatbank.ro\/lexikon\/wp-json\/wp\/v2\/product_brand?post=22615"},{"taxonomy":"product_cat","embeddable":true,"href":"https:\/\/uj.adatbank.ro\/lexikon\/wp-json\/wp\/v2\/product_cat?post=22615"},{"taxonomy":"product_tag","embeddable":true,"href":"https:\/\/uj.adatbank.ro\/lexikon\/wp-json\/wp\/v2\/product_tag?post=22615"}],"curies":[{"name":"wp","href":"https:\/\/api.w.org\/{rel}","templated":true}]}}

TAKÓ Albert

<p>Barót, 1883. aug. 23., † 1943. júl. 19.: r. k. pap. – Tanulmányait Csíksomlyón, Gyulafehérváron végezte. Pappá szentelték (1906. jún.26.). Káplán Zetelakán, lelkipásztor Etéden, innen helyezték Nagyernyébe, Szabó György plébános utódja (1911–19). Az I. vh. évei alatt helyettesítette Őseh István tanítót az iskolában. Székelyszenttamáson lelkipásztor (1919–43). <br /><strong>– Irod.:</strong> Ferenczi Sándor 2009; Maros-küküllői főesp.</br></p>

<p>Barót, 1883. aug. 23., † 1943. júl. 19.: r. k. pap. – Tanulmányait Csíksomlyón, Gyulafehérváron végezte. Pappá szentelték (1906. jún.26.). Káplán Zetelakán, lelkipásztor Etéden, innen helyezték Nagyernyébe, Szabó György plébános utódja (1911–19). Az I. vh. évei alatt helyettesítette Őseh István tanítót az iskolában. Székelyszenttamáson lelkipásztor (1919–43). – Irod.: Ferenczi Sándor 2009; Maros-küküllői főesp.</p>
