{"id":22618,"date":"2025-08-01T16:52:52","date_gmt":"2025-08-01T14:52:52","guid":{"rendered":"https:\/\/uj.adatbank.ro\/lexikon\/termek\/tallian-miklos\/"},"modified":"2025-08-01T16:52:52","modified_gmt":"2025-08-01T14:52:52","slug":"tallian-miklos","status":"publish","type":"product","link":"https:\/\/uj.adatbank.ro\/lexikon\/termek\/tallian-miklos\/","title":{"rendered":"TALLI\u00c1N Mikl\u00f3s"},"content":{"rendered":"<p>? 1666. m\u00e1rc. 6., \u2020 Nagyszombat, 1738. dec. 23.: jezsuita hitsz\u00f3nok, tan\u00e1r, szerzetes. \u2013 A jezsuita rendbe l\u00e9pett (1688), a hum\u00e1n \u00f3r\u00e1kat \u00e9s a retorik\u00e1t tan\u00edtotta. T\u00f6bb rendh\u00e1z f\u0151n\u00f6ke volt. Mv.-en a r. kat. tanoda \u00e9s neveldeh\u00e1z igazgat\u00f3jak\u00e9nt m\u0171k\u00f6d\u00f6tt (1713) K\u00f6rm\u00f6ndi p\u00e1tert v\u00e1ltotta fel itteni hivatal\u00e1ban, teh\u00e1t \u0151 volt a v\u00e1s\u00e1rhelyi neveldeh\u00e1z m\u00e1sodik igazgat\u00f3ja. Sz\u00f3noki, kiv\u00e1l\u00f3s\u00e1g\u00e1r\u00f3l gr. Kornis Zsigmond, akkori gubern\u00e1tor egyik level\u00e9ben nagy elismer\u00e9ssel eml\u00e9kezik meg. T\u00f6bb k\u00f6tetre val\u00f3 kivonatokat \u00edrt szent \u00c1goston munk\u00e1ib\u00f3l. <br \/><strong>\u2013 Irod.:<\/strong> Id\u0151t\u00e1r 1; Kr\u00f3n. F\u00fcz. (1940. 4\/10); Mv.-i R.K. okt.<\/br><\/p>\n","protected":false},"excerpt":{"rendered":"<p>? 1666. m\u00e1rc. 6., \u2020 Nagyszombat, 1738. dec. 23.: jezsuita hitsz\u00f3nok, tan\u00e1r, szerzetes. \u2013 A jezsuita rendbe l\u00e9pett (1688), a hum\u00e1n \u00f3r\u00e1kat \u00e9s a retorik\u00e1t tan\u00edtotta. T\u00f6bb rendh\u00e1z f\u0151n\u00f6ke volt. Mv.-en a r. kat. tanoda \u00e9s neveldeh\u00e1z igazgat\u00f3jak\u00e9nt m\u0171k\u00f6d\u00f6tt (1713) K\u00f6rm\u00f6ndi p\u00e1tert v\u00e1ltotta fel itteni hivatal\u00e1ban, teh\u00e1t \u0151 volt a v\u00e1s\u00e1rhelyi neveldeh\u00e1z m\u00e1sodik igazgat\u00f3ja. Sz\u00f3noki, [&hellip;]<\/p>\n","protected":false},"featured_media":0,"comment_status":"open","ping_status":"closed","template":"","meta":[],"product_brand":[],"product_cat":[137],"product_tag":[],"class_list":{"0":"post-22618","1":"product","2":"type-product","3":"status-publish","5":"product_cat-maros-megyei-eletrajzi-lexikon","7":"first","8":"instock","9":"shipping-taxable","10":"product-type-simple"},"_links":{"self":[{"href":"https:\/\/uj.adatbank.ro\/lexikon\/wp-json\/wp\/v2\/product\/22618","targetHints":{"allow":["GET"]}}],"collection":[{"href":"https:\/\/uj.adatbank.ro\/lexikon\/wp-json\/wp\/v2\/product"}],"about":[{"href":"https:\/\/uj.adatbank.ro\/lexikon\/wp-json\/wp\/v2\/types\/product"}],"replies":[{"embeddable":true,"href":"https:\/\/uj.adatbank.ro\/lexikon\/wp-json\/wp\/v2\/comments?post=22618"}],"wp:attachment":[{"href":"https:\/\/uj.adatbank.ro\/lexikon\/wp-json\/wp\/v2\/media?parent=22618"}],"wp:term":[{"taxonomy":"product_brand","embeddable":true,"href":"https:\/\/uj.adatbank.ro\/lexikon\/wp-json\/wp\/v2\/product_brand?post=22618"},{"taxonomy":"product_cat","embeddable":true,"href":"https:\/\/uj.adatbank.ro\/lexikon\/wp-json\/wp\/v2\/product_cat?post=22618"},{"taxonomy":"product_tag","embeddable":true,"href":"https:\/\/uj.adatbank.ro\/lexikon\/wp-json\/wp\/v2\/product_tag?post=22618"}],"curies":[{"name":"wp","href":"https:\/\/api.w.org\/{rel}","templated":true}]}}

TALLIÁN Miklós

<p>? 1666. márc. 6., † Nagyszombat, 1738. dec. 23.: jezsuita hitszónok, tanár, szerzetes. – A jezsuita rendbe lépett (1688), a humán órákat és a retorikát tanította. Több rendház főnöke volt. Mv.-en a r. kat. tanoda és neveldeház igazgatójaként működött (1713) Körmöndi pátert váltotta fel itteni hivatalában, tehát ő volt a vásárhelyi neveldeház második igazgatója. Szónoki, kiválóságáról gr. Kornis Zsigmond, akkori gubernátor egyik levelében nagy elismeréssel emlékezik meg. Több kötetre való kivonatokat írt szent Ágoston munkáiból. <br /><strong>– Irod.:</strong> Időtár 1; Krón. Füz. (1940. 4/10); Mv.-i R.K. okt.</br></p>

<p>? 1666. márc. 6., † Nagyszombat, 1738. dec. 23.: jezsuita hitszónok, tanár, szerzetes. – A jezsuita rendbe lépett (1688), a humán órákat és a retorikát tanította. Több rendház főnöke volt. Mv.-en a r. kat. tanoda és neveldeház igazgatójaként működött (1713) Körmöndi pátert váltotta fel itteni hivatalában, tehát ő volt a vásárhelyi neveldeház második igazgatója. Szónoki, [&hellip;]</p>
