{"id":22620,"date":"2025-08-01T16:52:58","date_gmt":"2025-08-01T14:52:58","guid":{"rendered":"https:\/\/uj.adatbank.ro\/lexikon\/termek\/talos-matyas\/"},"modified":"2025-08-01T16:52:58","modified_gmt":"2025-08-01T14:52:58","slug":"talos-matyas","status":"publish","type":"product","link":"https:\/\/uj.adatbank.ro\/lexikon\/termek\/talos-matyas\/","title":{"rendered":"TALOS M\u00e1ty\u00e1s"},"content":{"rendered":"<p>? \u2020 ?: orvos. \u2013 A mv.-i gett\u00f3ban kellett volna a beteg zsid\u00f3kat kezelnie, de \u0151 ezt csak n\u00e9ha tette meg. Nem sokat t\u00f6r\u0151d\u00f6tt az elesettekkel (1944. m\u00e1j.\u2013j\u00fan.) <br \/><strong>\u2013 Irod.:<\/strong> B\u0103la\u015f\u2013Kocsis.<\/br><\/p>\n","protected":false},"excerpt":{"rendered":"<p>? \u2020 ?: orvos. \u2013 A mv.-i gett\u00f3ban kellett volna a beteg zsid\u00f3kat kezelnie, de \u0151 ezt csak n\u00e9ha tette meg. Nem sokat t\u00f6r\u0151d\u00f6tt az elesettekkel (1944. m\u00e1j.\u2013j\u00fan.) \u2013 Irod.: B\u0103la\u015f\u2013Kocsis.<\/p>\n","protected":false},"featured_media":0,"comment_status":"open","ping_status":"closed","template":"","meta":[],"product_brand":[],"product_cat":[137],"product_tag":[],"class_list":{"0":"post-22620","1":"product","2":"type-product","3":"status-publish","5":"product_cat-maros-megyei-eletrajzi-lexikon","7":"first","8":"instock","9":"shipping-taxable","10":"product-type-simple"},"_links":{"self":[{"href":"https:\/\/uj.adatbank.ro\/lexikon\/wp-json\/wp\/v2\/product\/22620","targetHints":{"allow":["GET"]}}],"collection":[{"href":"https:\/\/uj.adatbank.ro\/lexikon\/wp-json\/wp\/v2\/product"}],"about":[{"href":"https:\/\/uj.adatbank.ro\/lexikon\/wp-json\/wp\/v2\/types\/product"}],"replies":[{"embeddable":true,"href":"https:\/\/uj.adatbank.ro\/lexikon\/wp-json\/wp\/v2\/comments?post=22620"}],"wp:attachment":[{"href":"https:\/\/uj.adatbank.ro\/lexikon\/wp-json\/wp\/v2\/media?parent=22620"}],"wp:term":[{"taxonomy":"product_brand","embeddable":true,"href":"https:\/\/uj.adatbank.ro\/lexikon\/wp-json\/wp\/v2\/product_brand?post=22620"},{"taxonomy":"product_cat","embeddable":true,"href":"https:\/\/uj.adatbank.ro\/lexikon\/wp-json\/wp\/v2\/product_cat?post=22620"},{"taxonomy":"product_tag","embeddable":true,"href":"https:\/\/uj.adatbank.ro\/lexikon\/wp-json\/wp\/v2\/product_tag?post=22620"}],"curies":[{"name":"wp","href":"https:\/\/api.w.org\/{rel}","templated":true}]}}