{"id":22622,"date":"2025-08-01T16:53:03","date_gmt":"2025-08-01T14:53:03","guid":{"rendered":"https:\/\/uj.adatbank.ro\/lexikon\/termek\/talyai-gyorgy\/"},"modified":"2025-08-01T16:53:03","modified_gmt":"2025-08-01T14:53:03","slug":"talyai-gyorgy","status":"publish","type":"product","link":"https:\/\/uj.adatbank.ro\/lexikon\/termek\/talyai-gyorgy\/","title":{"rendered":"T\u00c1LYAI Gy\u00f6rgy"},"content":{"rendered":"<p>? \u2020 ?: tan\u00edt\u00f3. \u2013 T. Gy\u00f6rgy \u00e9s dombai Sz\u00e9kely Kl\u00e1ra fia. Marosv\u00e9csen \u00e1lt. isk. tan\u00edt\u00f3. A Maros-Torda megyei \u00c1ltal\u00e1nos Tan\u00edt\u00f3test\u00fclet marosv\u00e9csi tagja, a g\u00f6rg\u00e9nyi k\u00f6r eln\u00f6ke (1903). A Mv.-i Iparos Polg\u00e1ri Egylet vezet\u0151s\u00e9gi tagja. Sok \u00e9rtekez\u00e9st \u00edrt. \u2013  <strong>F. m..:<\/strong>  <strong>t\u00e1rssz.:<\/strong> Maros-Torda v\u00e1rmegye f\u00f6ldrajza (Mv., 1911); <strong>antol\u00f3g.:<\/strong> Eml\u00e9kk\u00f6nyv a Maros-Tordamegyei \u00c1ltal\u00e1nos Tan\u00edt\u00f3test\u00fclet 25 \u00e9ves jubileuma alkalm\u00e1b\u00f3l (Mv., 1903). <br \/><strong>\u2013 Irod.:<\/strong> Bi\u00e1s Istv\u00e1n; Eml\u00e9kk\u00f6nyv.<\/br><\/p>\n","protected":false},"excerpt":{"rendered":"<p>? \u2020 ?: tan\u00edt\u00f3. \u2013 T. Gy\u00f6rgy \u00e9s dombai Sz\u00e9kely Kl\u00e1ra fia. Marosv\u00e9csen \u00e1lt. isk. tan\u00edt\u00f3. A Maros-Torda megyei \u00c1ltal\u00e1nos Tan\u00edt\u00f3test\u00fclet marosv\u00e9csi tagja, a g\u00f6rg\u00e9nyi k\u00f6r eln\u00f6ke (1903). A Mv.-i Iparos Polg\u00e1ri Egylet vezet\u0151s\u00e9gi tagja. Sok \u00e9rtekez\u00e9st \u00edrt. \u2013 F. m..: t\u00e1rssz.: Maros-Torda v\u00e1rmegye f\u00f6ldrajza (Mv., 1911); antol\u00f3g.: Eml\u00e9kk\u00f6nyv a Maros-Tordamegyei \u00c1ltal\u00e1nos Tan\u00edt\u00f3test\u00fclet 25 \u00e9ves [&hellip;]<\/p>\n","protected":false},"featured_media":0,"comment_status":"open","ping_status":"closed","template":"","meta":[],"product_brand":[],"product_cat":[137],"product_tag":[],"class_list":{"0":"post-22622","1":"product","2":"type-product","3":"status-publish","5":"product_cat-maros-megyei-eletrajzi-lexikon","7":"first","8":"instock","9":"shipping-taxable","10":"product-type-simple"},"_links":{"self":[{"href":"https:\/\/uj.adatbank.ro\/lexikon\/wp-json\/wp\/v2\/product\/22622","targetHints":{"allow":["GET"]}}],"collection":[{"href":"https:\/\/uj.adatbank.ro\/lexikon\/wp-json\/wp\/v2\/product"}],"about":[{"href":"https:\/\/uj.adatbank.ro\/lexikon\/wp-json\/wp\/v2\/types\/product"}],"replies":[{"embeddable":true,"href":"https:\/\/uj.adatbank.ro\/lexikon\/wp-json\/wp\/v2\/comments?post=22622"}],"wp:attachment":[{"href":"https:\/\/uj.adatbank.ro\/lexikon\/wp-json\/wp\/v2\/media?parent=22622"}],"wp:term":[{"taxonomy":"product_brand","embeddable":true,"href":"https:\/\/uj.adatbank.ro\/lexikon\/wp-json\/wp\/v2\/product_brand?post=22622"},{"taxonomy":"product_cat","embeddable":true,"href":"https:\/\/uj.adatbank.ro\/lexikon\/wp-json\/wp\/v2\/product_cat?post=22622"},{"taxonomy":"product_tag","embeddable":true,"href":"https:\/\/uj.adatbank.ro\/lexikon\/wp-json\/wp\/v2\/product_tag?post=22622"}],"curies":[{"name":"wp","href":"https:\/\/api.w.org\/{rel}","templated":true}]}}

TÁLYAI György

<p>? † ?: tanító. – T. György és dombai Székely Klára fia. Marosvécsen ált. isk. tanító. A Maros-Torda megyei Általános Tanítótestület marosvécsi tagja, a görgényi kör elnöke (1903). A Mv.-i Iparos Polgári Egylet vezetőségi tagja. Sok értekezést írt. –  <strong>F. m..:</strong>  <strong>társsz.:</strong> Maros-Torda vármegye földrajza (Mv., 1911); <strong>antológ.:</strong> Emlékkönyv a Maros-Tordamegyei Általános Tanítótestület 25 éves jubileuma alkalmából (Mv., 1903). <br /><strong>– Irod.:</strong> Biás István; Emlékkönyv.</br></p>

<p>? † ?: tanító. – T. György és dombai Székely Klára fia. Marosvécsen ált. isk. tanító. A Maros-Torda megyei Általános Tanítótestület marosvécsi tagja, a görgényi kör elnöke (1903). A Mv.-i Iparos Polgári Egylet vezetőségi tagja. Sok értekezést írt. – F. m..: társsz.: Maros-Torda vármegye földrajza (Mv., 1911); antológ.: Emlékkönyv a Maros-Tordamegyei Általános Tanítótestület 25 éves [&hellip;]</p>
