{"id":22629,"date":"2025-08-01T16:53:20","date_gmt":"2025-08-01T14:53:20","guid":{"rendered":"https:\/\/uj.adatbank.ro\/lexikon\/termek\/tamas-andras\/"},"modified":"2025-08-01T16:53:20","modified_gmt":"2025-08-01T14:53:20","slug":"tamas-andras","status":"publish","type":"product","link":"https:\/\/uj.adatbank.ro\/lexikon\/termek\/tamas-andras\/","title":{"rendered":"TAM\u00c1S Andr\u00e1s"},"content":{"rendered":"<p>Marosszentanna, 1916. okt. 31. \u2020 ?: tartal\u00e9kos husz\u00e1rz\u00e1szl\u00f3s, tan\u00edt\u00f3. \u2013 Diplom\u00e1j\u00e1t a mv.-i Tan\u00edt\u00f3k\u00e9pz\u0151ben szerezte. T\u00e9nyleges kat. szolg\u00e1latot a rom\u00e1n hadsereg aradi 1. lovasezred\u00e9ben teljes\u00edtett (1937. nov. 1. \u2013 1938. dec. 20.). Kv.-on tartal\u00e9kos tiszti \u00e1tk\u00e9pz\u0151 tanfolyamon vett r\u00e9szt, majd tartal\u00e9kos z\u00e1szl\u00f3ss\u00e1 l\u00e9ptett\u00e9k el\u0151 (1943. jan. 1.\u2013). K\u00e1polnamonostoron levente k\u00f6rzetparancsnok volt (1943. szept. \u2013 1944. okt.). Ezt k\u00f6vet\u0151en frontszolg\u00e1latot teljes\u00edtett a 25. felder\u00edt\u0151 oszt\u00e1ly husz\u00e1rsz\u00e1zad\u00e1nak szakaszparancsnokak\u00e9nt. Kom\u00e1romt\u00f3l \u00e9szakra s\u00falyosan megsebes\u00fclt (1945. jan. 12.). B\u00e9csben a hadik\u00f3rh\u00e1zzal szovjet fogs\u00e1gba ker\u00fclt (1945. \u00e1pr.9.), aug.-ban a br\u00fcnni hadifogoly \u2013 gy\u0171jt\u0151t\u00e1borba vitt\u00e9k \u00e1t, ahonnan mint rokkantat szabadon engedt\u00e9k (szept. elej\u00e9n). <br \/><strong>\u2013 Irod.:<\/strong> Bene\u2013Szab\u00f3.<\/br><\/p>\n","protected":false},"excerpt":{"rendered":"<p>Marosszentanna, 1916. okt. 31. \u2020 ?: tartal\u00e9kos husz\u00e1rz\u00e1szl\u00f3s, tan\u00edt\u00f3. \u2013 Diplom\u00e1j\u00e1t a mv.-i Tan\u00edt\u00f3k\u00e9pz\u0151ben szerezte. T\u00e9nyleges kat. szolg\u00e1latot a rom\u00e1n hadsereg aradi 1. lovasezred\u00e9ben teljes\u00edtett (1937. nov. 1. \u2013 1938. dec. 20.). Kv.-on tartal\u00e9kos tiszti \u00e1tk\u00e9pz\u0151 tanfolyamon vett r\u00e9szt, majd tartal\u00e9kos z\u00e1szl\u00f3ss\u00e1 l\u00e9ptett\u00e9k el\u0151 (1943. jan. 1.\u2013). K\u00e1polnamonostoron levente k\u00f6rzetparancsnok volt (1943. szept. \u2013 1944. [&hellip;]<\/p>\n","protected":false},"featured_media":0,"comment_status":"open","ping_status":"closed","template":"","meta":[],"product_brand":[],"product_cat":[137],"product_tag":[],"class_list":{"0":"post-22629","1":"product","2":"type-product","3":"status-publish","5":"product_cat-maros-megyei-eletrajzi-lexikon","7":"first","8":"instock","9":"shipping-taxable","10":"product-type-simple"},"_links":{"self":[{"href":"https:\/\/uj.adatbank.ro\/lexikon\/wp-json\/wp\/v2\/product\/22629","targetHints":{"allow":["GET"]}}],"collection":[{"href":"https:\/\/uj.adatbank.ro\/lexikon\/wp-json\/wp\/v2\/product"}],"about":[{"href":"https:\/\/uj.adatbank.ro\/lexikon\/wp-json\/wp\/v2\/types\/product"}],"replies":[{"embeddable":true,"href":"https:\/\/uj.adatbank.ro\/lexikon\/wp-json\/wp\/v2\/comments?post=22629"}],"wp:attachment":[{"href":"https:\/\/uj.adatbank.ro\/lexikon\/wp-json\/wp\/v2\/media?parent=22629"}],"wp:term":[{"taxonomy":"product_brand","embeddable":true,"href":"https:\/\/uj.adatbank.ro\/lexikon\/wp-json\/wp\/v2\/product_brand?post=22629"},{"taxonomy":"product_cat","embeddable":true,"href":"https:\/\/uj.adatbank.ro\/lexikon\/wp-json\/wp\/v2\/product_cat?post=22629"},{"taxonomy":"product_tag","embeddable":true,"href":"https:\/\/uj.adatbank.ro\/lexikon\/wp-json\/wp\/v2\/product_tag?post=22629"}],"curies":[{"name":"wp","href":"https:\/\/api.w.org\/{rel}","templated":true}]}}

TAMÁS András

<p>Marosszentanna, 1916. okt. 31. † ?: tartalékos huszárzászlós, tanító. – Diplomáját a mv.-i Tanítóképzőben szerezte. Tényleges kat. szolgálatot a román hadsereg aradi 1. lovasezredében teljesített (1937. nov. 1. – 1938. dec. 20.). Kv.-on tartalékos tiszti átképző tanfolyamon vett részt, majd tartalékos zászlóssá léptették elő (1943. jan. 1.–). Kápolnamonostoron levente körzetparancsnok volt (1943. szept. – 1944. okt.). Ezt követően frontszolgálatot teljesített a 25. felderítő osztály huszárszázadának szakaszparancsnokaként. Komáromtól északra súlyosan megsebesült (1945. jan. 12.). Bécsben a hadikórházzal szovjet fogságba került (1945. ápr.9.), aug.-ban a brünni hadifogoly – gyűjtőtáborba vitték át, ahonnan mint rokkantat szabadon engedték (szept. elején). <br /><strong>– Irod.:</strong> Bene–Szabó.</br></p>

<p>Marosszentanna, 1916. okt. 31. † ?: tartalékos huszárzászlós, tanító. – Diplomáját a mv.-i Tanítóképzőben szerezte. Tényleges kat. szolgálatot a román hadsereg aradi 1. lovasezredében teljesített (1937. nov. 1. – 1938. dec. 20.). Kv.-on tartalékos tiszti átképző tanfolyamon vett részt, majd tartalékos zászlóssá léptették elő (1943. jan. 1.–). Kápolnamonostoron levente körzetparancsnok volt (1943. szept. – 1944. [&hellip;]</p>
